{"id":4765,"date":"2020-03-24T16:29:54","date_gmt":"2020-03-24T15:29:54","guid":{"rendered":"http:\/\/agora.xtec.cat\/escolaespronceda\/?page_id=4765"},"modified":"2020-04-01T00:30:46","modified_gmt":"2020-03-31T22:30:46","slug":"primer","status":"publish","type":"page","link":"https:\/\/agora.xtec.cat\/escolaespronceda\/primer\/","title":{"rendered":"Recursos Primer"},"content":{"rendered":"<header class=\"entry-header\"><\/header>\n<div class=\"entry-content\">\n<div style=\"width: 100%;\">\n<div style=\"position: relative; padding-bottom: 56.25%; padding-top: 0; height: 0;\">\n<div style=\"width: 100%;\">\n<div style=\"position: relative; padding-bottom: 56.25%; padding-top: 0; height: 0;\"><iframe loading=\"lazy\" src=\"https:\/\/view.genial.ly\/5e7cf4a9e95cfc0e011fc978\" width=\"1200px\" height=\"675px\" frameborder=\"0\"><\/iframe><\/div>\n<\/div>\n<\/div>\n<\/div>\n<h1><\/h1>\n<h1><\/h1>\n<h1><\/h1>\n<h1><span style=\"text-decoration: underline;\">Activitats 1r Prim\u00e0ria<\/span><\/h1>\n<p><span style=\"text-decoration: underline;\"><strong><a id=\"LECTURA\"><\/a>LECTURA<\/strong><\/span><\/p>\n<p>Podeu practicar amb aquesta aplicaci\u00f3 <strong>JOCS DE LECTURA<\/strong>.<\/p>\n<p><a href=\"https:\/\/play.google.com\/store\/apps\/details?id=jgs.jocsdelectura&amp;gl=ES\"><img loading=\"lazy\" decoding=\"async\" class=\"alignnone\" src=\"https:\/\/agora.xtec.cat\/ceipsallaresipla\/wp-content\/uploads\/usu69\/2020\/03\/Jocs-de-lectura-app.png\" alt=\"\" width=\"710\" height=\"584\" \/><\/a><\/p>\n<p><span style=\"text-decoration: underline;\"><strong><a id=\"ESCRITA\"><\/a>EXPRESSI\u00d3 ESCRITA<\/strong><\/span><\/p>\n<ul>\n<li>Podeu fer llistes de paraules. Per exemple:\n<ul>\n<li style=\"list-style-type: none;\">\n<ul>\n<li style=\"list-style-type: none;\">\n<ul>\n<li style=\"list-style-type: none;\">\n<ul>\n<li style=\"list-style-type: none;\">\n<ul>\n<li>paraules que comencin amb la P: PATATA, POMA, PIRULETA&#8230;<\/li>\n<li>paraules blanques: N\u00daVOL, LLET, SAL, NEU&#8230;<\/li>\n<\/ul>\n<\/li>\n<\/ul>\n<\/li>\n<\/ul>\n<\/li>\n<\/ul>\n<\/li>\n<\/ul>\n<\/li>\n<\/ul>\n<ul>\n<li>Podeu tamb\u00e9 fer la llista de la compra.<\/li>\n<li>Us proposem que agafeu un full o llibreta i escriviu dues o tres frases sobre qu\u00e8 feu durant el dia. Us poso algun exemple:<\/li>\n<\/ul>\n<p>* Avui he cantat la can\u00e7\u00f3 de\u2026\u2026\u2026\u2026. amb els meus germans i els meus pares.<\/p>\n<p>* Avui he menjat\u2026<\/p>\n<p>* Avui he jugat\u2026..<\/p>\n<p>*\u2026\u2026.<\/p>\n<p>Cada dia afegiu al full o llibreta dues o tres frases m\u00e9s. Recordeu de fer bona lletra.<\/p>\n<p><span style=\"text-decoration: underline;\"><strong><a id=\"MATE\"><\/a>MATEM\u00c0TIQUES<\/strong><\/span><\/p>\n<p><iframe loading=\"lazy\" src=\"https:\/\/agora.xtec.cat\/escolaespronceda\/wp-content\/uploads\/usu1464\/2020\/04\/Comunicaci\u00f3-fam\u00edlies-1.pdf\" width=\"800\" height=\"700\"><span data-mce-type=\"bookmark\" style=\"display: inline-block; width: 0px; overflow: hidden; line-height: 0;\" class=\"mce_SELRES_start\">\ufeff<\/span><span data-mce-type=\"bookmark\" style=\"display: inline-block; width: 0px; overflow: hidden; line-height: 0;\" class=\"mce_SELRES_start\">\ufeff<\/span><\/iframe><\/p>\n<p>Us podeu descarregar l\u2019<strong>app BMATH<\/strong>, hi ha activitats que poden fer els vostres fills i filles sols. Comencen amb activitats f\u00e0cils i poc a poc van augmentant la dificultat.<\/p>\n<p><a href=\"https:\/\/play.google.com\/store\/apps\/details?id=com.innovamat.bmath&amp;gl=ES\"><img loading=\"lazy\" decoding=\"async\" class=\"\" src=\"https:\/\/agora.xtec.cat\/ceipsallaresipla\/wp-content\/uploads\/usu69\/2020\/03\/bmath-app-300x251.png\" width=\"353\" height=\"295\" \/><\/a><\/p>\n<p><span style=\"text-decoration: underline;\"><b><a id=\"ANG\"><\/a>ANGL\u00c8S<\/b><\/span><\/p>\n<p><iframe loading=\"lazy\" src=\"https:\/\/agora.xtec.cat\/escolaespronceda\/wp-content\/uploads\/usu1464\/2020\/03\/English-3-CI.pdf\" width=\"800\" height=\"700\"><span data-mce-type=\"bookmark\" style=\"display: inline-block; width: 0px; overflow: hidden; line-height: 0;\" class=\"mce_SELRES_start\">\ufeff<\/span><span data-mce-type=\"bookmark\" style=\"display: inline-block; width: 0px; overflow: hidden; line-height: 0;\" class=\"mce_SELRES_start\">\ufeff<\/span><span data-mce-type=\"bookmark\" style=\"display: inline-block; width: 0px; overflow: hidden; line-height: 0;\" class=\"mce_SELRES_start\">\ufeff<\/span><span data-mce-type=\"bookmark\" style=\"display: inline-block; width: 0px; overflow: hidden; line-height: 0;\" class=\"mce_SELRES_start\">\ufeff<\/span><\/iframe><\/p>\n<p>Actividades online Oxford University Press (acceso gratuito):\u00a0\u00a0<a href=\"https:\/\/elt.oup.com\/student\/oupeprimary\/?cc=global&amp;selLanguage=en\">https:\/\/elt.oup.com\/student\/oupeprimary\/?cc=global&amp;selLanguage=en<\/a><\/p>\n<p><span style=\"text-decoration: underline;\"><strong><a id=\"SICA\"><\/a>M\u00daSICA<\/strong><\/span><\/p>\n<p><span style=\"text-decoration: underline;\">CAN\u00c7ONS<\/span><\/p>\n<ul>\n<li>\u00a0 \u00a0 \u00a0 \u00a0\u00a0Hola com est\u00e0s:\u00a0<a href=\"https:\/\/www.youtube.com\/watch?v=HTiuEKip51s\">https:\/\/www.youtube.com\/watch?v=HTiuEKip51s<\/a><\/li>\n<li>\u00a0 \u00a0 \u00a0 \u00a0\u00a0La petita Granoteta:<a href=\"https:\/\/www.youtube.com\/watch?v=S_VKhGMbD3A\">\u00a0https:\/\/www.youtube.com\/watch?v=S_VKhGMbD3A<\/a><\/li>\n<li>\u00a0 \u00a0 \u00a0 \u00a0\u00a0M\u2019agrada la tardor:<a href=\"https:\/\/www.youtube.com\/watch?v=p4JfqcRXidI\">\u00a0https:\/\/www.youtube.com\/watch?v=p4JfqcRXidI<\/a><\/li>\n<li>\u00a0 \u00a0 \u00a0 \u00a0\u00a0Plim Plim Plim:\u00a0<a href=\"https:\/\/www.youtube.com\/watch?v=dGsJORqiXGw\">https:\/\/www.youtube.com\/watch?v=dGsJORqiXGw<\/a><\/li>\n<li>\u00a0 \u00a0 \u00a0 \u00a0\u00a0Silenci:<a href=\"https:\/\/www.youtube.com\/watch?v=3W7TXNHTSw8\">\u00a0https:\/\/www.youtube.com\/watch?v=3W7TXNHTSw8<\/a><\/li>\n<li>\u00a0 \u00a0 \u00a0 \u00a0\u00a0Soc un bolet:<a href=\"https:\/\/www.youtube.com\/watch?v=W4aYhuTvZZM\">\u00a0https:\/\/www.youtube.com\/watch?v=W4aYhuTvZZM<\/a><\/li>\n<li>\u00a0 \u00a0 \u00a0 \u00a0\u00a0El cervat\u00f3:\u00a0<a href=\"https:\/\/www.youtube.com\/watch?v=oh-GyAUCIu4\">https:\/\/www.youtube.com\/watch?v=oh-GyAUCIu4<\/a><\/li>\n<li>\u00a0 \u00a0 \u00a0 \u00a0\u00a0Maracuy\u00e1:\u00a0<a href=\"https:\/\/www.youtube.com\/watch?v=b-MsJ302vcI\">https:\/\/www.youtube.com\/watch?v=b-MsJ302vcI<\/a><\/li>\n<li>\u00a0 \u00a0 \u00a0 \u00a0\u00a0La escala musical:\u00a0<a href=\"https:\/\/www.youtube.com\/watch?v=387etfmuX5k\">https:\/\/www.youtube.com\/watch?v=387etfmuX5k<\/a><\/li>\n<li>\u00a0 \u00a0 \u00a0 \u00a0\u00a0Twist del nas gelat:\u00a0<a href=\"https:\/\/www.youtube.com\/watch?v=3unhrxQFLlA\">https:\/\/www.youtube.com\/watch?v=3unhrxQFLlA<\/a><\/li>\n<\/ul>\n<p><span style=\"text-decoration: underline;\">DANSES:\u00a0<\/span><\/p>\n<ul>\n<li>\u00a0 \u00a0 \u00a0 \u00a0\u00a0Cap panxa genolls i peus:<a href=\"https:\/\/www.youtube.com\/watch?v=byuDZIj5G3k&amp;t=2s\">\u00a0https:\/\/www.youtube.com\/watch?v=byuDZIj5G3k&amp;t=2s<\/a><\/li>\n<li>\u00a0 \u00a0 \u00a0 \u00a0\u00a0Ball de spaguetti:<a href=\"http:\/\/musicaginesta.blogspot.com\/2012\/02\/el-ball-de-lespaguetti.html\">\u00a0http:\/\/musicaginesta.blogspot.com\/2012\/02\/el-ball-de-lespaguetti.html<\/a><\/li>\n<li>\u00a0 \u00a0 \u00a0 \u00a0\u00a0Pugem al tren:<a href=\"https:\/\/www.youtube.com\/watch?v=0OqirOKX1js\">\u00a0https:\/\/www.youtube.com\/watch?v=0OqirOKX1js<\/a><\/li>\n<li>\u00a0 \u00a0 \u00a0 \u00a0\u00a0Fluix i fort:<a href=\"https:\/\/www.youtube.com\/watch?v=Mfh6dMySREE\">\u00a0https:\/\/www.youtube.com\/watch?v=Mfh6dMySREE<\/a><\/li>\n<\/ul>\n<p><span style=\"text-decoration: underline;\">PROGRAMA INTERACTIU ONLINE:\u00a0<\/span><b>Chrome Music Lab<\/b>:\u00a012 experiments relacionats amb el ritme, la melodia, els acords o l\u2019harmonia. No \u00e9s una app. \u00c9s una aplicaci\u00f3 que funciona directament des de Chrome, el navegador de Google.\u00a0T\u2019encantar\u00e0!<\/p>\n<p><a href=\"https:\/\/musiclab.chromeexperiments.com\/\">https:\/\/musiclab.chromeexperiments.com\/<\/a><\/p>\n<\/div>\n<p><span style=\"text-decoration: underline;\">VIDEOS AMB CAN\u00c7ONS<\/span><\/p>\n<p><b>MESOS DE L\u2019ANY:\u00a0\u00a0<\/b><a href=\"https:\/\/www.youtube.com\/watch?v=ukRuUKW9ek0&amp;list=PLQH8pVjwSoVgz59oSHcyDueB8zW3FRaY_&amp;index=2&amp;t=0s\"><b>https:\/\/www.youtube.com\/watch?v=ukRuUKW9ek0&amp;list=PLQH8pVjwSoVgz59oSHcyDueB8zW3FRaY_&amp;index=2&amp;t=0s<\/b><\/a><b>\u00a0<\/b><\/p>\n<p><b>ABECEDARI:\u00a0\u00a0<a href=\"https:\/\/www.youtube.com\/watch?v=T-AKoOvcKX8&amp;list=PLQH8pVjwSoVgz59oSHcyDueB8zW3FRaY_&amp;index=4&amp;t=0s\">https:\/\/www.youtube.com\/watch?v=T-AKoOvcKX8&amp;list=PLQH8pVjwSoVgz59oSHcyDueB8zW3FRaY_&amp;index=4&amp;t=0s<\/a><\/b><\/p>\n<p><b>CONTAR DEL 1 AL 100: \u00a0\u00a0<\/b><a href=\"https:\/\/www.youtube.com\/watch?v=unbPV7l2_vI&amp;list=PLQH8pVjwSoVgz59oSHcyDueB8zW3FRaY_&amp;index=3&amp;t=0s\"><b>https:\/\/www.youtube.com\/watch?v=unbPV7l2_vI&amp;list=PLQH8pVjwSoVgz59oSHcyDueB8zW3FRaY_&amp;index=3&amp;t=0s<\/b><\/a><\/p>\n<p><b>DE ELLOS APREND\u00cd:\u00a0\u00a0<\/b><a href=\"https:\/\/www.youtube.com\/watch?v=eFzPy5d7oFo\"><b>https:\/\/www.youtube.com\/watch?v=eFzPy5d7oFo<\/b><\/a><\/p>\n","protected":false},"excerpt":{"rendered":"<p>Activitats 1r Prim\u00e0ria<br \/>\n<a id=\"LECTURA\"><\/a>LECTURA<br \/>\nPodeu practicar amb aquesta aplicaci\u00f3 JOCS DE LECTURA.<br \/>\n<a href=\"https:\/\/play.google.com\/store\/apps\/details?id=jgs.jocsdelectura&amp;gl=ES\"><\/a><br \/>\n<a id=\"ESCRITA\"><\/a>EXPRESSI\u00d3 ESCRITA<\/p>\n<ul>\n<li>Podeu fer llistes de paraules. Per exemple:\n<ul>\n<li style=\"list-style-type: none;\">\n<ul>\n<li style=\"list-style-type: none;\">\n<ul>\n<li style=\"list-style-type: none;\">\n<ul>\n<li style=\"list-style-type: none;\">\n<ul>\n<li>paraules que comencin amb la P: PATATA, POMA, PIRULETA&#8230;<\/li>\n<li>paraules blanques: N\u00daVOL, LLET, SAL, NEU&#8230;<\/li>\n<\/ul>\n<\/li>\n<\/ul>\n<\/li>\n<\/ul>\n<\/li>\n<\/ul>\n<\/li>\n<\/ul>\n<\/li>\n<\/ul>\n<ul>\n<li>Podeu tamb\u00e9 fer la llista&hellip;  <a href=\"https:\/\/agora.xtec.cat\/escolaespronceda\/primer\/\" title=\"Read Recursos Primer\">Llegeix m\u00e9s\u00bb<\/a><br \/>\n","protected":false},"author":1,"featured_media":0,"parent":0,"menu_order":0,"comment_status":"closed","ping_status":"closed","template":"","meta":{"_bbp_topic_count":0,"_bbp_reply_count":0,"_bbp_total_topic_count":0,"_bbp_total_reply_count":0,"_bbp_voice_count":0,"_bbp_anonymous_reply_count":0,"_bbp_topic_count_hidden":0,"_bbp_reply_count_hidden":0,"_bbp_forum_subforum_count":0,"footnotes":""},"class_list":["post-4765","page","type-page","status-publish","hentry"],"post_mailing_queue_ids":[],"_links":{"self":[{"href":"https:\/\/agora.xtec.cat\/escolaespronceda\/wp-json\/wp\/v2\/pages\/4765","targetHints":{"allow":["GET"]}}],"collection":[{"href":"https:\/\/agora.xtec.cat\/escolaespronceda\/wp-json\/wp\/v2\/pages"}],"about":[{"href":"https:\/\/agora.xtec.cat\/escolaespronceda\/wp-json\/wp\/v2\/types\/page"}],"author":[{"embeddable":true,"href":"https:\/\/agora.xtec.cat\/escolaespronceda\/wp-json\/wp\/v2\/users\/1"}],"replies":[{"embeddable":true,"href":"https:\/\/agora.xtec.cat\/escolaespronceda\/wp-json\/wp\/v2\/comments?post=4765"}],"version-history":[{"count":4,"href":"https:\/\/agora.xtec.cat\/escolaespronceda\/wp-json\/wp\/v2\/pages\/4765\/revisions"}],"predecessor-version":[{"id":5076,"href":"https:\/\/agora.xtec.cat\/escolaespronceda\/wp-json\/wp\/v2\/pages\/4765\/revisions\/5076"}],"wp:attachment":[{"href":"https:\/\/agora.xtec.cat\/escolaespronceda\/wp-json\/wp\/v2\/media?parent=4765"}],"curies":[{"name":"wp","href":"https:\/\/api.w.org\/{rel}","templated":true}]}}