{"id":8550,"date":"2024-07-03T11:36:58","date_gmt":"2024-07-03T09:36:58","guid":{"rendered":"https:\/\/agora.xtec.cat\/escolaenxaneta\/?page_id=8550"},"modified":"2026-02-05T10:46:14","modified_gmt":"2026-02-05T09:46:14","slug":"apartat-economic","status":"publish","type":"page","link":"https:\/\/agora.xtec.cat\/escolaenxaneta\/lescola\/apartat-economic\/","title":{"rendered":"Acc\u00e9s la informaci\u00f3 econ\u00f2mica"},"content":{"rendered":"<p>La Llei 19\/2014, del 29 de desembre, de transpar\u00e8ncia, acc\u00e9s a la informaci\u00f3 p\u00fablica i bon govern regula les obligacions de publicitat activa de les administracions p\u00fabliques i detalla la informaci\u00f3 que s&#8217;ha de publicar per la transpar\u00e8ncia i acc\u00e9s a la informaci\u00f3 publica.<\/p>\n<p><iframe loading=\"lazy\" src=\"https:\/\/drive.google.com\/file\/d\/1q00LcXs0mNFxdFVKjF2Pf4HZQ4HZL8bu\/preview\" width=\"840\" height=\"680\"><\/iframe><\/p>\n","protected":false},"excerpt":{"rendered":"<p>La Llei 19\/2014, del 29 de desembre, de transpar\u00e8ncia, acc\u00e9s a la informaci\u00f3 p\u00fablica i bon govern regula les obligacions de publicitat activa de les administracions p\u00fabliques i detalla la informaci\u00f3 que s&#8217;ha de publicar per la transpar\u00e8ncia i acc\u00e9s a la informaci\u00f3 publica.<\/p>\n","protected":false},"author":1,"featured_media":0,"parent":22,"menu_order":6,"comment_status":"closed","ping_status":"closed","template":"page-templates\/side-menu.php","meta":{"_bbp_topic_count":0,"_bbp_reply_count":0,"_bbp_total_topic_count":0,"_bbp_total_reply_count":0,"_bbp_voice_count":0,"_bbp_anonymous_reply_count":0,"_bbp_topic_count_hidden":0,"_bbp_reply_count_hidden":0,"_bbp_forum_subforum_count":0,"footnotes":""},"class_list":["post-8550","page","type-page","status-publish","hentry"],"post_mailing_queue_ids":[],"_links":{"self":[{"href":"https:\/\/agora.xtec.cat\/escolaenxaneta\/wp-json\/wp\/v2\/pages\/8550","targetHints":{"allow":["GET"]}}],"collection":[{"href":"https:\/\/agora.xtec.cat\/escolaenxaneta\/wp-json\/wp\/v2\/pages"}],"about":[{"href":"https:\/\/agora.xtec.cat\/escolaenxaneta\/wp-json\/wp\/v2\/types\/page"}],"author":[{"embeddable":true,"href":"https:\/\/agora.xtec.cat\/escolaenxaneta\/wp-json\/wp\/v2\/users\/1"}],"replies":[{"embeddable":true,"href":"https:\/\/agora.xtec.cat\/escolaenxaneta\/wp-json\/wp\/v2\/comments?post=8550"}],"version-history":[{"count":6,"href":"https:\/\/agora.xtec.cat\/escolaenxaneta\/wp-json\/wp\/v2\/pages\/8550\/revisions"}],"predecessor-version":[{"id":9597,"href":"https:\/\/agora.xtec.cat\/escolaenxaneta\/wp-json\/wp\/v2\/pages\/8550\/revisions\/9597"}],"up":[{"embeddable":true,"href":"https:\/\/agora.xtec.cat\/escolaenxaneta\/wp-json\/wp\/v2\/pages\/22"}],"wp:attachment":[{"href":"https:\/\/agora.xtec.cat\/escolaenxaneta\/wp-json\/wp\/v2\/media?parent=8550"}],"curies":[{"name":"wp","href":"https:\/\/api.w.org\/{rel}","templated":true}]}}