{"id":2729,"date":"2020-02-04T16:56:51","date_gmt":"2020-02-04T15:56:51","guid":{"rendered":"http:\/\/agora.xtec.cat\/escolaenxaneta\/?page_id=2729"},"modified":"2021-10-14T16:54:23","modified_gmt":"2021-10-14T14:54:23","slug":"families-enllac","status":"publish","type":"page","link":"https:\/\/agora.xtec.cat\/escolaenxaneta\/lequip-huma\/families-enllac\/","title":{"rendered":"Fam\u00edlies Enlla\u00e7"},"content":{"rendered":"<p>Les fam\u00edlies enlla\u00e7 s\u00f3n representants voluntaris\/es de cada classe que es reuneixen dues vegades o tres al trimestre amb l&#8217;equip directiu per realitzar taules rodones i tractar temes de l&#8217;escola. En aquestes sessions es comparteixen informacions diverses, dubtes, propostes, etc. <a href=\"https:\/\/agora.xtec.cat\/escolaenxaneta\/wp-content\/uploads\/usu720\/2021\/10\/reunio-permanent.png\"><img loading=\"lazy\" decoding=\"async\" class=\"aligncenter size-full wp-image-5270\" src=\"https:\/\/agora.xtec.cat\/escolaenxaneta\/wp-content\/uploads\/usu720\/2021\/10\/reunio-permanent.png\" alt=\"\" width=\"800\" height=\"600\" srcset=\"https:\/\/agora.xtec.cat\/escolaenxaneta\/wp-content\/uploads\/usu720\/2021\/10\/reunio-permanent.png 800w, https:\/\/agora.xtec.cat\/escolaenxaneta\/wp-content\/uploads\/usu720\/2021\/10\/reunio-permanent-300x225.png 300w, https:\/\/agora.xtec.cat\/escolaenxaneta\/wp-content\/uploads\/usu720\/2021\/10\/reunio-permanent-768x576.png 768w, https:\/\/agora.xtec.cat\/escolaenxaneta\/wp-content\/uploads\/usu720\/2021\/10\/reunio-permanent-200x150.png 200w\" sizes=\"auto, (max-width: 800px) 100vw, 800px\" \/><\/a><\/p>\n","protected":false},"excerpt":{"rendered":"<p>Les fam\u00edlies enlla\u00e7 s\u00f3n representants voluntaris\/es de cada classe que es reuneixen dues vegades o tres al trimestre amb l&#8217;equip directiu per realitzar taules rodones i tractar temes de l&#8217;escola. En aquestes sessions es comparteixen informacions diverses, dubtes, propostes, etc. <a href=\"https:\/\/agora.xtec.cat\/escolaenxaneta\/wp-content\/uploads\/usu720\/2021\/10\/reunio-permanent.png\"><\/a><\/p>\n","protected":false},"author":1,"featured_media":0,"parent":1220,"menu_order":40,"comment_status":"closed","ping_status":"closed","template":"page-templates\/side-menu.php","meta":{"_bbp_topic_count":0,"_bbp_reply_count":0,"_bbp_total_topic_count":0,"_bbp_total_reply_count":0,"_bbp_voice_count":0,"_bbp_anonymous_reply_count":0,"_bbp_topic_count_hidden":0,"_bbp_reply_count_hidden":0,"_bbp_forum_subforum_count":0,"footnotes":""},"class_list":["post-2729","page","type-page","status-publish","hentry"],"post_mailing_queue_ids":[],"_links":{"self":[{"href":"https:\/\/agora.xtec.cat\/escolaenxaneta\/wp-json\/wp\/v2\/pages\/2729","targetHints":{"allow":["GET"]}}],"collection":[{"href":"https:\/\/agora.xtec.cat\/escolaenxaneta\/wp-json\/wp\/v2\/pages"}],"about":[{"href":"https:\/\/agora.xtec.cat\/escolaenxaneta\/wp-json\/wp\/v2\/types\/page"}],"author":[{"embeddable":true,"href":"https:\/\/agora.xtec.cat\/escolaenxaneta\/wp-json\/wp\/v2\/users\/1"}],"replies":[{"embeddable":true,"href":"https:\/\/agora.xtec.cat\/escolaenxaneta\/wp-json\/wp\/v2\/comments?post=2729"}],"version-history":[{"count":3,"href":"https:\/\/agora.xtec.cat\/escolaenxaneta\/wp-json\/wp\/v2\/pages\/2729\/revisions"}],"predecessor-version":[{"id":5274,"href":"https:\/\/agora.xtec.cat\/escolaenxaneta\/wp-json\/wp\/v2\/pages\/2729\/revisions\/5274"}],"up":[{"embeddable":true,"href":"https:\/\/agora.xtec.cat\/escolaenxaneta\/wp-json\/wp\/v2\/pages\/1220"}],"wp:attachment":[{"href":"https:\/\/agora.xtec.cat\/escolaenxaneta\/wp-json\/wp\/v2\/media?parent=2729"}],"curies":[{"name":"wp","href":"https:\/\/api.w.org\/{rel}","templated":true}]}}