{"id":1193,"date":"2019-02-22T10:50:00","date_gmt":"2019-02-22T09:50:00","guid":{"rendered":"http:\/\/agora.xtec.cat\/escolaenxaneta\/?page_id=1193"},"modified":"2025-09-04T10:49:07","modified_gmt":"2025-09-04T08:49:07","slug":"projecte-linguistic","status":"publish","type":"page","link":"https:\/\/agora.xtec.cat\/escolaenxaneta\/linia-descola\/documents-de-centre\/projecte-linguistic\/","title":{"rendered":"Projecte Ling\u00fc\u00edstic"},"content":{"rendered":"<p><span style=\"font-weight: 400;\">El projecte ling\u00fc\u00edstic s\u2019ent\u00e9n com un proc\u00e9s de reflexi\u00f3 del tractament de les diverses lleng\u00fces que, a nivells diferents, hi ha en el nostre centre. Aquest document forma part del projecte educatiu que t\u00e9 present tant el marc legal, com la diagnosi del centre i es defineix en aquests grans temes: els paper de la llengua vehicular, el tractament de les lleng\u00fces curriculars i els aspectes m\u00e9s generals de l\u2019organitzaci\u00f3 i la gesti\u00f3 que tinguin repercussions ling\u00fc\u00edstiques.<\/span><\/p>\n<p><a href=\"https:\/\/drive.google.com\/file\/d\/1R2pJxEQPnuNl0JtGgivazkaRubLkLK9M\/view?usp=drive_link\"><strong><span style=\"color: #800080;\">Projecte Ling\u00fc\u00edstic<\/span><\/strong><\/a><\/p>\n<p><a href=\"https:\/\/agora.xtec.cat\/escolaenxaneta\/wp-content\/uploads\/usu720\/2025\/09\/2-1.jpg\"><img loading=\"lazy\" decoding=\"async\" class=\"alignright wp-image-9408 size-large\" src=\"https:\/\/agora.xtec.cat\/escolaenxaneta\/wp-content\/uploads\/usu720\/2025\/09\/2-1-410x1024.jpg\" alt=\"\" width=\"410\" height=\"1024\" srcset=\"https:\/\/agora.xtec.cat\/escolaenxaneta\/wp-content\/uploads\/usu720\/2025\/09\/2-1-410x1024.jpg 410w, https:\/\/agora.xtec.cat\/escolaenxaneta\/wp-content\/uploads\/usu720\/2025\/09\/2-1-120x300.jpg 120w, https:\/\/agora.xtec.cat\/escolaenxaneta\/wp-content\/uploads\/usu720\/2025\/09\/2-1-768x1920.jpg 768w, https:\/\/agora.xtec.cat\/escolaenxaneta\/wp-content\/uploads\/usu720\/2025\/09\/2-1.jpg 800w\" sizes=\"auto, (max-width: 410px) 100vw, 410px\" \/><\/a><a href=\"https:\/\/agora.xtec.cat\/escolaenxaneta\/wp-content\/uploads\/usu720\/2025\/09\/1-1.jpg\"><img loading=\"lazy\" decoding=\"async\" class=\"alignleft wp-image-9404 size-large\" src=\"https:\/\/agora.xtec.cat\/escolaenxaneta\/wp-content\/uploads\/usu720\/2025\/09\/1-1-410x1024.jpg\" alt=\"\" width=\"410\" height=\"1024\" srcset=\"https:\/\/agora.xtec.cat\/escolaenxaneta\/wp-content\/uploads\/usu720\/2025\/09\/1-1-410x1024.jpg 410w, https:\/\/agora.xtec.cat\/escolaenxaneta\/wp-content\/uploads\/usu720\/2025\/09\/1-1-120x300.jpg 120w, https:\/\/agora.xtec.cat\/escolaenxaneta\/wp-content\/uploads\/usu720\/2025\/09\/1-1-768x1920.jpg 768w, https:\/\/agora.xtec.cat\/escolaenxaneta\/wp-content\/uploads\/usu720\/2025\/09\/1-1.jpg 800w\" sizes=\"auto, (max-width: 410px) 100vw, 410px\" \/><\/a><\/p>\n","protected":false},"excerpt":{"rendered":"<p>El projecte ling\u00fc\u00edstic s\u2019ent\u00e9n com un proc\u00e9s de reflexi\u00f3 del tractament de les diverses lleng\u00fces que, a nivells diferents, hi ha en el nostre centre. Aquest document forma part del projecte educatiu que t\u00e9 present tant el marc legal, com la diagnosi del centre i&hellip;  <a href=\"https:\/\/agora.xtec.cat\/escolaenxaneta\/linia-descola\/documents-de-centre\/projecte-linguistic\/\" title=\"Read Projecte Ling\u00fc\u00edstic\">Llegeix m\u00e9s\u00bb<\/a><\/p>\n","protected":false},"author":1,"featured_media":0,"parent":1187,"menu_order":20,"comment_status":"closed","ping_status":"closed","template":"page-templates\/side-menu.php","meta":{"_bbp_topic_count":0,"_bbp_reply_count":0,"_bbp_total_topic_count":0,"_bbp_total_reply_count":0,"_bbp_voice_count":0,"_bbp_anonymous_reply_count":0,"_bbp_topic_count_hidden":0,"_bbp_reply_count_hidden":0,"_bbp_forum_subforum_count":0,"footnotes":""},"class_list":["post-1193","page","type-page","status-publish","hentry"],"post_mailing_queue_ids":[],"_links":{"self":[{"href":"https:\/\/agora.xtec.cat\/escolaenxaneta\/wp-json\/wp\/v2\/pages\/1193","targetHints":{"allow":["GET"]}}],"collection":[{"href":"https:\/\/agora.xtec.cat\/escolaenxaneta\/wp-json\/wp\/v2\/pages"}],"about":[{"href":"https:\/\/agora.xtec.cat\/escolaenxaneta\/wp-json\/wp\/v2\/types\/page"}],"author":[{"embeddable":true,"href":"https:\/\/agora.xtec.cat\/escolaenxaneta\/wp-json\/wp\/v2\/users\/1"}],"replies":[{"embeddable":true,"href":"https:\/\/agora.xtec.cat\/escolaenxaneta\/wp-json\/wp\/v2\/comments?post=1193"}],"version-history":[{"count":6,"href":"https:\/\/agora.xtec.cat\/escolaenxaneta\/wp-json\/wp\/v2\/pages\/1193\/revisions"}],"predecessor-version":[{"id":9409,"href":"https:\/\/agora.xtec.cat\/escolaenxaneta\/wp-json\/wp\/v2\/pages\/1193\/revisions\/9409"}],"up":[{"embeddable":true,"href":"https:\/\/agora.xtec.cat\/escolaenxaneta\/wp-json\/wp\/v2\/pages\/1187"}],"wp:attachment":[{"href":"https:\/\/agora.xtec.cat\/escolaenxaneta\/wp-json\/wp\/v2\/media?parent=1193"}],"curies":[{"name":"wp","href":"https:\/\/api.w.org\/{rel}","templated":true}]}}