{"id":32,"date":"2014-09-18T12:31:33","date_gmt":"2014-09-18T12:31:33","guid":{"rendered":"http:\/\/agora.xtec.cat\/escolaemiliteixidor\/?page_id=32"},"modified":"2025-09-24T17:37:56","modified_gmt":"2025-09-24T15:37:56","slug":"calendari-del-curs","status":"publish","type":"page","link":"https:\/\/agora.xtec.cat\/escolaemiliteixidor\/lescola\/calendari-del-curs\/","title":{"rendered":"Calendari del curs"},"content":{"rendered":"<p><strong>HORARI DEL CENTRE<\/strong>: <strong>Educaci\u00f3 Infantil i Educaci\u00f3 Prim\u00e0ria:<\/strong><\/p>\n<p>De 9 a 12:30 del mat\u00ed i de 15:00 a 16:30 de la tarda.<\/p>\n<p><strong>HORARI JORNADA INTENSIVA:<br \/>\n<\/strong><\/p>\n<p>De 9 a 1 del mat\u00ed<\/p>\n<p><strong>Dies de lliure disposici\u00f3: <\/strong>\u00a031 d&#8217;octubre de 2025, 5 de desembre de 2025, 23 de febrer de 2026 i 20 d&#8217;abril de 2026.<\/p>\n<p><strong>Festes locals: <\/strong>23 de setembre de 2025 i 25 de maig de 2026.<\/p>\n<p><strong>Jornada Intensiva: <\/strong>19 de desembre de 2025 i del 8 al 19 de juny de 2026.<\/p>\n<p style=\"text-align: center;\"><a href=\"https:\/\/agora.xtec.cat\/escolaemiliteixidor\/wp-content\/uploads\/usu448\/2025\/09\/25-26-CALENDARI.pdf\">25-26 CALENDARI<\/a><\/p>\n<p><a href=\"https:\/\/agora.xtec.cat\/escolaemiliteixidor\/wp-content\/uploads\/usu448\/2025\/09\/calendari-ET-25_26.jpg\"><img loading=\"lazy\" decoding=\"async\" class=\"aligncenter wp-image-6300 size-full\" src=\"https:\/\/agora.xtec.cat\/escolaemiliteixidor\/wp-content\/uploads\/usu448\/2025\/09\/calendari-ET-25_26.jpg\" alt=\"\" width=\"521\" height=\"754\" srcset=\"https:\/\/agora.xtec.cat\/escolaemiliteixidor\/wp-content\/uploads\/usu448\/2025\/09\/calendari-ET-25_26.jpg 521w, https:\/\/agora.xtec.cat\/escolaemiliteixidor\/wp-content\/uploads\/usu448\/2025\/09\/calendari-ET-25_26-207x300.jpg 207w\" sizes=\"auto, (max-width: 521px) 100vw, 521px\" \/><\/a><\/p>\n","protected":false},"excerpt":{"rendered":"<p>HORARI DEL CENTRE: Educaci\u00f3 Infantil i Educaci\u00f3 Prim\u00e0ria: De 9 a 12:30 del mat\u00ed i de 15:00 a 16:30 de la tarda. HORARI JORNADA INTENSIVA: De 9 a 1 del mat\u00ed Dies de lliure disposici\u00f3: \u00a031 d&#8217;octubre de 2025, 5 de desembre de 2025, 23 de febrer de 2026 i 20 d&#8217;abril de 2026. Festes [&hellip;]<\/p>\n","protected":false},"author":2,"featured_media":0,"parent":22,"menu_order":50,"comment_status":"closed","ping_status":"closed","template":"","meta":{"_bbp_topic_count":0,"_bbp_reply_count":0,"_bbp_total_topic_count":0,"_bbp_total_reply_count":0,"_bbp_voice_count":0,"_bbp_anonymous_reply_count":0,"_bbp_topic_count_hidden":0,"_bbp_reply_count_hidden":0,"_bbp_forum_subforum_count":0,"site-sidebar-layout":"default","site-content-layout":"","ast-site-content-layout":"default","site-content-style":"default","site-sidebar-style":"default","ast-global-header-display":"","ast-banner-title-visibility":"","ast-main-header-display":"","ast-hfb-above-header-display":"","ast-hfb-below-header-display":"","ast-hfb-mobile-header-display":"","site-post-title":"","ast-breadcrumbs-content":"","ast-featured-img":"","footer-sml-layout":"","theme-transparent-header-meta":"default","adv-header-id-meta":"","stick-header-meta":"","header-above-stick-meta":"","header-main-stick-meta":"","header-below-stick-meta":"","astra-migrate-meta-layouts":"set","ast-page-background-enabled":"default","ast-page-background-meta":{"desktop":{"background-color":"var(--ast-global-color-4)","background-image":"","background-repeat":"repeat","background-position":"center center","background-size":"auto","background-attachment":"scroll","background-type":"","background-media":"","overlay-type":"","overlay-color":"","overlay-opacity":"","overlay-gradient":""},"tablet":{"background-color":"","background-image":"","background-repeat":"repeat","background-position":"center center","background-size":"auto","background-attachment":"scroll","background-type":"","background-media":"","overlay-type":"","overlay-color":"","overlay-opacity":"","overlay-gradient":""},"mobile":{"background-color":"","background-image":"","background-repeat":"repeat","background-position":"center center","background-size":"auto","background-attachment":"scroll","background-type":"","background-media":"","overlay-type":"","overlay-color":"","overlay-opacity":"","overlay-gradient":""}},"ast-content-background-meta":{"desktop":{"background-color":"var(--ast-global-color-5)","background-image":"","background-repeat":"repeat","background-position":"center center","background-size":"auto","background-attachment":"scroll","background-type":"","background-media":"","overlay-type":"","overlay-color":"","overlay-opacity":"","overlay-gradient":""},"tablet":{"background-color":"var(--ast-global-color-5)","background-image":"","background-repeat":"repeat","background-position":"center center","background-size":"auto","background-attachment":"scroll","background-type":"","background-media":"","overlay-type":"","overlay-color":"","overlay-opacity":"","overlay-gradient":""},"mobile":{"background-color":"var(--ast-global-color-5)","background-image":"","background-repeat":"repeat","background-position":"center center","background-size":"auto","background-attachment":"scroll","background-type":"","background-media":"","overlay-type":"","overlay-color":"","overlay-opacity":"","overlay-gradient":""}},"footnotes":""},"class_list":["post-32","page","type-page","status-publish","hentry"],"post_mailing_queue_ids":[],"_links":{"self":[{"href":"https:\/\/agora.xtec.cat\/escolaemiliteixidor\/wp-json\/wp\/v2\/pages\/32","targetHints":{"allow":["GET"]}}],"collection":[{"href":"https:\/\/agora.xtec.cat\/escolaemiliteixidor\/wp-json\/wp\/v2\/pages"}],"about":[{"href":"https:\/\/agora.xtec.cat\/escolaemiliteixidor\/wp-json\/wp\/v2\/types\/page"}],"author":[{"embeddable":true,"href":"https:\/\/agora.xtec.cat\/escolaemiliteixidor\/wp-json\/wp\/v2\/users\/2"}],"replies":[{"embeddable":true,"href":"https:\/\/agora.xtec.cat\/escolaemiliteixidor\/wp-json\/wp\/v2\/comments?post=32"}],"version-history":[{"count":11,"href":"https:\/\/agora.xtec.cat\/escolaemiliteixidor\/wp-json\/wp\/v2\/pages\/32\/revisions"}],"predecessor-version":[{"id":6303,"href":"https:\/\/agora.xtec.cat\/escolaemiliteixidor\/wp-json\/wp\/v2\/pages\/32\/revisions\/6303"}],"up":[{"embeddable":true,"href":"https:\/\/agora.xtec.cat\/escolaemiliteixidor\/wp-json\/wp\/v2\/pages\/22"}],"wp:attachment":[{"href":"https:\/\/agora.xtec.cat\/escolaemiliteixidor\/wp-json\/wp\/v2\/media?parent=32"}],"curies":[{"name":"wp","href":"https:\/\/api.w.org\/{rel}","templated":true}]}}