{"id":632,"date":"2018-09-08T10:55:58","date_gmt":"2018-09-08T08:55:58","guid":{"rendered":"http:\/\/agora.xtec.cat\/escolaemilicarles\/?page_id=632"},"modified":"2025-09-23T09:03:20","modified_gmt":"2025-09-23T07:03:20","slug":"sortides-ei","status":"publish","type":"page","link":"https:\/\/agora.xtec.cat\/escolaemilicarles\/info-escola\/calendari-del-curs\/sortides\/sortides-ei\/","title":{"rendered":"Sortides a Petits"},"content":{"rendered":"<h3><span style=\"color: #99cc00;\">Sortides amb autocar<\/span><\/h3>\n<h2><span style=\"color: #008000;\">I3<\/span><\/h2>\n<table style=\"border-collapse: collapse; width: 100%;\">\n<tbody>\n<tr>\n<td style=\"width: 33.3333%;\"><a href=\"https:\/\/agora.xtec.cat\/escolaemilicarles\/wp-content\/uploads\/usu1732\/2024\/11\/baixa-1.jpg\"><img loading=\"lazy\" decoding=\"async\" class=\"aligncenter size-full wp-image-6660\" src=\"https:\/\/agora.xtec.cat\/escolaemilicarles\/wp-content\/uploads\/usu1732\/2024\/11\/baixa-1.jpg\" alt=\"\" width=\"259\" height=\"194\" srcset=\"https:\/\/agora.xtec.cat\/escolaemilicarles\/wp-content\/uploads\/usu1732\/2024\/11\/baixa-1.jpg 259w, https:\/\/agora.xtec.cat\/escolaemilicarles\/wp-content\/uploads\/usu1732\/2024\/11\/baixa-1-200x150.jpg 200w\" sizes=\"auto, (max-width: 259px) 100vw, 259px\" \/><\/a><\/td>\n<td style=\"width: 33.3333%;\"><a href=\"https:\/\/agora.xtec.cat\/escolaemilicarles\/wp-content\/uploads\/usu1732\/2024\/11\/02-la-granja.jpg\"><img loading=\"lazy\" decoding=\"async\" class=\"aligncenter wp-image-6661\" src=\"https:\/\/agora.xtec.cat\/escolaemilicarles\/wp-content\/uploads\/usu1732\/2024\/11\/02-la-granja.jpg\" alt=\"\" width=\"242\" height=\"181\" srcset=\"https:\/\/agora.xtec.cat\/escolaemilicarles\/wp-content\/uploads\/usu1732\/2024\/11\/02-la-granja.jpg 700w, https:\/\/agora.xtec.cat\/escolaemilicarles\/wp-content\/uploads\/usu1732\/2024\/11\/02-la-granja-300x225.jpg 300w, https:\/\/agora.xtec.cat\/escolaemilicarles\/wp-content\/uploads\/usu1732\/2024\/11\/02-la-granja-200x150.jpg 200w\" sizes=\"auto, (max-width: 242px) 100vw, 242px\" \/><\/a><\/td>\n<td style=\"width: 33.3333%;\"><a href=\"https:\/\/agora.xtec.cat\/escolaemilicarles\/wp-content\/uploads\/usu1732\/2024\/11\/images-3.jpg\"><img loading=\"lazy\" decoding=\"async\" class=\"aligncenter size-full wp-image-6666\" src=\"https:\/\/agora.xtec.cat\/escolaemilicarles\/wp-content\/uploads\/usu1732\/2024\/11\/images-3.jpg\" alt=\"\" width=\"259\" height=\"194\" srcset=\"https:\/\/agora.xtec.cat\/escolaemilicarles\/wp-content\/uploads\/usu1732\/2024\/11\/images-3.jpg 259w, https:\/\/agora.xtec.cat\/escolaemilicarles\/wp-content\/uploads\/usu1732\/2024\/11\/images-3-200x150.jpg 200w\" sizes=\"auto, (max-width: 259px) 100vw, 259px\" \/><\/a><\/td>\n<\/tr>\n<tr>\n<td style=\"width: 33.3333%; text-align: center;\">El Trenet de Sabadell (matinal) <span style=\"color: #339966;\"><strong>25\/11\/2025<\/strong><\/span><\/td>\n<td style=\"width: 33.3333%; text-align: center;\">\n<ul>\n<li>Granja Palaud\u00e0ries (Lli\u00e7\u00e0 d&#8217;Amunt) <span style=\"color: #339966;\"><strong>04\/03\/2026<\/strong><\/span><\/li>\n<\/ul>\n<\/td>\n<td style=\"width: 33.3333%; text-align: center;\"><span style=\"font-family: inherit; font-size: 1em; font-weight: normal;\">Parc Natural de Sant Lloren\u00e7 (Les Arenes)\u00a0<\/span><span style=\"color: #339966;\"><strong> 13\/05\/2025<\/strong><\/span><\/td>\n<\/tr>\n<\/tbody>\n<\/table>\n<div><\/div>\n<div>\n<h2><span style=\"color: #008000;\">I4\/ I5<\/span><\/h2>\n<div>\n<table style=\"border-collapse: collapse; width: 100%;\">\n<tbody>\n<tr>\n<td style=\"width: 33.3333%;\"><a href=\"https:\/\/agora.xtec.cat\/escolaemilicarles\/wp-content\/uploads\/usu1732\/2023\/11\/BLOC-MNAC.png\"><img loading=\"lazy\" decoding=\"async\" class=\"alignnone wp-image-5552 size-full\" src=\"https:\/\/agora.xtec.cat\/escolaemilicarles\/wp-content\/uploads\/usu1732\/2023\/11\/BLOC-MNAC.png\" alt=\"\" width=\"619\" height=\"756\" srcset=\"https:\/\/agora.xtec.cat\/escolaemilicarles\/wp-content\/uploads\/usu1732\/2023\/11\/BLOC-MNAC.png 619w, https:\/\/agora.xtec.cat\/escolaemilicarles\/wp-content\/uploads\/usu1732\/2023\/11\/BLOC-MNAC-246x300.png 246w\" sizes=\"auto, (max-width: 619px) 100vw, 619px\" \/><\/a><\/td>\n<td style=\"width: 33.3333%;\"><a href=\"https:\/\/agora.xtec.cat\/escolaemilicarles\/wp-content\/uploads\/usu1732\/2023\/10\/BarcelonaCosmoCaixa-T24-d_O.jpg\"><img loading=\"lazy\" decoding=\"async\" class=\"alignnone wp-image-5440 size-full\" src=\"https:\/\/agora.xtec.cat\/escolaemilicarles\/wp-content\/uploads\/usu1732\/2023\/10\/BarcelonaCosmoCaixa-T24-d_O.jpg\" alt=\"\" width=\"575\" height=\"337\" srcset=\"https:\/\/agora.xtec.cat\/escolaemilicarles\/wp-content\/uploads\/usu1732\/2023\/10\/BarcelonaCosmoCaixa-T24-d_O.jpg 575w, https:\/\/agora.xtec.cat\/escolaemilicarles\/wp-content\/uploads\/usu1732\/2023\/10\/BarcelonaCosmoCaixa-T24-d_O-300x176.jpg 300w\" sizes=\"auto, (max-width: 575px) 100vw, 575px\" \/><\/a><\/td>\n<td style=\"width: 33.3333%;\"><a href=\"https:\/\/agora.xtec.cat\/escolaemilicarles\/wp-content\/uploads\/usu1732\/2024\/04\/POU-DE-GLAC-BLOC-SORTIDA.png\"><img loading=\"lazy\" decoding=\"async\" class=\"alignnone wp-image-6271 size-full\" src=\"https:\/\/agora.xtec.cat\/escolaemilicarles\/wp-content\/uploads\/usu1732\/2024\/04\/POU-DE-GLAC-BLOC-SORTIDA.png\" alt=\"\" width=\"697\" height=\"650\" srcset=\"https:\/\/agora.xtec.cat\/escolaemilicarles\/wp-content\/uploads\/usu1732\/2024\/04\/POU-DE-GLAC-BLOC-SORTIDA.png 697w, https:\/\/agora.xtec.cat\/escolaemilicarles\/wp-content\/uploads\/usu1732\/2024\/04\/POU-DE-GLAC-BLOC-SORTIDA-300x280.png 300w\" sizes=\"auto, (max-width: 697px) 100vw, 697px\" \/><\/a><\/td>\n<\/tr>\n<tr>\n<td style=\"width: 33.3333%; text-align: center;\">MNAC (Barcelona) <span style=\"color: #008000;\"><strong>18\/11\/25<\/strong><\/span><\/td>\n<td style=\"width: 33.3333%; text-align: center;\"><span style=\"color: #008000;\"><span style=\"color: #000000;\">Cosmocaixa (Barcelona)<span style=\"color: #008000;\">\u00a0<strong>17\/03\/26<\/strong><\/span><\/span><\/span><\/td>\n<td style=\"width: 33.3333%; text-align: center;\"><span style=\"color: #000000;\">Pou de gla\u00e7 (Parc Natural) <\/span><strong><span style=\"color: #008000;\">12\/05\/26<\/span><\/strong><\/td>\n<\/tr>\n<\/tbody>\n<\/table>\n<p>&nbsp;<\/p>\n<\/div>\n<\/div>\n<h2><span style=\"color: #008000;\">Col\u00f2nies <\/span><span style=\"color: #008000;\">Infantil 4 i 5 anys <\/span><span style=\"color: #008000;\">a CAN FOIX (El Garraf, Parc Natural de Can Foix)\u00a0<\/span><\/h2>\n<ul>\n<li>Can Rigol, Begues <b>5 i 6 de mar\u00e7 de 2026<\/b><\/li>\n<\/ul>\n<p>(clica damunt de la imatge per accedir a la web)<\/p>\n<p><a href=\"https:\/\/casadecoloniescanrigol.cat\/\"><img loading=\"lazy\" decoding=\"async\" class=\"wp-image-6673 alignleft\" src=\"https:\/\/agora.xtec.cat\/escolaemilicarles\/wp-content\/uploads\/usu1732\/2024\/11\/Can-Rigol.jpg\" alt=\"\" width=\"379\" height=\"285\" srcset=\"https:\/\/agora.xtec.cat\/escolaemilicarles\/wp-content\/uploads\/usu1732\/2024\/11\/Can-Rigol.jpg 900w, https:\/\/agora.xtec.cat\/escolaemilicarles\/wp-content\/uploads\/usu1732\/2024\/11\/Can-Rigol-300x225.jpg 300w, https:\/\/agora.xtec.cat\/escolaemilicarles\/wp-content\/uploads\/usu1732\/2024\/11\/Can-Rigol-768x576.jpg 768w, https:\/\/agora.xtec.cat\/escolaemilicarles\/wp-content\/uploads\/usu1732\/2024\/11\/Can-Rigol-200x150.jpg 200w\" sizes=\"auto, (max-width: 379px) 100vw, 379px\" \/><\/a><\/p>\n<div><a href=\"https:\/\/agora.xtec.cat\/escolaemilicarles\/wp-content\/uploads\/usu1732\/2021\/09\/clicar.jpg\"><img loading=\"lazy\" decoding=\"async\" class=\"wp-image-1704 alignleft\" src=\"https:\/\/agora.xtec.cat\/escolaemilicarles\/wp-content\/uploads\/usu1732\/2021\/09\/clicar.jpg\" alt=\"\" width=\"29\" height=\"44\" \/><\/a><\/div>\n","protected":false},"excerpt":{"rendered":"<p>Sortides amb autocar I3 El Trenet de Sabadell (matinal) 25\/11\/2025 Granja Palaud\u00e0ries (Lli\u00e7\u00e0 d&#8217;Amunt) 04\/03\/2026 Parc Natural de Sant Lloren\u00e7 (Les Arenes)\u00a0 13\/05\/2025 I4\/ I5 MNAC (Barcelona) 18\/11\/25 Cosmocaixa (Barcelona)\u00a017\/03\/26 Pou de gla\u00e7 (Parc Natural) 12\/05\/26 &nbsp; Col\u00f2nies Infantil 4 i 5 anys a CAN FOIX (El Garraf, Parc Natural de Can Foix)\u00a0 Can Rigol, [&hellip;]<\/p>\n","protected":false},"author":1,"featured_media":0,"parent":566,"menu_order":0,"comment_status":"closed","ping_status":"closed","template":"page-templates\/side-menu.php","meta":{"_bbp_topic_count":0,"_bbp_reply_count":0,"_bbp_total_topic_count":0,"_bbp_total_reply_count":0,"_bbp_voice_count":0,"_bbp_anonymous_reply_count":0,"_bbp_topic_count_hidden":0,"_bbp_reply_count_hidden":0,"_bbp_forum_subforum_count":0,"site-sidebar-layout":"default","site-content-layout":"","ast-site-content-layout":"","site-content-style":"default","site-sidebar-style":"default","ast-global-header-display":"","ast-banner-title-visibility":"","ast-main-header-display":"","ast-hfb-above-header-display":"","ast-hfb-below-header-display":"","ast-hfb-mobile-header-display":"","site-post-title":"","ast-breadcrumbs-content":"","ast-featured-img":"","footer-sml-layout":"","theme-transparent-header-meta":"","adv-header-id-meta":"","stick-header-meta":"","header-above-stick-meta":"","header-main-stick-meta":"","header-below-stick-meta":"","astra-migrate-meta-layouts":"default","ast-page-background-enabled":"default","ast-page-background-meta":{"desktop":{"background-color":"var(--ast-global-color-4)","background-image":"","background-repeat":"repeat","background-position":"center center","background-size":"auto","background-attachment":"scroll","background-type":"","background-media":"","overlay-type":"","overlay-color":"","overlay-opacity":"","overlay-gradient":""},"tablet":{"background-color":"","background-image":"","background-repeat":"repeat","background-position":"center center","background-size":"auto","background-attachment":"scroll","background-type":"","background-media":"","overlay-type":"","overlay-color":"","overlay-opacity":"","overlay-gradient":""},"mobile":{"background-color":"","background-image":"","background-repeat":"repeat","background-position":"center center","background-size":"auto","background-attachment":"scroll","background-type":"","background-media":"","overlay-type":"","overlay-color":"","overlay-opacity":"","overlay-gradient":""}},"ast-content-background-meta":{"desktop":{"background-color":"var(--ast-global-color-5)","background-image":"","background-repeat":"repeat","background-position":"center center","background-size":"auto","background-attachment":"scroll","background-type":"","background-media":"","overlay-type":"","overlay-color":"","overlay-opacity":"","overlay-gradient":""},"tablet":{"background-color":"var(--ast-global-color-5)","background-image":"","background-repeat":"repeat","background-position":"center center","background-size":"auto","background-attachment":"scroll","background-type":"","background-media":"","overlay-type":"","overlay-color":"","overlay-opacity":"","overlay-gradient":""},"mobile":{"background-color":"var(--ast-global-color-5)","background-image":"","background-repeat":"repeat","background-position":"center center","background-size":"auto","background-attachment":"scroll","background-type":"","background-media":"","overlay-type":"","overlay-color":"","overlay-opacity":"","overlay-gradient":""}},"footnotes":""},"class_list":["post-632","page","type-page","status-publish","hentry"],"post_mailing_queue_ids":[],"_links":{"self":[{"href":"https:\/\/agora.xtec.cat\/escolaemilicarles\/wp-json\/wp\/v2\/pages\/632","targetHints":{"allow":["GET"]}}],"collection":[{"href":"https:\/\/agora.xtec.cat\/escolaemilicarles\/wp-json\/wp\/v2\/pages"}],"about":[{"href":"https:\/\/agora.xtec.cat\/escolaemilicarles\/wp-json\/wp\/v2\/types\/page"}],"author":[{"embeddable":true,"href":"https:\/\/agora.xtec.cat\/escolaemilicarles\/wp-json\/wp\/v2\/users\/1"}],"replies":[{"embeddable":true,"href":"https:\/\/agora.xtec.cat\/escolaemilicarles\/wp-json\/wp\/v2\/comments?post=632"}],"version-history":[{"count":8,"href":"https:\/\/agora.xtec.cat\/escolaemilicarles\/wp-json\/wp\/v2\/pages\/632\/revisions"}],"predecessor-version":[{"id":7609,"href":"https:\/\/agora.xtec.cat\/escolaemilicarles\/wp-json\/wp\/v2\/pages\/632\/revisions\/7609"}],"up":[{"embeddable":true,"href":"https:\/\/agora.xtec.cat\/escolaemilicarles\/wp-json\/wp\/v2\/pages\/566"}],"wp:attachment":[{"href":"https:\/\/agora.xtec.cat\/escolaemilicarles\/wp-json\/wp\/v2\/media?parent=632"}],"curies":[{"name":"wp","href":"https:\/\/api.w.org\/{rel}","templated":true}]}}