{"id":3938,"date":"2022-09-20T09:30:21","date_gmt":"2022-09-20T07:30:21","guid":{"rendered":"https:\/\/agora.xtec.cat\/escolaemilicarles\/?page_id=3938"},"modified":"2025-09-16T09:11:57","modified_gmt":"2025-09-16T07:11:57","slug":"aportacions-voluntaries-de-les-families","status":"publish","type":"page","link":"https:\/\/agora.xtec.cat\/escolaemilicarles\/info-escola\/aportacions-voluntaries-de-les-families\/","title":{"rendered":"Aportacions volunt\u00e0ries de les fam\u00edlies"},"content":{"rendered":"<p>El passat <b>6 de febrer de 2025<\/b>\u00a0s&#8217;aprov\u00e0 en<strong> Consell Escolar<\/strong> els pressupostos. Comptant amb les <strong>aportacions volunt\u00e0ries de fam\u00edlies<\/strong> del<strong> curs 2025-2026<\/strong>. Aquesta quota \u00e9s de<strong> 180\u20ac anuals<\/strong> en concepte de sortides, activitats de la guia did\u00e0ctica i material. La quota queda <strong>fragmentada en tres pagaments<\/strong>:<\/p>\n<ul>\n<li><strong>80\u20ac al JULIOL<\/strong><\/li>\n<li><strong>25\u20ac a l&#8217;OCTUBRE<\/strong><\/li>\n<li><strong>75\u20ac al DESEMBRE<\/strong><\/li>\n<\/ul>\n<p>La previsi\u00f3 de despeses \u00e9s de:<\/p>\n<ul>\n<li><strong>133\u20ac en concepte de material<\/strong><\/li>\n<li><strong>47\u20ac en concepte de sortides i guia did\u00e0ctica<\/strong><\/li>\n<\/ul>\n<p>Enguany les fam\u00edlies amb<strong> infants a Prim\u00e0ria<\/strong> poden cedir els <strong>Vals escolars a l&#8217;escola<\/strong> (poden no cedir-los, cedir-ne un o cedir els dos). <strong>El termini per a cedir els vals \u00e9s el 30 de setembre.<\/strong><\/p>\n<p><strong>Les fam\u00edlies que hagin cedit un o els dos vals se&#8217;ls descomptar\u00e0 de l&#8217;aportaci\u00f3 volunt\u00e0ria del mes de desembre.<\/strong><\/p>\n","protected":false},"excerpt":{"rendered":"<p>El passat 6 de febrer de 2025\u00a0s&#8217;aprov\u00e0 en Consell Escolar els pressupostos. Comptant amb les aportacions volunt\u00e0ries de fam\u00edlies del curs 2025-2026. Aquesta quota \u00e9s de 180\u20ac anuals en concepte de sortides, activitats de la guia did\u00e0ctica i material. La quota queda fragmentada en tres pagaments: 80\u20ac al JULIOL 25\u20ac a l&#8217;OCTUBRE 75\u20ac al DESEMBRE [&hellip;]<\/p>\n","protected":false},"author":1,"featured_media":0,"parent":564,"menu_order":50,"comment_status":"closed","ping_status":"closed","template":"page-templates\/side-menu.php","meta":{"_bbp_topic_count":0,"_bbp_reply_count":0,"_bbp_total_topic_count":0,"_bbp_total_reply_count":0,"_bbp_voice_count":0,"_bbp_anonymous_reply_count":0,"_bbp_topic_count_hidden":0,"_bbp_reply_count_hidden":0,"_bbp_forum_subforum_count":0,"site-sidebar-layout":"default","site-content-layout":"","ast-site-content-layout":"","site-content-style":"default","site-sidebar-style":"default","ast-global-header-display":"","ast-banner-title-visibility":"","ast-main-header-display":"","ast-hfb-above-header-display":"","ast-hfb-below-header-display":"","ast-hfb-mobile-header-display":"","site-post-title":"","ast-breadcrumbs-content":"","ast-featured-img":"","footer-sml-layout":"","theme-transparent-header-meta":"","adv-header-id-meta":"","stick-header-meta":"","header-above-stick-meta":"","header-main-stick-meta":"","header-below-stick-meta":"","astra-migrate-meta-layouts":"default","ast-page-background-enabled":"default","ast-page-background-meta":{"desktop":{"background-color":"var(--ast-global-color-4)","background-image":"","background-repeat":"repeat","background-position":"center center","background-size":"auto","background-attachment":"scroll","background-type":"","background-media":"","overlay-type":"","overlay-color":"","overlay-opacity":"","overlay-gradient":""},"tablet":{"background-color":"","background-image":"","background-repeat":"repeat","background-position":"center center","background-size":"auto","background-attachment":"scroll","background-type":"","background-media":"","overlay-type":"","overlay-color":"","overlay-opacity":"","overlay-gradient":""},"mobile":{"background-color":"","background-image":"","background-repeat":"repeat","background-position":"center center","background-size":"auto","background-attachment":"scroll","background-type":"","background-media":"","overlay-type":"","overlay-color":"","overlay-opacity":"","overlay-gradient":""}},"ast-content-background-meta":{"desktop":{"background-color":"var(--ast-global-color-5)","background-image":"","background-repeat":"repeat","background-position":"center center","background-size":"auto","background-attachment":"scroll","background-type":"","background-media":"","overlay-type":"","overlay-color":"","overlay-opacity":"","overlay-gradient":""},"tablet":{"background-color":"var(--ast-global-color-5)","background-image":"","background-repeat":"repeat","background-position":"center center","background-size":"auto","background-attachment":"scroll","background-type":"","background-media":"","overlay-type":"","overlay-color":"","overlay-opacity":"","overlay-gradient":""},"mobile":{"background-color":"var(--ast-global-color-5)","background-image":"","background-repeat":"repeat","background-position":"center center","background-size":"auto","background-attachment":"scroll","background-type":"","background-media":"","overlay-type":"","overlay-color":"","overlay-opacity":"","overlay-gradient":""}},"footnotes":""},"class_list":["post-3938","page","type-page","status-publish","hentry"],"post_mailing_queue_ids":[],"_links":{"self":[{"href":"https:\/\/agora.xtec.cat\/escolaemilicarles\/wp-json\/wp\/v2\/pages\/3938","targetHints":{"allow":["GET"]}}],"collection":[{"href":"https:\/\/agora.xtec.cat\/escolaemilicarles\/wp-json\/wp\/v2\/pages"}],"about":[{"href":"https:\/\/agora.xtec.cat\/escolaemilicarles\/wp-json\/wp\/v2\/types\/page"}],"author":[{"embeddable":true,"href":"https:\/\/agora.xtec.cat\/escolaemilicarles\/wp-json\/wp\/v2\/users\/1"}],"replies":[{"embeddable":true,"href":"https:\/\/agora.xtec.cat\/escolaemilicarles\/wp-json\/wp\/v2\/comments?post=3938"}],"version-history":[{"count":6,"href":"https:\/\/agora.xtec.cat\/escolaemilicarles\/wp-json\/wp\/v2\/pages\/3938\/revisions"}],"predecessor-version":[{"id":7574,"href":"https:\/\/agora.xtec.cat\/escolaemilicarles\/wp-json\/wp\/v2\/pages\/3938\/revisions\/7574"}],"up":[{"embeddable":true,"href":"https:\/\/agora.xtec.cat\/escolaemilicarles\/wp-json\/wp\/v2\/pages\/564"}],"wp:attachment":[{"href":"https:\/\/agora.xtec.cat\/escolaemilicarles\/wp-json\/wp\/v2\/media?parent=3938"}],"curies":[{"name":"wp","href":"https:\/\/api.w.org\/{rel}","templated":true}]}}