{"id":34,"date":"2014-09-18T12:32:18","date_gmt":"2014-09-18T11:32:18","guid":{"rendered":"http:\/\/agora.xtec.cat\/escolaemilicarles\/?page_id=34"},"modified":"2025-10-21T09:24:42","modified_gmt":"2025-10-21T07:24:42","slug":"oferta-educativa","status":"publish","type":"page","link":"https:\/\/agora.xtec.cat\/escolaemilicarles\/info-escola\/oferta-educativa\/","title":{"rendered":"AFA &#8211; Informaci\u00f3 general"},"content":{"rendered":"<div><\/div>\n<div><\/div>\n<div>\n<p><strong><a href=\"https:\/\/agora.xtec.cat\/escolaemilicarles\/wp-content\/uploads\/usu1732\/2022\/10\/IMG-20220721-WA0005.jpg\"><img loading=\"lazy\" decoding=\"async\" class=\"wp-image-3960 alignright\" src=\"https:\/\/agora.xtec.cat\/escolaemilicarles\/wp-content\/uploads\/usu1732\/2022\/10\/IMG-20220721-WA0005.jpg\" alt=\"\" width=\"638\" height=\"902\" srcset=\"https:\/\/agora.xtec.cat\/escolaemilicarles\/wp-content\/uploads\/usu1732\/2022\/10\/IMG-20220721-WA0005.jpg 1414w, https:\/\/agora.xtec.cat\/escolaemilicarles\/wp-content\/uploads\/usu1732\/2022\/10\/IMG-20220721-WA0005-212x300.jpg 212w, https:\/\/agora.xtec.cat\/escolaemilicarles\/wp-content\/uploads\/usu1732\/2022\/10\/IMG-20220721-WA0005-724x1024.jpg 724w, https:\/\/agora.xtec.cat\/escolaemilicarles\/wp-content\/uploads\/usu1732\/2022\/10\/IMG-20220721-WA0005-768x1086.jpg 768w, https:\/\/agora.xtec.cat\/escolaemilicarles\/wp-content\/uploads\/usu1732\/2022\/10\/IMG-20220721-WA0005-1086x1536.jpg 1086w\" sizes=\"auto, (max-width: 638px) 100vw, 638px\" \/><\/a>Necessites motius per fer-te soci de l\u2019AFA? <\/strong><strong>Te\u2019n donem uns quants<\/strong><\/p>\n<p>Hola a tothom, benvingudes, benvinguts.<\/p>\n<p>Som l\u2019AFA, l\u2019Associaci\u00f3 de Fam\u00edlies d\u2019Alumnes de l\u2019escola Emili, una associaci\u00f3 sense \u00e0nim de lucre adherida a la <a href=\"https:\/\/affac.cat\/\">aFFac<\/a>.<\/p>\n<p>Tenim el convenciment de la import\u00e0ncia que t\u00e9 la participaci\u00f3 de les fam\u00edlies en la tasca educativa que duu a terme l\u2019escola, i per aix\u00f2 ens hem organitzat i ens presentem aix\u00ed en aquest web.<\/p>\n<p>Si l\u2019educaci\u00f3 \u00e9s la principal <strong>eina de progr\u00e9s personal i de tota la societat<\/strong>, creiem que podem i hem de ser corresponsables de la seva bona marxa.<\/p>\n<p>Volem compartir la convicci\u00f3 que una Associaci\u00f3<strong> activa, organitzada i compromesa<\/strong> millora la qualitat del nostre centre educatiu. Quan els infants s\u00f3n conscients de la implicaci\u00f3 de les fam\u00edlies dins la seva escola, <strong>la comunitat educativa s\u2019enriqueix<\/strong>.<\/p>\n<ol>\n<li><strong>Donem veu:<\/strong>\u00a0Les fam\u00edlies volem ser protagonistes en l\u2019educaci\u00f3 de les nostres filles i fills. \u00c9s a trav\u00e9s de l\u2019AFA on ens convertim en actius dins l\u2019escola, mitjan\u00e7ant la participaci\u00f3 de forma oberta i responsable en la vida del centre. L\u2019AFA \u00e9s una pe\u00e7a clau a l\u2019escola.<\/li>\n<li><strong>T\u2019ajudem:<\/strong>\u00a0La log\u00edstica familiar nom\u00e9s \u00e9s possible, en molts casos, gr\u00e0cies a l\u2019Associaci\u00f3 de Fam\u00edlies (AFA), que amb la seva feina desinteressada permet que els infants comencin la jornada a una hora compatible amb els horaris de les fam\u00edlies, dinin a l\u2019escola i facin una activitat pedag\u00f2gica fora d\u2019horari escolar, a un preu assequible, a trav\u00e9s de l\u2019acollida matinal, el servei de menjador i les extraescolars. Sent soci obtindr\u00e0s tarifes m\u00e9s redu\u00efdes en aquelles activitats, serveis i esdeveniments que organitzi, gestioni i coordini l\u2019AFA.<\/li>\n<li><strong>Invertim en l\u2019escola i els infants:<\/strong>\u00a0L\u2019AFA contraresta l\u2019impacte de la crisi i de les retallades al sistema d\u2019educaci\u00f3 p\u00fablic contribuint a dotar de tots els estris i materials necessaris per l\u2019escola pels quals el pressupost ordinari del centre no arriba. L\u2019Associaci\u00f3 destina els diners a, entre d\u2019altres, mobiliari de joc del pati, material i millora d\u2019espais.<\/li>\n<li><strong>Comunicaci\u00f3 amb l\u2019equip directiu:<\/strong>\u00a0L\u2019AFA \u00e9s el principal interlocutor que tenen el personal docent i l\u2019equip directiu per tractar els temes que afecten a tot el col\u00b7lectiu de fam\u00edlies i el projecte de centre. La nostra filosofia \u00e9s ser un lligam que suma en positiu. Sempre tenint en ment que hem de ser cr\u00edtiques, per\u00f2 treballant en la mateixa direcci\u00f3. I \u00e9s que ens veiem com un catalitzador de l\u2019acci\u00f3 educativa del centre i de la bona conviv\u00e8ncia dins de la comunitat.<\/li>\n<\/ol>\n<p>&nbsp;<\/p>\n<p>Des de la participaci\u00f3 volunt\u00e0ria, les fam\u00edlies ens responsabilitzem de desenvolupar projectes i accions pel b\u00e9 d\u2019<strong>una educaci\u00f3 p\u00fablica, de qualitat, catalana, laica, equitativa, inclusiva, gratu\u00efta, democr\u00e0tica, coeducativa, ambientalment sostenible i feminista.<\/strong><\/p>\n<p><u>JUNTA:<\/u><\/p>\n<p>Aqu\u00ed hi podreu trobar la llista de persones que conformen la Junta de l\u2019AFA i els seus c\u00e0rrecs:<\/p>\n<ul>\n<li><strong>Presidenta<\/strong>: David Mol\u00f3n<\/li>\n<li><strong>Vice-Presidenta<\/strong>: Anna Garrido<\/li>\n<li><strong>Secretaria<\/strong>: Carlos Rivero<\/li>\n<li><strong>Tresorera<\/strong>: Vanessa Umert<\/li>\n<\/ul>\n<p>Si us voleu posar en contacte amb nosaltres, ho podeu fer a trav\u00e9s del correu: afa@emilicarles.cat<\/p>\n<ul>\n<li><strong>Com ens organitzem? <\/strong><strong>COMISSIONS<\/strong><\/li>\n<\/ul>\n<p>Desde la participaci\u00f3 volun\u00e0ria, els familiars dels alumnes ens responsabilitzem de desenvolupar projectes i accions pel b\u00e9 de l\u2019educaci\u00f3.<\/p>\n<p>Ens organitzem en diferents comissions de treball:<\/p>\n<p>&nbsp;<\/p>\n<ul>\n<li><strong>COMISSI\u00d3 MENJADOR<\/strong><\/li>\n<\/ul>\n<p>\u2013 Cobrir les necessitats nutritives de l\u2019alumnat.<\/p>\n<p>\u2013 Oferir una dieta diversa, equilibrada i amb quantitat suficient.<\/p>\n<p>\u2013 Fomentar un menjador de proximitat, sostenible i ecol\u00f2gic.<\/p>\n<p>\u2013 Promoure l\u2019adquisici\u00f3 d\u2019h\u00e0bits, actituds i valors socials, alimentaris, d\u2019higiene, salut i de conviv\u00e8ncia.<\/p>\n<p>\u2013 Fomentar que el migdia esdevingui un temps de descans de la jornada escolar amb activitats, jocs i tallers.<\/p>\n<p>&nbsp;<\/p>\n<ul>\n<li><strong>COMISSI\u00d3 EXTRAESCOLARS<\/strong><\/li>\n<\/ul>\n<p>Un dels nostres objectius \u00e9s oferir un espai d\u2019educaci\u00f3 360\u00ba als infants, amb activitats extraescolars que donin continu\u00eftat als valors amb els que s\u2019identifica l\u2019escola.<\/p>\n<p>Oferim extraescolars per despertar i descobrir passions, saber qu\u00e8 els agrada i qu\u00e8 no, quines habilitats tenen, com es poden relacionar amb altres infants fora de l\u2019entorn de la fam\u00edlia i de l\u2019aula, i aprendre en valors, en conviv\u00e8ncia<\/p>\n<p><u>Inscripcions: <\/u><\/p>\n<p>Es fan de manera digital a trav\u00e9s d\u2019un formulari, o presencial, amb el formulari impr\u00e8s i entregat a secretaria. Podeu trobar el formulari a l\u2019apartat \u201cdocuments importants\u201d de la web AFA<\/p>\n<p>Durant tot el curs es poden fer inscripcions, per\u00f2 nom\u00e9s als cursos amb places disponibles i sempre informant a la comissi\u00f3 <a href=\"mailto:extraescolarsemili@gmail.com\">extraescolarsemili@gmail.com<\/a><\/p>\n<p><u>Baixes:<\/u><\/p>\n<p>Les baixes s\u2019han de comunicar per mail\u00a0 <a href=\"mailto:extraescolarsemili@gmail.com\">extraescolarsemili@gmail.com<\/a> abans del dia 25 de cada mes o fi de trimestre. Les baixes durant el mes no suposaran el retorn de la quota d\u2019aquell mes.<\/p>\n<p><u>Extraescolars actuals<\/u><\/p>\n<p>Escalada (Canglomerat)<\/p>\n<p>Angl\u00e8s &#8211; Migdia (mitjans i grans) &#8211; (Idiomes Castellar)<\/p>\n<p>Tokem &#8211; Migdia (usuaris de menjador)<\/p>\n<p>M\u00fasica \u2013 Instrument (Artcadia)<\/p>\n<p>Escacs &#8211; Migdia (usuaris de menjador)<\/p>\n<p>Acollida mat\u00ed (Menjares)<\/p>\n<p>&nbsp;<\/p>\n<ul>\n<li><strong>COMISSI\u00d3 SARAUS<\/strong><\/li>\n<\/ul>\n<p>Aquesta comissi\u00f3 s\u2019encarrega d\u2019organitzar les festes i trobades, carnestoltes, Castellar Vell, festa de fi de curs, berenars \u2026<\/p>\n<p>&nbsp;<\/p>\n<ul>\n<li><strong>COMISSI\u00d3 COMUNICACI\u00d3 I DIFUSI\u00d3<\/strong><\/li>\n<\/ul>\n<p>\u00c9s la comissi\u00f3 encarregada d\u2019elaborar la comunicaci\u00f3 amb les persones inscrites i publicacions a trav\u00e9s de la web, tellfy de l\u2019AFA, panells informatius\u2026<\/p>\n<p>Tamb\u00e9 t\u00e9 com a objectiu revisar el disseny i comercialitzaci\u00f3 (samarretes, \u2026)<\/p>\n<p>&nbsp;<\/p>\n<ul>\n<li><strong>COMISSI\u00d3 PATI<\/strong><\/li>\n<\/ul>\n<p>Els membres de la comissi\u00f3 pati s&#8217;encarrega d\u2019organitzar les jornades de bricolatge, gesti\u00f3 de millora dels espais i gesti\u00f3 de subvencions de manteniment i pati.<\/p>\n<p>&nbsp;<\/p>\n<ul>\n<li><strong>COMISSI\u00d3 SORTIDES FAMILIARS<\/strong><\/li>\n<\/ul>\n<p>Organitzen i gestionen sortides en fam\u00edlia. Per tal de mantenir un caliu entre les fam\u00edlies de l\u2019escola i con\u00e8ixer l\u2019entorn es planteja un calendari de sortides durant el curs, es fan propostes\u00a0 i es coordinen les inscripcions.<\/p>\n<p>&nbsp;<\/p>\n<ul>\n<li><strong>COMISSI\u00d3 SOLIDARITAT<\/strong><\/li>\n<\/ul>\n<p>La Comissi\u00f3 de Solidaritat t\u00e9 com a objectiu la promoci\u00f3 dels valors de la cooperaci\u00f3 i l\u2019educaci\u00f3 per a la solidaritat.<\/p>\n<p>Per aix\u00f2 organitzem durant tot el curs escolar un seguit d\u2019activitats solid\u00e0ries amb les fam\u00edlies i alumnes de l\u2019escola.<\/p>\n<p>Amb aquestes activitats es recapten fons que es destinen a diferents organitzacions solidaries, SUMA+ o al nostre propi projecte amb \u00c9seka.<\/p>\n<p>&nbsp;<\/p>\n<ul>\n<li><strong>COMISSI\u00d3 COEDUCACI\u00d3 I CONVIV\u00c8NCIA<\/strong><\/li>\n<\/ul>\n<p>La Comissi\u00f3 de Coeducaci\u00f3 i conviv\u00e8ncia treballa per fomentar la coeducaci\u00f3, la participaci\u00f3, la conviv\u00e8ncia i la cohesi\u00f3 de la comunitat educativa.<\/p>\n<p>Els objectius que ens hem proposat s\u00f3n:<\/p>\n<ol>\n<li>Facilitar la relaci\u00f3 entre les fam\u00edlies, organitzant accions que ajudin a que les fam\u00edlies es coneguin i interactu\u00efn i, participin en els projectes d\u2019escola: pati obert, tallers&#8230;<\/li>\n<li>Proposar i organitzar xerrades, confer\u00e8ncies, activitats formatives&#8230; per a mestres, alumnat i fam\u00edlies sobre diferents temes: educaci\u00f3 sexual i afectiva, educaci\u00f3 emocional, prevenci\u00f3 de l&#8217;assetjament (psicol\u00f2gic i escolar), \u00fas adequat de les xarxes socials, mort, dol&#8230;<\/li>\n<li>Treballar per la promoci\u00f3 de la igualtat d\u2019oportunitats entre nenes i nens i l\u2019equitat de g\u00e8nere a trav\u00e9s de la sensibilitzaci\u00f3 i la formaci\u00f3 del conjunt de la comunitat educativa.<\/li>\n<li>Coordinar-nos amb l\u2019equip de mestres pel que fa als assumptes relacionats amb la coeducaci\u00f3 i la conviv\u00e8ncia.<\/li>\n<\/ol>\n<ul>\n<li><strong>COMISSI\u00d3 ESTATUTS<\/strong><\/li>\n<\/ul>\n<p>Creaci\u00f3, constituci\u00f3 i actualitzaci\u00f3 dels Estatuts de l\u2019AFA<\/p>\n<p>&nbsp;<\/p>\n<p>Si voleu formar part d\u2019alguna d\u2019aquests comissions envieu un correu a: <a href=\"mailto:afa@emilicarles.cat\">afa@emilicarles.cat<\/a> <strong>Participa activament!<\/strong><\/p>\n<\/div>\n","protected":false},"excerpt":{"rendered":"<p>Necessites motius per fer-te soci de l\u2019AFA? Te\u2019n donem uns quants Hola a tothom, benvingudes, benvinguts. Som l\u2019AFA, l\u2019Associaci\u00f3 de Fam\u00edlies d\u2019Alumnes de l\u2019escola Emili, una associaci\u00f3 sense \u00e0nim de lucre adherida a la aFFac. Tenim el convenciment de la import\u00e0ncia que t\u00e9 la participaci\u00f3 de les fam\u00edlies en la tasca educativa que duu a [&hellip;]<\/p>\n","protected":false},"author":1,"featured_media":0,"parent":564,"menu_order":60,"comment_status":"closed","ping_status":"closed","template":"page-templates\/side-menu.php","meta":{"_bbp_topic_count":0,"_bbp_reply_count":0,"_bbp_total_topic_count":0,"_bbp_total_reply_count":0,"_bbp_voice_count":0,"_bbp_anonymous_reply_count":0,"_bbp_topic_count_hidden":0,"_bbp_reply_count_hidden":0,"_bbp_forum_subforum_count":0,"site-sidebar-layout":"default","site-content-layout":"","ast-site-content-layout":"","site-content-style":"default","site-sidebar-style":"default","ast-global-header-display":"","ast-banner-title-visibility":"","ast-main-header-display":"","ast-hfb-above-header-display":"","ast-hfb-below-header-display":"","ast-hfb-mobile-header-display":"","site-post-title":"","ast-breadcrumbs-content":"","ast-featured-img":"","footer-sml-layout":"","theme-transparent-header-meta":"","adv-header-id-meta":"","stick-header-meta":"","header-above-stick-meta":"","header-main-stick-meta":"","header-below-stick-meta":"","astra-migrate-meta-layouts":"default","ast-page-background-enabled":"default","ast-page-background-meta":{"desktop":{"background-color":"var(--ast-global-color-4)","background-image":"","background-repeat":"repeat","background-position":"center center","background-size":"auto","background-attachment":"scroll","background-type":"","background-media":"","overlay-type":"","overlay-color":"","overlay-opacity":"","overlay-gradient":""},"tablet":{"background-color":"","background-image":"","background-repeat":"repeat","background-position":"center center","background-size":"auto","background-attachment":"scroll","background-type":"","background-media":"","overlay-type":"","overlay-color":"","overlay-opacity":"","overlay-gradient":""},"mobile":{"background-color":"","background-image":"","background-repeat":"repeat","background-position":"center center","background-size":"auto","background-attachment":"scroll","background-type":"","background-media":"","overlay-type":"","overlay-color":"","overlay-opacity":"","overlay-gradient":""}},"ast-content-background-meta":{"desktop":{"background-color":"var(--ast-global-color-5)","background-image":"","background-repeat":"repeat","background-position":"center center","background-size":"auto","background-attachment":"scroll","background-type":"","background-media":"","overlay-type":"","overlay-color":"","overlay-opacity":"","overlay-gradient":""},"tablet":{"background-color":"var(--ast-global-color-5)","background-image":"","background-repeat":"repeat","background-position":"center center","background-size":"auto","background-attachment":"scroll","background-type":"","background-media":"","overlay-type":"","overlay-color":"","overlay-opacity":"","overlay-gradient":""},"mobile":{"background-color":"var(--ast-global-color-5)","background-image":"","background-repeat":"repeat","background-position":"center center","background-size":"auto","background-attachment":"scroll","background-type":"","background-media":"","overlay-type":"","overlay-color":"","overlay-opacity":"","overlay-gradient":""}},"footnotes":""},"class_list":["post-34","page","type-page","status-publish","hentry"],"post_mailing_queue_ids":[],"_links":{"self":[{"href":"https:\/\/agora.xtec.cat\/escolaemilicarles\/wp-json\/wp\/v2\/pages\/34","targetHints":{"allow":["GET"]}}],"collection":[{"href":"https:\/\/agora.xtec.cat\/escolaemilicarles\/wp-json\/wp\/v2\/pages"}],"about":[{"href":"https:\/\/agora.xtec.cat\/escolaemilicarles\/wp-json\/wp\/v2\/types\/page"}],"author":[{"embeddable":true,"href":"https:\/\/agora.xtec.cat\/escolaemilicarles\/wp-json\/wp\/v2\/users\/1"}],"replies":[{"embeddable":true,"href":"https:\/\/agora.xtec.cat\/escolaemilicarles\/wp-json\/wp\/v2\/comments?post=34"}],"version-history":[{"count":7,"href":"https:\/\/agora.xtec.cat\/escolaemilicarles\/wp-json\/wp\/v2\/pages\/34\/revisions"}],"predecessor-version":[{"id":7646,"href":"https:\/\/agora.xtec.cat\/escolaemilicarles\/wp-json\/wp\/v2\/pages\/34\/revisions\/7646"}],"up":[{"embeddable":true,"href":"https:\/\/agora.xtec.cat\/escolaemilicarles\/wp-json\/wp\/v2\/pages\/564"}],"wp:attachment":[{"href":"https:\/\/agora.xtec.cat\/escolaemilicarles\/wp-json\/wp\/v2\/media?parent=34"}],"curies":[{"name":"wp","href":"https:\/\/api.w.org\/{rel}","templated":true}]}}