{"id":64,"date":"2014-09-18T12:39:08","date_gmt":"2014-09-18T12:39:08","guid":{"rendered":"http:\/\/agora.xtec.cat\/escolaelviver\/?page_id=64"},"modified":"2016-09-04T08:15:17","modified_gmt":"2016-09-04T07:15:17","slug":"projecte-educatiu","status":"publish","type":"page","link":"https:\/\/agora.xtec.cat\/escolaelviver\/projecte-educatiu\/","title":{"rendered":"Projecte educatiu"},"content":{"rendered":"<p style=\"text-align: center;\"><strong>PLANTEJAMENT INSTITUCIONAL<\/strong><\/p>\n<p>L\u2019Escola El Viver constitueix el servei d\u2019ensenyament b\u00e0sic del barri de Can Sant Joan. Aquest barri \u00e9s diversificat pel que fa a la seva composici\u00f3 social i cultural i d\u2019aquesta manera queda reflectit en l\u2019heterogene\u00eftat del nostre alumnat.<\/p>\n<p>El Plantejament Institucional de l\u2019Escola El Viver ve configurat pels valors compartits que regeixen el funcionament del centre; la definici\u00f3 de la nostra ra\u00f3 d\u2019\u00e9sser; i la visi\u00f3 compartida de tots els membres de la comunitat educativa, sobre com volem que sigui la nostra escola en el futur.<\/p>\n<p><strong>MISSI\u00d3<\/strong><\/p>\n<p>La missi\u00f3 de l\u2019Escola El Viver \u00e9s oferir al barri de Can Sant Joan, al municipi de Montcada i Reixac i a la societat en general, un servei educatiu de qualitat per a tot l\u2019alumnat d\u2019educaci\u00f3 infantil i prim\u00e0ria, independentment de les seves condicions i caracter\u00edstiques personals.<\/p>\n<p>La nostra missi\u00f3 es esdevenir una veritable escola per a tothom, un espai acollidor on cadascun\/a dels\/de les nostres alumnes obtingui la resposta ajustada a les seves singulars necessitats educatives.<\/p>\n<p>La nostra ra\u00f3 de ser \u00e9s oferir una educaci\u00f3 integral, din\u00e0mica i participativa que ajudi a crear\u00a0 els fonaments per a que l\u2019alumnat adquireixi els \u00a0\u00a0coneixements, les habilitats, les capacitats i l\u2019educaci\u00f3 socioemocional\u00a0 necess\u00e0ria\u00a0 per poder gaudir d\u2019una vida feli\u00e7 i plena, convivint en societat, respectant i acceptant els\/les altres, i sentint-se, a la vegada, valorat\/da i acceptat\/da.<\/p>\n<p><strong>VISI\u00d3<\/strong><\/p>\n<p>Tota la comunitat educativa volem :<\/p>\n<ul>\n<li>Que els\/les nostres alumnes obtinguin uns bons resultats acad\u00e8mics, que els\/les permetin continuar els seus estudis secundaris o post obligatoris.<\/li>\n<li>Els\/les nostres alumnes siguin capa\u00e7os\/ces de gestionar les seves emocions, assoleixin un bon grau d\u2019autonomia personal i desenvolupin una bona autoestima.<\/li>\n<li>Una escola amb persones respectuoses i tolerants, participatives i col\u00b7laboradores,\u00a0 responsables, que valorin l\u2019esfor\u00e7 i que mostrin iniciativa i ganes d\u2019aprendre.<\/li>\n<li>Una escola on l\u2019\u00fas social del catal\u00e0 sigui un fet dins tota la comunitat educativa.<\/li>\n<li>Un major pes de les noves tecnologies al centre.<\/li>\n<li>Un equip hum\u00e0 competent, cohesionat, gener\u00f3s, amb capacitat d\u2019innovaci\u00f3, emp\u00e0tic, obert , flexible , format professionalment i que participi activament en la formaci\u00f3 permanent. Un equip coneixedor i implicat en el projecte educatiu del centre.<\/li>\n<li>Fam\u00edlies implicades en l\u2019educaci\u00f3 dels seus fills i filles, compromeses en el Projecte educatiu del centre. Que participin i tinguin grans expectatives en relaci\u00f3 als proc\u00e9s educatiu dels\/de les seus\/ves fills\/es.<\/li>\n<li>Que el nostre alumnat, les seves fam\u00edlies, els altres centres educatius, el municipi i la societat en general ens coneguin, com una escola cohesionada, innovadora, amb un Projecte Educatiu clar i ben definit .<\/li>\n<\/ul>\n<p><strong>VALORS<\/strong><\/p>\n<p><strong>\u00a0<\/strong>A l\u2019Escola El Viver ens sustentem en els valors de <strong>servei a la societat<\/strong> i de <strong>projecte de futur de l\u2019alumnat<\/strong>, del <strong>respecte vers el medi ambient<\/strong>, de <strong>l\u2019adaptaci\u00f3 als canvis i a les noves tecnologies<\/strong> i de <strong>la promoci\u00f3 de les metodologies de treball participatives. <\/strong><\/p>\n<p>Respecte els valors de servei a la societat,\u00a0 les activitats s\u2019orienten en base a una escola <strong>democr\u00e0tica<\/strong>, <strong>participativa<\/strong> i <strong>dialogant<\/strong>; <strong>respectuosa<\/strong>, <strong>solidaria<\/strong> i <strong>tolerant<\/strong> amb les diferents ideologies i cultures; <strong>integradora<\/strong>, <strong>inclusiva<\/strong> i <strong>coeducativa<\/strong>.<\/p>\n<p>En relaci\u00f3 al projecte de futur de l\u2019alumnat, els valors que impulsem s\u00f3n el <strong>sentiment d\u2019identitat i de pertinen\u00e7a<\/strong>, <strong>l\u2019inter\u00e8s i la motivaci\u00f3 per la descoberta<\/strong> <strong>dels coneixements<\/strong>, <strong>la capacitat d\u2019an\u00e0lisi i el sentit cr\u00edtic<\/strong>; <strong>la cultura de l\u2019esfor\u00e7 i la capacitat de treballar amb els\/les altres<\/strong>.<\/p>\n<p>En global a l\u2019escola volem que els nostres nens i nenes adquireixin les compet\u00e8ncies b\u00e0siques en els aprenentatges i que tinguin una visi\u00f3 positiva de la vida, siguin feli\u00e7os i gaudeixin d\u2019una vida plena.<\/p>\n","protected":false},"excerpt":{"rendered":"<p>PLANTEJAMENT INSTITUCIONAL<br \/>\nL\u2019Escola El Viver constitueix el servei d\u2019ensenyament b\u00e0sic del barri de Can Sant Joan. Aquest barri \u00e9s diversificat pel que fa a la seva composici\u00f3 social i cultural i d\u2019aquesta manera queda reflectit en l\u2019heterogene\u00eftat del nostre alumnat.<br \/>\nEl Plantejament Institucional de l\u2019Escola El Viver&hellip;  <a href=\"https:\/\/agora.xtec.cat\/escolaelviver\/projecte-educatiu\/\" title=\"Read Projecte educatiu\">Llegeix m\u00e9s\u00bb<\/a><\/p>\n","protected":false},"author":2,"featured_media":0,"parent":0,"menu_order":0,"comment_status":"closed","ping_status":"closed","template":"page-templates\/side-menu.php","meta":{"_bbp_topic_count":0,"_bbp_reply_count":0,"_bbp_total_topic_count":0,"_bbp_total_reply_count":0,"_bbp_voice_count":0,"_bbp_anonymous_reply_count":0,"_bbp_topic_count_hidden":0,"_bbp_reply_count_hidden":0,"_bbp_forum_subforum_count":0,"footnotes":""},"class_list":["post-64","page","type-page","status-publish","hentry"],"post_mailing_queue_ids":[],"_links":{"self":[{"href":"https:\/\/agora.xtec.cat\/escolaelviver\/wp-json\/wp\/v2\/pages\/64","targetHints":{"allow":["GET"]}}],"collection":[{"href":"https:\/\/agora.xtec.cat\/escolaelviver\/wp-json\/wp\/v2\/pages"}],"about":[{"href":"https:\/\/agora.xtec.cat\/escolaelviver\/wp-json\/wp\/v2\/types\/page"}],"author":[{"embeddable":true,"href":"https:\/\/agora.xtec.cat\/escolaelviver\/wp-json\/wp\/v2\/users\/2"}],"replies":[{"embeddable":true,"href":"https:\/\/agora.xtec.cat\/escolaelviver\/wp-json\/wp\/v2\/comments?post=64"}],"version-history":[{"count":3,"href":"https:\/\/agora.xtec.cat\/escolaelviver\/wp-json\/wp\/v2\/pages\/64\/revisions"}],"predecessor-version":[{"id":322,"href":"https:\/\/agora.xtec.cat\/escolaelviver\/wp-json\/wp\/v2\/pages\/64\/revisions\/322"}],"wp:attachment":[{"href":"https:\/\/agora.xtec.cat\/escolaelviver\/wp-json\/wp\/v2\/media?parent=64"}],"curies":[{"name":"wp","href":"https:\/\/api.w.org\/{rel}","templated":true}]}}

<p style="text-align: center;"><strong>PLANTEJAMENT INSTITUCIONAL</strong></p>
<p>L’Escola El Viver constitueix el servei d’ensenyament bàsic del barri de Can Sant Joan. Aquest barri és diversificat pel que fa a la seva composició social i cultural i d’aquesta manera queda reflectit en l’heterogeneïtat del nostre alumnat.</p>
<p>El Plantejament Institucional de l’Escola El Viver ve configurat pels valors compartits que regeixen el funcionament del centre; la definició de la nostra raó d’ésser; i la visió compartida de tots els membres de la comunitat educativa, sobre com volem que sigui la nostra escola en el futur.</p>
<p><strong>MISSIÓ</strong></p>
<p>La missió de l’Escola El Viver és oferir al barri de Can Sant Joan, al municipi de Montcada i Reixac i a la societat en general, un servei educatiu de qualitat per a tot l’alumnat d’educació infantil i primària, independentment de les seves condicions i característiques personals.</p>
<p>La nostra missió es esdevenir una veritable escola per a tothom, un espai acollidor on cadascun/a dels/de les nostres alumnes obtingui la resposta ajustada a les seves singulars necessitats educatives.</p>
<p>La nostra raó de ser és oferir una educació integral, dinàmica i participativa que ajudi a crear  els fonaments per a que l’alumnat adquireixi els   coneixements, les habilitats, les capacitats i l’educació socioemocional  necessària  per poder gaudir d’una vida feliç i plena, convivint en societat, respectant i acceptant els/les altres, i sentint-se, a la vegada, valorat/da i acceptat/da.</p>
<p><strong>VISIÓ</strong></p>
<p>Tota la comunitat educativa volem :</p>
<ul>
<li>Que els/les nostres alumnes obtinguin uns bons resultats acadèmics, que els/les permetin continuar els seus estudis secundaris o post obligatoris.</li>
<li>Els/les nostres alumnes siguin capaços/ces de gestionar les seves emocions, assoleixin un bon grau d’autonomia personal i desenvolupin una bona autoestima.</li>
<li>Una escola amb persones respectuoses i tolerants, participatives i col·laboradores,  responsables, que valorin l’esforç i que mostrin iniciativa i ganes d’aprendre.</li>
<li>Una escola on l’ús social del català sigui un fet dins tota la comunitat educativa.</li>
<li>Un major pes de les noves tecnologies al centre.</li>
<li>Un equip humà competent, cohesionat, generós, amb capacitat d’innovació, empàtic, obert , flexible , format professionalment i que participi activament en la formació permanent. Un equip coneixedor i implicat en el projecte educatiu del centre.</li>
<li>Famílies implicades en l’educació dels seus fills i filles, compromeses en el Projecte educatiu del centre. Que participin i tinguin grans expectatives en relació als procés educatiu dels/de les seus/ves fills/es.</li>
<li>Que el nostre alumnat, les seves famílies, els altres centres educatius, el municipi i la societat en general ens coneguin, com una escola cohesionada, innovadora, amb un Projecte Educatiu clar i ben definit .</li>
</ul>
<p><strong>VALORS</strong></p>
<p><strong> </strong>A l’Escola El Viver ens sustentem en els valors de <strong>servei a la societat</strong> i de <strong>projecte de futur de l’alumnat</strong>, del <strong>respecte vers el medi ambient</strong>, de <strong>l’adaptació als canvis i a les noves tecnologies</strong> i de <strong>la promoció de les metodologies de treball participatives. </strong></p>
<p>Respecte els valors de servei a la societat,  les activitats s’orienten en base a una escola <strong>democràtica</strong>, <strong>participativa</strong> i <strong>dialogant</strong>; <strong>respectuosa</strong>, <strong>solidaria</strong> i <strong>tolerant</strong> amb les diferents ideologies i cultures; <strong>integradora</strong>, <strong>inclusiva</strong> i <strong>coeducativa</strong>.</p>
<p>En relació al projecte de futur de l’alumnat, els valors que impulsem són el <strong>sentiment d’identitat i de pertinença</strong>, <strong>l’interès i la motivació per la descoberta</strong> <strong>dels coneixements</strong>, <strong>la capacitat d’anàlisi i el sentit crític</strong>; <strong>la cultura de l’esforç i la capacitat de treballar amb els/les altres</strong>.</p>
<p>En global a l’escola volem que els nostres nens i nenes adquireixin les competències bàsiques en els aprenentatges i que tinguin una visió positiva de la vida, siguin feliços i gaudeixin d’una vida plena.</p>

<p>PLANTEJAMENT INSTITUCIONAL<br />
L’Escola El Viver constitueix el servei d’ensenyament bàsic del barri de Can Sant Joan. Aquest barri és diversificat pel que fa a la seva composició social i cultural i d’aquesta manera queda reflectit en l’heterogeneïtat del nostre alumnat.<br />
El Plantejament Institucional de l’Escola El Viver&hellip;  <a href="https://agora.xtec.cat/escolaelviver/projecte-educatiu/" title="Read Projecte educatiu">Llegeix més»</a></p>
