{"id":36,"date":"2014-09-18T12:33:11","date_gmt":"2014-09-18T12:33:11","guid":{"rendered":"http:\/\/agora.xtec.cat\/escolaelviver\/?page_id=36"},"modified":"2019-02-05T09:57:58","modified_gmt":"2019-02-05T08:57:58","slug":"consell-escolar","status":"publish","type":"page","link":"https:\/\/agora.xtec.cat\/escolaelviver\/lescola\/consell-escolar\/","title":{"rendered":"Consell escolar"},"content":{"rendered":"<p>&nbsp;<\/p>\n<div id=\"bloc1\" class=\"panel-collapse collapse in\">\n<div class=\"col-xs-12\">\n<div class=\"cos_bloc basic_text_peq pd-15\">\n<div class=\"panel panel-default\">\n<div class=\"panel-heading\">\n<div class=\"panel-heading\">\n<h2 class=\"panel-title\"><a class=\"\" href=\"http:\/\/ensenyament.gencat.cat\/ca\/arees-actuacio\/centres-serveis-educatius\/centres\/consells-escolars-centres\/centres-publics\/#bloc1\" data-toggle=\"collapse\" data-parent=\"#acordio_distribuidora\">Funcions<\/a><\/h2>\n<\/div>\n<div id=\"bloc1\" class=\"panel-collapse collapse in\">\n<div class=\"col-xs-12\">\n<div class=\"cos_bloc basic_text_peq pd-15\">\n<p>Corresponen al consell escolar les funcions seg\u00fcents:<\/p>\n<ul>\n<li>Participar en l&#8217;aprovaci\u00f3 del projecte educatiu i les seves modificacions. El consell escolar ha de ser consultat pel director de manera preceptiva per valorar la proposta del projecte educatiu i manifestar el seu suport amb una majoria de les tres cinquenes parts dels membres.<\/li>\n<li>Participar en l&#8217;aprovaci\u00f3 de la programaci\u00f3 general anual, de les normes de funcionament i de la gesti\u00f3 econ\u00f2mica del centre. El consell escolar ha de ser consultat de manera preceptiva per valorar cada una de les propostes i manifestar el seu suport per majoria simple dels membres.<\/li>\n<li>Avaluar l&#8217;aplicaci\u00f3 del projecte educatiu i de les seves modificacions aix\u00ed com de la resta de documents de gesti\u00f3 del centre.<\/li>\n<li>Aprovar les propostes d&#8217;acords de coresponsabilitat, convenis i altres acords de col\u00b7laboraci\u00f3 del centre amb entitats i institucions.<\/li>\n<li>Intervenir en el procediment d&#8217;admissi\u00f3 d&#8217;alumnes.<\/li>\n<li>Participar en el procediment de selecci\u00f3 i en la proposta de cessament del director o directora.<\/li>\n<li>Intervenir en la resoluci\u00f3 dels conflictes i, si escau, revisar les sancions als alumnes.<\/li>\n<li>Aprovar les directrius per a la programaci\u00f3 d&#8217;activitats escolars complement\u00e0ries i d&#8217;activitats extraescolars, i avaluar-ne el desenvolupament.<\/li>\n<li>Participar en les an\u00e0lisis i les avaluacions del funcionament general del centre i con\u00e8ixer l&#8217;evoluci\u00f3 del rendiment escolar.<\/li>\n<li>Aprovar els criteris de col\u00b7laboraci\u00f3 amb altres centres i amb l&#8217;entorn.<\/li>\n<li>Qualsevol altre que li sigui atribu\u00efda per les normes legals o reglament\u00e0ries.<\/li>\n<\/ul>\n<\/div>\n<\/div>\n<\/div>\n<h2 class=\"panel-title\"><a class=\"\" href=\"http:\/\/ensenyament.gencat.cat\/ca\/arees-actuacio\/centres-serveis-educatius\/centres\/consells-escolars-centres\/centres-publics\/#bloc5\" data-toggle=\"collapse\" data-parent=\"#acordio_distribuidora\">Funcionament<\/a><\/h2>\n<\/div>\n<div id=\"bloc5\" class=\"panel-collapse collapse in\">\n<div class=\"col-xs-12\">\n<div class=\"cos_bloc basic_text_peq pd-15\">\n<p>El consell escolar ha d&#8217;aprovar les seves normes de funcionament. En all\u00f2 que no estigui previst s&#8217;han d&#8217;aplicar les normes reguladores dels \u00f2rgans col\u00b7legiats de l&#8217;Administraci\u00f3 de la Generalitat.<\/p>\n<p>El consell escolar del centre es reuneix preceptivament una vegada al trimestre i sempre que el convoca el director o directora del centre o ho sol\u00b7licita al menys un ter\u00e7 de les seves persones membres. A m\u00e9s, s&#8217;ha de fer una reuni\u00f3 a principi de curs i una altra a la seva finalitzaci\u00f3.<\/p>\n<p>El consell escolar actua normalment en ple. Es poden constituir comissions espec\u00edfiques d\u2019estudi i informaci\u00f3, a les quals, en tot cas, s\u2019hi ha d\u2019incorporar la direcci\u00f3 del centre, o en la seva representaci\u00f3, un altre \u00f2rgan\u00a0unipersonal de direcci\u00f3,\u00a0un professor o professora, i un alumne o alumna o un representant o una representant de les mares i els pares. Els centres de titularitat p\u00fablica, a m\u00e9s, hi ha d&#8217;haver preceptivament\u00a0una <strong>comissi\u00f3 econ\u00f2mica<\/strong> que supervisa la gesti\u00f3 econ\u00f2mica del centre.<\/p>\n<div class=\"panel-heading\">\n<h2 class=\"panel-title\"><a class=\"\" href=\"http:\/\/ensenyament.gencat.cat\/ca\/arees-actuacio\/centres-serveis-educatius\/centres\/consells-escolars-centres\/centres-publics\/#bloc1\" data-toggle=\"collapse\" data-parent=\"#acordio_distribuidora\">Composici\u00f3 del nostre Consell Escolar<\/a><\/h2>\n<\/div>\n<div id=\"bloc1\" class=\"panel-collapse collapse in\">\n<div class=\"col-xs-12\">\n<div class=\"cos_bloc basic_text_peq pd-15\">\n<table>\n<tbody>\n<tr>\n<td>Presidenta del Consell<\/td>\n<td>Conxita Roca<\/td>\n<\/tr>\n<tr>\n<td>Cap d&#8217;Estudis<\/td>\n<td>Al\u00edcia Cuello<\/td>\n<\/tr>\n<tr>\n<td>Representant de l&#8217;Ajuntament<\/td>\n<td>J\u00e9ssica Segovia<\/td>\n<\/tr>\n<tr>\n<td>Representant dels Mestres<\/td>\n<td>Silvia Climent<\/td>\n<\/tr>\n<tr>\n<td>Representant dels Mestres<\/td>\n<td>Paula Sanchis<\/td>\n<\/tr>\n<tr>\n<td>Representant dels Mestres<\/td>\n<td>Daniel Costa<\/td>\n<\/tr>\n<tr>\n<td>Representant dels Mestres<\/td>\n<td>Elisabet Guitart<\/td>\n<\/tr>\n<tr>\n<td>Representant dels Mestres<\/td>\n<td>Chelo Garc\u00eda<\/td>\n<\/tr>\n<tr>\n<td>Representant de les fam\u00edlies<\/td>\n<td>Marta Cana<\/td>\n<\/tr>\n<tr>\n<td>Representant de les fam\u00edlies<\/td>\n<td>Olga Gisbert<\/td>\n<\/tr>\n<tr>\n<td>Representant de les fam\u00edlies<\/td>\n<td>M\u00aa\u00c1ngeles Jaro<\/td>\n<\/tr>\n<tr>\n<td>Representant de les fam\u00edlies<\/td>\n<td>M\u00aaDolores Povedano<\/td>\n<\/tr>\n<tr>\n<td>Representant de l&#8217;AMPA<\/td>\n<td>J\u00e9nifer Mu\u00f1oz<\/td>\n<\/tr>\n<tr>\n<td>Secret\u00e0ria del Consell<\/td>\n<td>M\u00aa\u00c0ngels \u00c0lvarez<\/td>\n<\/tr>\n<\/tbody>\n<\/table>\n<\/div>\n<\/div>\n<\/div>\n<\/div>\n<\/div>\n<\/div>\n<\/div>\n<\/div>\n<\/div>\n<\/div>\n","protected":false},"excerpt":{"rendered":"<p>&nbsp;<\/p>\n<p><a class=\"\" href=\"http:\/\/ensenyament.gencat.cat\/ca\/arees-actuacio\/centres-serveis-educatius\/centres\/consells-escolars-centres\/centres-publics\/#bloc1\" data-toggle=\"collapse\" data-parent=\"#acordio_distribuidora\">Funcions<\/a><\/p>\n<p>Corresponen al consell escolar les funcions seg\u00fcents:<\/p>\n<ul>\n<li>Participar en l&#8217;aprovaci\u00f3 del projecte educatiu i les seves modificacions. El consell escolar ha de ser consultat pel director de manera preceptiva per valorar la proposta del projecte educatiu i manifestar el seu suport amb&hellip;  <a href=\"https:\/\/agora.xtec.cat\/escolaelviver\/lescola\/consell-escolar\/\" title=\"Read Consell escolar\">Llegeix m\u00e9s\u00bb<\/a><br \/>\n","protected":false},"author":2,"featured_media":0,"parent":22,"menu_order":6,"comment_status":"closed","ping_status":"closed","template":"page-templates\/side-menu.php","meta":{"_bbp_topic_count":0,"_bbp_reply_count":0,"_bbp_total_topic_count":0,"_bbp_total_reply_count":0,"_bbp_voice_count":0,"_bbp_anonymous_reply_count":0,"_bbp_topic_count_hidden":0,"_bbp_reply_count_hidden":0,"_bbp_forum_subforum_count":0,"footnotes":""},"class_list":["post-36","page","type-page","status-publish","hentry"],"post_mailing_queue_ids":[],"_links":{"self":[{"href":"https:\/\/agora.xtec.cat\/escolaelviver\/wp-json\/wp\/v2\/pages\/36","targetHints":{"allow":["GET"]}}],"collection":[{"href":"https:\/\/agora.xtec.cat\/escolaelviver\/wp-json\/wp\/v2\/pages"}],"about":[{"href":"https:\/\/agora.xtec.cat\/escolaelviver\/wp-json\/wp\/v2\/types\/page"}],"author":[{"embeddable":true,"href":"https:\/\/agora.xtec.cat\/escolaelviver\/wp-json\/wp\/v2\/users\/2"}],"replies":[{"embeddable":true,"href":"https:\/\/agora.xtec.cat\/escolaelviver\/wp-json\/wp\/v2\/comments?post=36"}],"version-history":[{"count":4,"href":"https:\/\/agora.xtec.cat\/escolaelviver\/wp-json\/wp\/v2\/pages\/36\/revisions"}],"predecessor-version":[{"id":3414,"href":"https:\/\/agora.xtec.cat\/escolaelviver\/wp-json\/wp\/v2\/pages\/36\/revisions\/3414"}],"up":[{"embeddable":true,"href":"https:\/\/agora.xtec.cat\/escolaelviver\/wp-json\/wp\/v2\/pages\/22"}],"wp:attachment":[{"href":"https:\/\/agora.xtec.cat\/escolaelviver\/wp-json\/wp\/v2\/media?parent=36"}],"curies":[{"name":"wp","href":"https:\/\/api.w.org\/{rel}","templated":true}]}}

<p>&nbsp;</p>
<div id="bloc1" class="panel-collapse collapse in">
<div class="col-xs-12">
<div class="cos_bloc basic_text_peq pd-15">
<div class="panel panel-default">
<div class="panel-heading">
<div class="panel-heading">
<h2 class="panel-title"><a class="" href="http://ensenyament.gencat.cat/ca/arees-actuacio/centres-serveis-educatius/centres/consells-escolars-centres/centres-publics/#bloc1" data-toggle="collapse" data-parent="#acordio_distribuidora">Funcions</a></h2>
</div>
<div id="bloc1" class="panel-collapse collapse in">
<div class="col-xs-12">
<div class="cos_bloc basic_text_peq pd-15">
<p>Corresponen al consell escolar les funcions següents:</p>
<ul>
<li>Participar en l&#8217;aprovació del projecte educatiu i les seves modificacions. El consell escolar ha de ser consultat pel director de manera preceptiva per valorar la proposta del projecte educatiu i manifestar el seu suport amb una majoria de les tres cinquenes parts dels membres.</li>
<li>Participar en l&#8217;aprovació de la programació general anual, de les normes de funcionament i de la gestió econòmica del centre. El consell escolar ha de ser consultat de manera preceptiva per valorar cada una de les propostes i manifestar el seu suport per majoria simple dels membres.</li>
<li>Avaluar l&#8217;aplicació del projecte educatiu i de les seves modificacions així com de la resta de documents de gestió del centre.</li>
<li>Aprovar les propostes d&#8217;acords de coresponsabilitat, convenis i altres acords de col·laboració del centre amb entitats i institucions.</li>
<li>Intervenir en el procediment d&#8217;admissió d&#8217;alumnes.</li>
<li>Participar en el procediment de selecció i en la proposta de cessament del director o directora.</li>
<li>Intervenir en la resolució dels conflictes i, si escau, revisar les sancions als alumnes.</li>
<li>Aprovar les directrius per a la programació d&#8217;activitats escolars complementàries i d&#8217;activitats extraescolars, i avaluar-ne el desenvolupament.</li>
<li>Participar en les anàlisis i les avaluacions del funcionament general del centre i conèixer l&#8217;evolució del rendiment escolar.</li>
<li>Aprovar els criteris de col·laboració amb altres centres i amb l&#8217;entorn.</li>
<li>Qualsevol altre que li sigui atribuïda per les normes legals o reglamentàries.</li>
</ul>
</div>
</div>
</div>
<h2 class="panel-title"><a class="" href="http://ensenyament.gencat.cat/ca/arees-actuacio/centres-serveis-educatius/centres/consells-escolars-centres/centres-publics/#bloc5" data-toggle="collapse" data-parent="#acordio_distribuidora">Funcionament</a></h2>
</div>
<div id="bloc5" class="panel-collapse collapse in">
<div class="col-xs-12">
<div class="cos_bloc basic_text_peq pd-15">
<p>El consell escolar ha d&#8217;aprovar les seves normes de funcionament. En allò que no estigui previst s&#8217;han d&#8217;aplicar les normes reguladores dels òrgans col·legiats de l&#8217;Administració de la Generalitat.</p>
<p>El consell escolar del centre es reuneix preceptivament una vegada al trimestre i sempre que el convoca el director o directora del centre o ho sol·licita al menys un terç de les seves persones membres. A més, s&#8217;ha de fer una reunió a principi de curs i una altra a la seva finalització.</p>
<p>El consell escolar actua normalment en ple. Es poden constituir comissions específiques d’estudi i informació, a les quals, en tot cas, s’hi ha d’incorporar la direcció del centre, o en la seva representació, un altre òrgan unipersonal de direcció, un professor o professora, i un alumne o alumna o un representant o una representant de les mares i els pares. Els centres de titularitat pública, a més, hi ha d&#8217;haver preceptivament una <strong>comissió econòmica</strong> que supervisa la gestió econòmica del centre.</p>
<div class="panel-heading">
<h2 class="panel-title"><a class="" href="http://ensenyament.gencat.cat/ca/arees-actuacio/centres-serveis-educatius/centres/consells-escolars-centres/centres-publics/#bloc1" data-toggle="collapse" data-parent="#acordio_distribuidora">Composició del nostre Consell Escolar</a></h2>
</div>
<div id="bloc1" class="panel-collapse collapse in">
<div class="col-xs-12">
<div class="cos_bloc basic_text_peq pd-15">
<table>
<tbody>
<tr>
<td>Presidenta del Consell</td>
<td>Conxita Roca</td>
</tr>
<tr>
<td>Cap d&#8217;Estudis</td>
<td>Alícia Cuello</td>
</tr>
<tr>
<td>Representant de l&#8217;Ajuntament</td>
<td>Jéssica Segovia</td>
</tr>
<tr>
<td>Representant dels Mestres</td>
<td>Silvia Climent</td>
</tr>
<tr>
<td>Representant dels Mestres</td>
<td>Paula Sanchis</td>
</tr>
<tr>
<td>Representant dels Mestres</td>
<td>Daniel Costa</td>
</tr>
<tr>
<td>Representant dels Mestres</td>
<td>Elisabet Guitart</td>
</tr>
<tr>
<td>Representant dels Mestres</td>
<td>Chelo García</td>
</tr>
<tr>
<td>Representant de les famílies</td>
<td>Marta Cana</td>
</tr>
<tr>
<td>Representant de les famílies</td>
<td>Olga Gisbert</td>
</tr>
<tr>
<td>Representant de les famílies</td>
<td>MªÁngeles Jaro</td>
</tr>
<tr>
<td>Representant de les famílies</td>
<td>MªDolores Povedano</td>
</tr>
<tr>
<td>Representant de l&#8217;AMPA</td>
<td>Jénifer Muñoz</td>
</tr>
<tr>
<td>Secretària del Consell</td>
<td>MªÀngels Àlvarez</td>
</tr>
</tbody>
</table>
</div>
</div>
</div>
</div>
</div>
</div>
</div>
</div>
</div>
</div>

<p>&nbsp;</p>
<p><a class="" href="http://ensenyament.gencat.cat/ca/arees-actuacio/centres-serveis-educatius/centres/consells-escolars-centres/centres-publics/#bloc1" data-toggle="collapse" data-parent="#acordio_distribuidora">Funcions</a></p>
<p>Corresponen al consell escolar les funcions següents:</p>
<ul>
<li>Participar en l&#8217;aprovació del projecte educatiu i les seves modificacions. El consell escolar ha de ser consultat pel director de manera preceptiva per valorar la proposta del projecte educatiu i manifestar el seu suport amb&hellip;  <a href="https://agora.xtec.cat/escolaelviver/lescola/consell-escolar/" title="Read Consell escolar">Llegeix més»</a><br />
