{"id":34,"date":"2014-09-18T12:32:18","date_gmt":"2014-09-18T12:32:18","guid":{"rendered":"http:\/\/agora.xtec.cat\/escolaelviver\/?page_id=34"},"modified":"2019-02-05T09:55:51","modified_gmt":"2019-02-05T08:55:51","slug":"oferta-educativa","status":"publish","type":"page","link":"https:\/\/agora.xtec.cat\/escolaelviver\/lescola\/oferta-educativa\/","title":{"rendered":"Oferta educativa"},"content":{"rendered":"<h4><strong>\u00a0<\/strong><\/h4>\n<p><img loading=\"lazy\" decoding=\"async\" class=\"size-full wp-image-339 aligncenter\" src=\"http:\/\/agora.xtec.cat\/escolaelviver\/wp-content\/uploads\/usu460\/2014\/09\/DSC_0379-1.jpg\" alt=\"????????????????????????????????????\" width=\"448\" height=\"298\" srcset=\"https:\/\/agora.xtec.cat\/escolaelviver\/wp-content\/uploads\/usu460\/2014\/09\/DSC_0379-1.jpg 448w, https:\/\/agora.xtec.cat\/escolaelviver\/wp-content\/uploads\/usu460\/2014\/09\/DSC_0379-1-300x200.jpg 300w\" sizes=\"auto, (max-width: 448px) 100vw, 448px\" \/><\/p>\n<h2 style=\"text-align: center;\">La nostra escola \u00e9s un centre educatiu<\/h2>\n<h2 style=\"text-align: center;\">de dues l\u00ednies des de P3 fins a 6\u00e8 de Prim\u00e0ria.<\/h2>\n<h2 style=\"text-align: center;\">El curs 2019-20 el centre passar\u00e0 a ser Institut Escola i<\/h2>\n<h2 style=\"text-align: center;\">es far\u00e0 l&#8217;Educaci\u00f3 Secund\u00e0ria Obligat\u00f2ria.<\/h2>\n<h3 style=\"text-align: center;\"><strong>Curs 2019-20 es far\u00e0 1r d&#8217;ESO<\/strong><\/h3>\n<h3 style=\"text-align: center;\"><strong>Curs 2020-21 es far\u00e0 1r i 2n d&#8217;ESO<\/strong><\/h3>\n<h3 style=\"text-align: center;\"><strong>Curs 2021-22 es far\u00e0 1r, 2n i 3r d&#8217;ESO<\/strong><\/h3>\n<h3 style=\"text-align: center;\"><strong>Curs 2022-23 es far\u00e0 tota l&#8217;etapa, 1r, 2n, 3r i 4t d&#8217;ESO<\/strong><\/h3>\n<p>&nbsp;<\/p>\n<p>&nbsp;<\/p>\n<p>&nbsp;<\/p>\n<p><a href=\"http:\/\/agora.xtec.cat\/escolaelviver\/wp-content\/uploads\/usu460\/2014\/09\/ofertaprim-3.jpg\"><img loading=\"lazy\" decoding=\"async\" class=\"size-large wp-image-340 aligncenter\" src=\"http:\/\/agora.xtec.cat\/escolaelviver\/wp-content\/uploads\/usu460\/2014\/09\/ofertaprim-3.jpg\" alt=\"????????????????????????????????????\" width=\"448\" height=\"298\" srcset=\"https:\/\/agora.xtec.cat\/escolaelviver\/wp-content\/uploads\/usu460\/2014\/09\/ofertaprim-3.jpg 448w, https:\/\/agora.xtec.cat\/escolaelviver\/wp-content\/uploads\/usu460\/2014\/09\/ofertaprim-3-300x200.jpg 300w\" sizes=\"auto, (max-width: 448px) 100vw, 448px\" \/><\/a><\/p>\n","protected":false},"excerpt":{"rendered":"<p>\u00a0<\/p>\n<p>La nostra escola \u00e9s un centre educatiu<br \/>\nde dues l\u00ednies des de P3 fins a 6\u00e8 de Prim\u00e0ria.<br \/>\nEl curs 2019-20 el centre passar\u00e0 a ser Institut Escola i<br \/>\nes far\u00e0 l&#8217;Educaci\u00f3 Secund\u00e0ria Obligat\u00f2ria.<br \/>\nCurs 2019-20 es far\u00e0 1r d&#8217;ESO<br \/>\nCurs 2020-21 es far\u00e0 1r i 2n d&#8217;ESO<br \/>\nCurs 2021-22 es&hellip;  <a href=\"https:\/\/agora.xtec.cat\/escolaelviver\/lescola\/oferta-educativa\/\" title=\"Read Oferta educativa\">Llegeix m\u00e9s\u00bb<\/a><\/p>\n","protected":false},"author":2,"featured_media":0,"parent":22,"menu_order":5,"comment_status":"closed","ping_status":"closed","template":"page-templates\/side-menu.php","meta":{"_bbp_topic_count":0,"_bbp_reply_count":0,"_bbp_total_topic_count":0,"_bbp_total_reply_count":0,"_bbp_voice_count":0,"_bbp_anonymous_reply_count":0,"_bbp_topic_count_hidden":0,"_bbp_reply_count_hidden":0,"_bbp_forum_subforum_count":0,"footnotes":""},"class_list":["post-34","page","type-page","status-publish","hentry"],"post_mailing_queue_ids":[],"_links":{"self":[{"href":"https:\/\/agora.xtec.cat\/escolaelviver\/wp-json\/wp\/v2\/pages\/34","targetHints":{"allow":["GET"]}}],"collection":[{"href":"https:\/\/agora.xtec.cat\/escolaelviver\/wp-json\/wp\/v2\/pages"}],"about":[{"href":"https:\/\/agora.xtec.cat\/escolaelviver\/wp-json\/wp\/v2\/types\/page"}],"author":[{"embeddable":true,"href":"https:\/\/agora.xtec.cat\/escolaelviver\/wp-json\/wp\/v2\/users\/2"}],"replies":[{"embeddable":true,"href":"https:\/\/agora.xtec.cat\/escolaelviver\/wp-json\/wp\/v2\/comments?post=34"}],"version-history":[{"count":4,"href":"https:\/\/agora.xtec.cat\/escolaelviver\/wp-json\/wp\/v2\/pages\/34\/revisions"}],"predecessor-version":[{"id":3413,"href":"https:\/\/agora.xtec.cat\/escolaelviver\/wp-json\/wp\/v2\/pages\/34\/revisions\/3413"}],"up":[{"embeddable":true,"href":"https:\/\/agora.xtec.cat\/escolaelviver\/wp-json\/wp\/v2\/pages\/22"}],"wp:attachment":[{"href":"https:\/\/agora.xtec.cat\/escolaelviver\/wp-json\/wp\/v2\/media?parent=34"}],"curies":[{"name":"wp","href":"https:\/\/api.w.org\/{rel}","templated":true}]}}

<h4><strong> </strong></h4>
<p><img loading="lazy" decoding="async" class="size-full wp-image-339 aligncenter" src="http://agora.xtec.cat/escolaelviver/wp-content/uploads/usu460/2014/09/DSC_0379-1.jpg" alt="????????????????????????????????????" width="448" height="298" srcset="https://agora.xtec.cat/escolaelviver/wp-content/uploads/usu460/2014/09/DSC_0379-1.jpg 448w, https://agora.xtec.cat/escolaelviver/wp-content/uploads/usu460/2014/09/DSC_0379-1-300x200.jpg 300w" sizes="auto, (max-width: 448px) 100vw, 448px" /></p>
<h2 style="text-align: center;">La nostra escola és un centre educatiu</h2>
<h2 style="text-align: center;">de dues línies des de P3 fins a 6è de Primària.</h2>
<h2 style="text-align: center;">El curs 2019-20 el centre passarà a ser Institut Escola i</h2>
<h2 style="text-align: center;">es farà l&#8217;Educació Secundària Obligatòria.</h2>
<h3 style="text-align: center;"><strong>Curs 2019-20 es farà 1r d&#8217;ESO</strong></h3>
<h3 style="text-align: center;"><strong>Curs 2020-21 es farà 1r i 2n d&#8217;ESO</strong></h3>
<h3 style="text-align: center;"><strong>Curs 2021-22 es farà 1r, 2n i 3r d&#8217;ESO</strong></h3>
<h3 style="text-align: center;"><strong>Curs 2022-23 es farà tota l&#8217;etapa, 1r, 2n, 3r i 4t d&#8217;ESO</strong></h3>
<p>&nbsp;</p>
<p>&nbsp;</p>
<p>&nbsp;</p>
<p><a href="http://agora.xtec.cat/escolaelviver/wp-content/uploads/usu460/2014/09/ofertaprim-3.jpg"><img loading="lazy" decoding="async" class="size-large wp-image-340 aligncenter" src="http://agora.xtec.cat/escolaelviver/wp-content/uploads/usu460/2014/09/ofertaprim-3.jpg" alt="????????????????????????????????????" width="448" height="298" srcset="https://agora.xtec.cat/escolaelviver/wp-content/uploads/usu460/2014/09/ofertaprim-3.jpg 448w, https://agora.xtec.cat/escolaelviver/wp-content/uploads/usu460/2014/09/ofertaprim-3-300x200.jpg 300w" sizes="auto, (max-width: 448px) 100vw, 448px" /></a></p>

<p> </p>
<p>La nostra escola és un centre educatiu<br />
de dues línies des de P3 fins a 6è de Primària.<br />
El curs 2019-20 el centre passarà a ser Institut Escola i<br />
es farà l&#8217;Educació Secundària Obligatòria.<br />
Curs 2019-20 es farà 1r d&#8217;ESO<br />
Curs 2020-21 es farà 1r i 2n d&#8217;ESO<br />
Curs 2021-22 es&hellip;  <a href="https://agora.xtec.cat/escolaelviver/lescola/oferta-educativa/" title="Read Oferta educativa">Llegeix més»</a></p>
