{"id":73,"date":"2014-09-18T14:01:51","date_gmt":"2014-09-18T13:01:51","guid":{"rendered":"http:\/\/agora.xtec.cat\/escolaelvapor\/?page_id=73"},"modified":"2024-10-09T10:40:39","modified_gmt":"2024-10-09T08:40:39","slug":"menjador-escolar","status":"publish","type":"page","link":"https:\/\/agora.xtec.cat\/escolaelvapor\/serveis\/menjador-escolar\/","title":{"rendered":"Menjador escolar"},"content":{"rendered":"<p>L&#8217;empresa Mediterr\u00e1nea de catering, \u00e9s l&#8217;encarregada de gestionar el servei de menjador de totes les escoles p\u00fabliques de la localitat.<\/p>\n<h4 style=\"text-align: center;\"><a href=\"https:\/\/drive.google.com\/file\/d\/1NJistFAxVTXlVwBqv1RlAMEwOnwfSh5K\/view?usp=sharing\"><strong>NORMATIVA<\/strong> (Inscripci\u00f3, renovaci\u00f3,\u00a0 preu, pagaments, abs\u00e8ncies, altres, etc)<\/a><\/h4>\n<p>&nbsp;<\/p>\n<p><strong>CONTACTES:<\/strong><\/p>\n<p><strong>Coordinadora del servei al centre:<\/strong><\/p>\n<p>Anna Cadafalch D\u00edaz.<\/p>\n<p>Tel\u00e8fon 610615252\u00a0 (de 11.00 h a 15.00 h)<\/p>\n<p>Adre\u00e7a electr\u00f2nica: col.elvapor@mediterranea-group.com<\/p>\n<p><strong>Oficina:<\/strong><\/p>\n<p>Tel\u00e8fons 672401853 \/ 697570739<\/p>\n<p>Adre\u00e7a electr\u00f2nica: oficinaterrassa@mediterranea-group.com<\/p>\n<p>Adre\u00e7a postal: Raval de Montserrat, 22 entresol A<\/p>\n<p><strong>Horari del servei:<\/strong> 12:30h a 15:00h<br \/>\n<strong>Preus:<\/strong> 6,33\u20ac fixe i\u00a0 6,96\u20ac espor\u00e0dic<br \/>\n<strong>La p\u00e0gina web de l&#8217;empresa \u00e9s:\u00a0<a href=\"https:\/\/iara.mediterranea-group.com\/terrassa\/padres\/\">https:\/\/iara.mediterranea-group.com\/terrassa\/padres\/<\/a><\/strong><\/p>\n<p>NORMATIVA (Inscripci\u00f3, preu, pagaments, abs\u00e8ncies, altres, etc)<\/p>\n<div><\/div>\n<div><a href=\"https:\/\/drive.google.com\/file\/d\/1CPKISVoCfh7k-4C4QkZYiO6TQV_DZxsc\/view?usp=sharing\">MANUAL WEB I APP<\/a><\/div>\n<div>\n<p>&nbsp;<\/p>\n<p style=\"text-align: center;\">\n<\/div>\n<div>Amb l&#8217;<b>horari d&#8217;intensiva<\/b> l&#8217;alumnat sortir\u00e0 del servei de menjador a les 15:30, per la porta del C\/ Torrent d&#8217;en Pere Parres. Si el vostre fill\/a pot marxar sol o la persona que el recull no \u00e9s l&#8217;habitual, haureu de portar l&#8217;<b>autoritzaci\u00f3 signada<\/b>.<\/div>\n<div><\/div>\n<div><\/div>\n<div><\/div>\n<div><b>Teniu a la vostra disposici\u00f3 el full de queixes\/suggeriments\/demanda d&#8217;informaci\u00f3 per fer-lo arribar a l&#8217;escola o a qualsevol membre de la comissi\u00f3. <\/b><a href=\"https:\/\/drive.google.com\/open?id=0BzvKrleJnBM6Y0ZvT0ZsdlhWVDA\" target=\"_blank\" rel=\"noopener noreferrer\">Clica aqu\u00ed<\/a><\/div>\n<div><\/div>\n<div><\/div>\n<div><a href=\"https:\/\/agora.xtec.cat\/escolaelvapor\/wp-content\/uploads\/usu2181\/2024\/10\/Menjadors-escolars-Terrassa-PNG-1.jpg\"><img loading=\"lazy\" decoding=\"async\" class=\" wp-image-9419 aligncenter\" src=\"https:\/\/agora.xtec.cat\/escolaelvapor\/wp-content\/uploads\/usu2181\/2024\/10\/Menjadors-escolars-Terrassa-PNG-1-212x300.jpg\" alt=\"\" width=\"384\" height=\"544\" srcset=\"https:\/\/agora.xtec.cat\/escolaelvapor\/wp-content\/uploads\/usu2181\/2024\/10\/Menjadors-escolars-Terrassa-PNG-1-212x300.jpg 212w, https:\/\/agora.xtec.cat\/escolaelvapor\/wp-content\/uploads\/usu2181\/2024\/10\/Menjadors-escolars-Terrassa-PNG-1-724x1024.jpg 724w, https:\/\/agora.xtec.cat\/escolaelvapor\/wp-content\/uploads\/usu2181\/2024\/10\/Menjadors-escolars-Terrassa-PNG-1-768x1086.jpg 768w, https:\/\/agora.xtec.cat\/escolaelvapor\/wp-content\/uploads\/usu2181\/2024\/10\/Menjadors-escolars-Terrassa-PNG-1-1086x1536.jpg 1086w, https:\/\/agora.xtec.cat\/escolaelvapor\/wp-content\/uploads\/usu2181\/2024\/10\/Menjadors-escolars-Terrassa-PNG-1-1448x2048.jpg 1448w, https:\/\/agora.xtec.cat\/escolaelvapor\/wp-content\/uploads\/usu2181\/2024\/10\/Menjadors-escolars-Terrassa-PNG-1.jpg 1587w\" sizes=\"auto, (max-width: 384px) 100vw, 384px\" \/><\/a><\/div>\n<div><\/div>\n<div>\n<div><\/div>\n<div>\n<div class=\"separator\"><\/div>\n<\/div>\n<\/div>\n","protected":false},"excerpt":{"rendered":"<p>L&#8217;empresa Mediterr\u00e1nea de catering, \u00e9s l&#8217;encarregada de gestionar el servei de menjador de totes les escoles p\u00fabliques de la localitat. NORMATIVA (Inscripci\u00f3, renovaci\u00f3,\u00a0 preu, pagaments, abs\u00e8ncies, altres, etc) &nbsp; CONTACTES: Coordinadora del servei al centre: Anna Cadafalch D\u00edaz. Tel\u00e8fon 610615252\u00a0 (de 11.00 h a 15.00 h) Adre\u00e7a electr\u00f2nica: col.elvapor@mediterranea-group.com Oficina: Tel\u00e8fons 672401853 \/ 697570739 Adre\u00e7a [&hellip;]<\/p>\n","protected":false},"author":1,"featured_media":0,"parent":66,"menu_order":30,"comment_status":"closed","ping_status":"closed","template":"page-templates\/side-menu.php","meta":{"_bbp_topic_count":0,"_bbp_reply_count":0,"_bbp_total_topic_count":0,"_bbp_total_reply_count":0,"_bbp_voice_count":0,"_bbp_anonymous_reply_count":0,"_bbp_topic_count_hidden":0,"_bbp_reply_count_hidden":0,"_bbp_forum_subforum_count":0,"site-sidebar-layout":"default","site-content-layout":"","ast-site-content-layout":"","site-content-style":"default","site-sidebar-style":"default","ast-global-header-display":"","ast-banner-title-visibility":"","ast-main-header-display":"","ast-hfb-above-header-display":"","ast-hfb-below-header-display":"","ast-hfb-mobile-header-display":"","site-post-title":"","ast-breadcrumbs-content":"","ast-featured-img":"","footer-sml-layout":"","theme-transparent-header-meta":"","adv-header-id-meta":"","stick-header-meta":"","header-above-stick-meta":"","header-main-stick-meta":"","header-below-stick-meta":"","astra-migrate-meta-layouts":"default","ast-page-background-enabled":"default","ast-page-background-meta":{"desktop":{"background-color":"var(--ast-global-color-4)","background-image":"","background-repeat":"repeat","background-position":"center center","background-size":"auto","background-attachment":"scroll","background-type":"","background-media":"","overlay-type":"","overlay-color":"","overlay-opacity":"","overlay-gradient":""},"tablet":{"background-color":"","background-image":"","background-repeat":"repeat","background-position":"center center","background-size":"auto","background-attachment":"scroll","background-type":"","background-media":"","overlay-type":"","overlay-color":"","overlay-opacity":"","overlay-gradient":""},"mobile":{"background-color":"","background-image":"","background-repeat":"repeat","background-position":"center center","background-size":"auto","background-attachment":"scroll","background-type":"","background-media":"","overlay-type":"","overlay-color":"","overlay-opacity":"","overlay-gradient":""}},"ast-content-background-meta":{"desktop":{"background-color":"var(--ast-global-color-5)","background-image":"","background-repeat":"repeat","background-position":"center center","background-size":"auto","background-attachment":"scroll","background-type":"","background-media":"","overlay-type":"","overlay-color":"","overlay-opacity":"","overlay-gradient":""},"tablet":{"background-color":"var(--ast-global-color-5)","background-image":"","background-repeat":"repeat","background-position":"center center","background-size":"auto","background-attachment":"scroll","background-type":"","background-media":"","overlay-type":"","overlay-color":"","overlay-opacity":"","overlay-gradient":""},"mobile":{"background-color":"var(--ast-global-color-5)","background-image":"","background-repeat":"repeat","background-position":"center center","background-size":"auto","background-attachment":"scroll","background-type":"","background-media":"","overlay-type":"","overlay-color":"","overlay-opacity":"","overlay-gradient":""}},"footnotes":""},"class_list":["post-73","page","type-page","status-publish","hentry"],"post_mailing_queue_ids":[],"_links":{"self":[{"href":"https:\/\/agora.xtec.cat\/escolaelvapor\/wp-json\/wp\/v2\/pages\/73","targetHints":{"allow":["GET"]}}],"collection":[{"href":"https:\/\/agora.xtec.cat\/escolaelvapor\/wp-json\/wp\/v2\/pages"}],"about":[{"href":"https:\/\/agora.xtec.cat\/escolaelvapor\/wp-json\/wp\/v2\/types\/page"}],"author":[{"embeddable":true,"href":"https:\/\/agora.xtec.cat\/escolaelvapor\/wp-json\/wp\/v2\/users\/1"}],"replies":[{"embeddable":true,"href":"https:\/\/agora.xtec.cat\/escolaelvapor\/wp-json\/wp\/v2\/comments?post=73"}],"version-history":[{"count":5,"href":"https:\/\/agora.xtec.cat\/escolaelvapor\/wp-json\/wp\/v2\/pages\/73\/revisions"}],"predecessor-version":[{"id":9420,"href":"https:\/\/agora.xtec.cat\/escolaelvapor\/wp-json\/wp\/v2\/pages\/73\/revisions\/9420"}],"up":[{"embeddable":true,"href":"https:\/\/agora.xtec.cat\/escolaelvapor\/wp-json\/wp\/v2\/pages\/66"}],"wp:attachment":[{"href":"https:\/\/agora.xtec.cat\/escolaelvapor\/wp-json\/wp\/v2\/media?parent=73"}],"curies":[{"name":"wp","href":"https:\/\/api.w.org\/{rel}","templated":true}]}}