{"id":26,"date":"2014-09-18T12:24:32","date_gmt":"2014-09-18T11:24:32","guid":{"rendered":"http:\/\/agora.xtec.cat\/escolaelvapor\/?page_id=26"},"modified":"2024-01-10T13:31:32","modified_gmt":"2024-01-10T12:31:32","slug":"historia","status":"publish","type":"page","link":"https:\/\/agora.xtec.cat\/escolaelvapor\/lescola\/historia\/","title":{"rendered":"Hist\u00f2ria"},"content":{"rendered":"<div><\/div>\n<div>\n<div>\n<div>\n<div>\n<p>La nostra \u00e9s una escola que va n\u00e9ixer com a conseq\u00fc\u00e8ncia de les necessitats importants d&#8217;escolaritzaci\u00f3 que la ciutat de Terrassa tenia l&#8217;any 2006. V\u00e0rem iniciar la nostra activitat l&#8217;any 2007 en unes instal\u00b7lacions provisionals, despr\u00e9s de diferents ubicacions i trasllats, ocupem el nostre edifici actual del 7 de desembre de 2011.<\/p>\n<p>El Vapor \u00e9s una escola de doble l\u00ednia que ofereix escolaritzaci\u00f3 a alumnat dels 3 als 12 anys, i a partir d&#8217;aquest moment, poden continuar la seva escolaritzaci\u00f3 als instituts Montserrat Roig, Torre del Palau i Can Roca, centres als quals est\u00e0 adscrita.<\/p>\n<p>El curs 2012-2013 s&#8217;incorpora a la nostra escola l&#8217;agrupament d&#8217;alumnat sord. Aquesta inclusi\u00f3 \u00e9s una oportunitat real d&#8217;enriquiment per als diferents membres de la nostra Comunitat Educativa.<\/p>\n<p>El Vapor \u00e9s una escola catalana que t\u00e9 com a objectiu oferir al seu alumnat un ensenyament de qualitat. Una formaci\u00f3 que els ajudi a formar la seva pr\u00f2pia identitat i a desenvolupar les seves capacitats. D&#8217;aquesta manera podran con\u00e8ixer el m\u00f3n que\u00a0els envolta i intentar transformar-lo amb actituds respectuoses, cr\u00edtiques, tolerants, solid\u00e0ries i d&#8217;igualtat entre homes i dones.<\/p>\n<\/div>\n<div id='gallery-1' class='gallery galleryid-26 gallery-columns-3 gallery-size-full'><figure class='gallery-item'>\n\t\t\t<div class='gallery-icon landscape'>\n\t\t\t\t<a href='https:\/\/agora.xtec.cat\/escolaelvapor\/lescola\/historia\/attachment\/1-33\/'><img loading=\"lazy\" decoding=\"async\" width=\"500\" height=\"500\" src=\"https:\/\/agora.xtec.cat\/escolaelvapor\/wp-content\/uploads\/usu2181\/2024\/01\/1.jpg\" class=\"attachment-full size-full\" alt=\"\" srcset=\"https:\/\/agora.xtec.cat\/escolaelvapor\/wp-content\/uploads\/usu2181\/2024\/01\/1.jpg 500w, https:\/\/agora.xtec.cat\/escolaelvapor\/wp-content\/uploads\/usu2181\/2024\/01\/1-300x300.jpg 300w, https:\/\/agora.xtec.cat\/escolaelvapor\/wp-content\/uploads\/usu2181\/2024\/01\/1-150x150.jpg 150w\" sizes=\"auto, (max-width: 500px) 100vw, 500px\" \/><\/a>\n\t\t\t<\/div><\/figure><figure class='gallery-item'>\n\t\t\t<div class='gallery-icon landscape'>\n\t\t\t\t<a href='https:\/\/agora.xtec.cat\/escolaelvapor\/lescola\/historia\/attachment\/2-32\/'><img loading=\"lazy\" decoding=\"async\" width=\"500\" height=\"500\" src=\"https:\/\/agora.xtec.cat\/escolaelvapor\/wp-content\/uploads\/usu2181\/2024\/01\/2.jpg\" class=\"attachment-full size-full\" alt=\"\" srcset=\"https:\/\/agora.xtec.cat\/escolaelvapor\/wp-content\/uploads\/usu2181\/2024\/01\/2.jpg 500w, https:\/\/agora.xtec.cat\/escolaelvapor\/wp-content\/uploads\/usu2181\/2024\/01\/2-300x300.jpg 300w, https:\/\/agora.xtec.cat\/escolaelvapor\/wp-content\/uploads\/usu2181\/2024\/01\/2-150x150.jpg 150w\" sizes=\"auto, (max-width: 500px) 100vw, 500px\" \/><\/a>\n\t\t\t<\/div><\/figure><figure class='gallery-item'>\n\t\t\t<div class='gallery-icon landscape'>\n\t\t\t\t<a href='https:\/\/agora.xtec.cat\/escolaelvapor\/lescola\/historia\/attachment\/3-20\/'><img loading=\"lazy\" decoding=\"async\" width=\"500\" height=\"500\" src=\"https:\/\/agora.xtec.cat\/escolaelvapor\/wp-content\/uploads\/usu2181\/2024\/01\/3.jpg\" class=\"attachment-full size-full\" alt=\"\" srcset=\"https:\/\/agora.xtec.cat\/escolaelvapor\/wp-content\/uploads\/usu2181\/2024\/01\/3.jpg 500w, https:\/\/agora.xtec.cat\/escolaelvapor\/wp-content\/uploads\/usu2181\/2024\/01\/3-300x300.jpg 300w, https:\/\/agora.xtec.cat\/escolaelvapor\/wp-content\/uploads\/usu2181\/2024\/01\/3-150x150.jpg 150w\" sizes=\"auto, (max-width: 500px) 100vw, 500px\" \/><\/a>\n\t\t\t<\/div><\/figure>\n\t\t<\/div>\n\n<\/div>\n<\/div>\n<\/div>\n","protected":false},"excerpt":{"rendered":"<p>La nostra \u00e9s una escola que va n\u00e9ixer com a conseq\u00fc\u00e8ncia de les necessitats importants d&#8217;escolaritzaci\u00f3 que la ciutat de Terrassa tenia l&#8217;any 2006. V\u00e0rem iniciar la nostra activitat l&#8217;any 2007 en unes instal\u00b7lacions provisionals, despr\u00e9s de diferents ubicacions i trasllats, ocupem el nostre edifici actual del 7 de desembre de 2011. El Vapor \u00e9s [&hellip;]<\/p>\n","protected":false},"author":1,"featured_media":0,"parent":22,"menu_order":20,"comment_status":"closed","ping_status":"closed","template":"page-templates\/side-menu.php","meta":{"_bbp_topic_count":0,"_bbp_reply_count":0,"_bbp_total_topic_count":0,"_bbp_total_reply_count":0,"_bbp_voice_count":0,"_bbp_anonymous_reply_count":0,"_bbp_topic_count_hidden":0,"_bbp_reply_count_hidden":0,"_bbp_forum_subforum_count":0,"site-sidebar-layout":"default","site-content-layout":"","ast-site-content-layout":"","site-content-style":"default","site-sidebar-style":"default","ast-global-header-display":"","ast-banner-title-visibility":"","ast-main-header-display":"","ast-hfb-above-header-display":"","ast-hfb-below-header-display":"","ast-hfb-mobile-header-display":"","site-post-title":"","ast-breadcrumbs-content":"","ast-featured-img":"","footer-sml-layout":"","theme-transparent-header-meta":"","adv-header-id-meta":"","stick-header-meta":"","header-above-stick-meta":"","header-main-stick-meta":"","header-below-stick-meta":"","astra-migrate-meta-layouts":"default","ast-page-background-enabled":"default","ast-page-background-meta":{"desktop":{"background-color":"var(--ast-global-color-4)","background-image":"","background-repeat":"repeat","background-position":"center center","background-size":"auto","background-attachment":"scroll","background-type":"","background-media":"","overlay-type":"","overlay-color":"","overlay-opacity":"","overlay-gradient":""},"tablet":{"background-color":"","background-image":"","background-repeat":"repeat","background-position":"center center","background-size":"auto","background-attachment":"scroll","background-type":"","background-media":"","overlay-type":"","overlay-color":"","overlay-opacity":"","overlay-gradient":""},"mobile":{"background-color":"","background-image":"","background-repeat":"repeat","background-position":"center center","background-size":"auto","background-attachment":"scroll","background-type":"","background-media":"","overlay-type":"","overlay-color":"","overlay-opacity":"","overlay-gradient":""}},"ast-content-background-meta":{"desktop":{"background-color":"var(--ast-global-color-5)","background-image":"","background-repeat":"repeat","background-position":"center center","background-size":"auto","background-attachment":"scroll","background-type":"","background-media":"","overlay-type":"","overlay-color":"","overlay-opacity":"","overlay-gradient":""},"tablet":{"background-color":"var(--ast-global-color-5)","background-image":"","background-repeat":"repeat","background-position":"center center","background-size":"auto","background-attachment":"scroll","background-type":"","background-media":"","overlay-type":"","overlay-color":"","overlay-opacity":"","overlay-gradient":""},"mobile":{"background-color":"var(--ast-global-color-5)","background-image":"","background-repeat":"repeat","background-position":"center center","background-size":"auto","background-attachment":"scroll","background-type":"","background-media":"","overlay-type":"","overlay-color":"","overlay-opacity":"","overlay-gradient":""}},"footnotes":""},"class_list":["post-26","page","type-page","status-publish","hentry"],"post_mailing_queue_ids":[],"_links":{"self":[{"href":"https:\/\/agora.xtec.cat\/escolaelvapor\/wp-json\/wp\/v2\/pages\/26","targetHints":{"allow":["GET"]}}],"collection":[{"href":"https:\/\/agora.xtec.cat\/escolaelvapor\/wp-json\/wp\/v2\/pages"}],"about":[{"href":"https:\/\/agora.xtec.cat\/escolaelvapor\/wp-json\/wp\/v2\/types\/page"}],"author":[{"embeddable":true,"href":"https:\/\/agora.xtec.cat\/escolaelvapor\/wp-json\/wp\/v2\/users\/1"}],"replies":[{"embeddable":true,"href":"https:\/\/agora.xtec.cat\/escolaelvapor\/wp-json\/wp\/v2\/comments?post=26"}],"version-history":[{"count":3,"href":"https:\/\/agora.xtec.cat\/escolaelvapor\/wp-json\/wp\/v2\/pages\/26\/revisions"}],"predecessor-version":[{"id":8308,"href":"https:\/\/agora.xtec.cat\/escolaelvapor\/wp-json\/wp\/v2\/pages\/26\/revisions\/8308"}],"up":[{"embeddable":true,"href":"https:\/\/agora.xtec.cat\/escolaelvapor\/wp-json\/wp\/v2\/pages\/22"}],"wp:attachment":[{"href":"https:\/\/agora.xtec.cat\/escolaelvapor\/wp-json\/wp\/v2\/media?parent=26"}],"curies":[{"name":"wp","href":"https:\/\/api.w.org\/{rel}","templated":true}]}}