{"id":831,"date":"2014-01-10T14:42:24","date_gmt":"2014-01-10T14:42:24","guid":{"rendered":"http:\/\/blocs.xtec.cat\/escolaelturobiguesiriells\/?page_id=145"},"modified":"2026-01-24T16:16:38","modified_gmt":"2026-01-24T15:16:38","slug":"claustre","status":"publish","type":"page","link":"https:\/\/agora.xtec.cat\/escolaelturobiguesiriells\/escola-2\/claustre\/","title":{"rendered":"Equip hum\u00e0"},"content":{"rendered":"<p><span style=\"color: #003366;\"><strong><span style=\"font-size: 18pt;\">ETAPA INFANTIL<\/span><\/strong><\/span><\/p>\n<p>I3 &#8211; Sandra Rovira<\/p>\n<p>I4 &#8211; Carme Mas<\/p>\n<p>I5 &#8211; Merc\u00e8 Asensio<\/p>\n<p><span style=\"color: #003366;\"><strong><span style=\"font-size: 18pt;\">ETAPA PRIM\u00c0RIA<\/span><\/strong><\/span><\/p>\n<p>1r &#8211; Aida Piza<\/p>\n<p>2n &#8211; Blanca Ortiz<\/p>\n<p>3r &#8211; Miriam Farr\u00e9<\/p>\n<p>4t &#8211; Marta Escosa<\/p>\n<p>5\u00e8 &#8211; Mireia Su\u00f1er i Carla Aguar\u00f3n<\/p>\n<p>6\u00e8 &#8211; Elena Cort\u00e9s<\/p>\n<p><span style=\"color: #003366;\"><strong><span style=\"font-size: 18pt;\">ESPECIALISTES<\/span><\/strong><\/span><\/p>\n<p>ANGL\u00c8S &#8211; Carolina Garrido<\/p>\n<p>PSICOMOTRICITAT &#8211;\u00a0 \u00a0Carme Larruy<\/p>\n<p>E.F. &#8211; S\u00f2nia S\u00e0nchez<\/p>\n<p>M\u00daSICA &#8211; Carme Larruy<\/p>\n<p>EE: Montse Monserrat, Eric Saiz i Carla Aguar\u00f3n<\/p>\n<p>RELIGI\u00d3 &#8211; Isabel Turull<\/p>\n<p><span style=\"font-size: 18pt; color: #003366;\"><strong>REFERENT COEDUCACI\u00d3<\/strong><\/span><\/p>\n<p>Carme Mas<\/p>\n<p><span style=\"color: #003366;\"><strong><span style=\"font-size: 18pt;\">COORDINACIONS<\/span><\/strong><\/span><\/p>\n<p>LIC: Carolina Garrido<\/p>\n<p>Riscos Laborals: Aida Piza<\/p>\n<p>TAC: Mireia Su\u00f1er<\/p>\n<p>COCOBE: Sandra Rovira<\/p>\n<p><span style=\"color: #003366;\"><strong><span style=\"font-size: 18pt;\">CONSELL DE DIRECCI\u00d3<\/span><\/strong><\/span><\/p>\n<p>Carme Mas: Coordinadora Petits<\/p>\n<p>Miriam Farr\u00e9: Coordinadora Grans<\/p>\n<p>Albiol Minguell: Director<\/p>\n<p>Montse Monserrat: Cap d&#8217;Estudis<\/p>\n<p>Elena Zapater: Secret\u00e0ria<\/p>\n<p><span style=\"color: #003366;\"><strong><span style=\"font-size: 18pt;\">EQUIP DIRECTIU<\/span><\/strong><\/span><\/p>\n<p>Director: Albiol Minguell<\/p>\n<p>Cap d&#8217;Estudis: Montse Monserrat<\/p>\n<p>Secret\u00e0ria: Elena Zapater<\/p>\n<p><span style=\"color: #003366;\"><strong><span style=\"font-size: 18pt;\">ADMINISTRATIVA<\/span><\/strong><\/span><\/p>\n<p>Esther Guti\u00e9rrez<\/p>\n<p><span style=\"color: #003366;\"><strong><span style=\"font-size: 18pt;\">CONSERGE<\/span><\/strong><\/span><\/p>\n<p>Carme Calvo<\/p>\n<p>&nbsp;<\/p>\n<p>&nbsp;<\/p>\n","protected":false},"excerpt":{"rendered":"<p>ETAPA INFANTIL I3 &#8211; Sandra Rovira I4 &#8211; Carme Mas I5 &#8211; Merc\u00e8 Asensio ETAPA PRIM\u00c0RIA 1r &#8211; Aida Piza 2n &#8211; Blanca Ortiz 3r &#8211; Miriam Farr\u00e9 4t &#8211; Marta Escosa 5\u00e8 &#8211; Mireia Su\u00f1er i Carla Aguar\u00f3n 6\u00e8 &#8211; Elena Cort\u00e9s ESPECIALISTES ANGL\u00c8S &#8211; Carolina Garrido PSICOMOTRICITAT &#8211;\u00a0 \u00a0Carme Larruy E.F. &#8211; S\u00f2nia [&hellip;]<\/p>\n","protected":false},"author":1,"featured_media":0,"parent":123,"menu_order":1,"comment_status":"open","ping_status":"open","template":"","meta":{"_bbp_topic_count":0,"_bbp_reply_count":0,"_bbp_total_topic_count":0,"_bbp_total_reply_count":0,"_bbp_voice_count":0,"_bbp_anonymous_reply_count":0,"_bbp_topic_count_hidden":0,"_bbp_reply_count_hidden":0,"_bbp_forum_subforum_count":0,"site-sidebar-layout":"default","site-content-layout":"","ast-site-content-layout":"default","site-content-style":"default","site-sidebar-style":"default","ast-global-header-display":"","ast-banner-title-visibility":"","ast-main-header-display":"","ast-hfb-above-header-display":"","ast-hfb-below-header-display":"","ast-hfb-mobile-header-display":"","site-post-title":"","ast-breadcrumbs-content":"","ast-featured-img":"","footer-sml-layout":"","theme-transparent-header-meta":"default","adv-header-id-meta":"","stick-header-meta":"","header-above-stick-meta":"","header-main-stick-meta":"","header-below-stick-meta":"","astra-migrate-meta-layouts":"set","ast-page-background-enabled":"default","ast-page-background-meta":{"desktop":{"background-color":"var(--ast-global-color-4)","background-image":"","background-repeat":"repeat","background-position":"center center","background-size":"auto","background-attachment":"scroll","background-type":"","background-media":"","overlay-type":"","overlay-color":"","overlay-opacity":"","overlay-gradient":""},"tablet":{"background-color":"","background-image":"","background-repeat":"repeat","background-position":"center center","background-size":"auto","background-attachment":"scroll","background-type":"","background-media":"","overlay-type":"","overlay-color":"","overlay-opacity":"","overlay-gradient":""},"mobile":{"background-color":"","background-image":"","background-repeat":"repeat","background-position":"center center","background-size":"auto","background-attachment":"scroll","background-type":"","background-media":"","overlay-type":"","overlay-color":"","overlay-opacity":"","overlay-gradient":""}},"ast-content-background-meta":{"desktop":{"background-color":"var(--ast-global-color-5)","background-image":"","background-repeat":"repeat","background-position":"center center","background-size":"auto","background-attachment":"scroll","background-type":"","background-media":"","overlay-type":"","overlay-color":"","overlay-opacity":"","overlay-gradient":""},"tablet":{"background-color":"var(--ast-global-color-5)","background-image":"","background-repeat":"repeat","background-position":"center center","background-size":"auto","background-attachment":"scroll","background-type":"","background-media":"","overlay-type":"","overlay-color":"","overlay-opacity":"","overlay-gradient":""},"mobile":{"background-color":"var(--ast-global-color-5)","background-image":"","background-repeat":"repeat","background-position":"center center","background-size":"auto","background-attachment":"scroll","background-type":"","background-media":"","overlay-type":"","overlay-color":"","overlay-opacity":"","overlay-gradient":""}},"footnotes":""},"class_list":["post-831","page","type-page","status-publish","hentry"],"post_mailing_queue_ids":[],"_links":{"self":[{"href":"https:\/\/agora.xtec.cat\/escolaelturobiguesiriells\/wp-json\/wp\/v2\/pages\/831","targetHints":{"allow":["GET"]}}],"collection":[{"href":"https:\/\/agora.xtec.cat\/escolaelturobiguesiriells\/wp-json\/wp\/v2\/pages"}],"about":[{"href":"https:\/\/agora.xtec.cat\/escolaelturobiguesiriells\/wp-json\/wp\/v2\/types\/page"}],"author":[{"embeddable":true,"href":"https:\/\/agora.xtec.cat\/escolaelturobiguesiriells\/wp-json\/wp\/v2\/users\/1"}],"replies":[{"embeddable":true,"href":"https:\/\/agora.xtec.cat\/escolaelturobiguesiriells\/wp-json\/wp\/v2\/comments?post=831"}],"version-history":[{"count":6,"href":"https:\/\/agora.xtec.cat\/escolaelturobiguesiriells\/wp-json\/wp\/v2\/pages\/831\/revisions"}],"predecessor-version":[{"id":8767,"href":"https:\/\/agora.xtec.cat\/escolaelturobiguesiriells\/wp-json\/wp\/v2\/pages\/831\/revisions\/8767"}],"up":[{"embeddable":true,"href":"https:\/\/agora.xtec.cat\/escolaelturobiguesiriells\/wp-json\/wp\/v2\/pages\/123"}],"wp:attachment":[{"href":"https:\/\/agora.xtec.cat\/escolaelturobiguesiriells\/wp-json\/wp\/v2\/media?parent=831"}],"curies":[{"name":"wp","href":"https:\/\/api.w.org\/{rel}","templated":true}]}}