{"id":64,"date":"2014-09-18T12:39:08","date_gmt":"2014-09-18T11:39:08","guid":{"rendered":"http:\/\/agora.xtec.cat\/escolaelsquatrevents\/?page_id=64"},"modified":"2023-05-09T11:59:07","modified_gmt":"2023-05-09T09:59:07","slug":"cultura-digital","status":"publish","type":"page","link":"https:\/\/agora.xtec.cat\/escolaelsquatrevents\/lescola\/cultura-digital\/","title":{"rendered":"DOCUMENTS DE CENTRE: Projecte educatiu i cultura digital"},"content":{"rendered":"<p><span style=\"color: #000000;\">L&#8217;escola Els Quatre Vents es caracteritza per ser una comunitat d&#8217;aprenentatge p\u00fablica i de doble l\u00ednia, creada el curs 2005-06. El \u00a02015-16, aprofitant el seu 10\u00e8 aniversari, ha revisat el\u00a0<a href=\"http:\/\/agora.xtec.cat\/escolaelsquatrevents\/wp-content\/uploads\/usu584\/2018\/09\/PEC-4Vents-Juny2016.pdf\" target=\"_blank\" rel=\"noopener noreferrer\">Projecte Educatiu del Centre Els Quatre Vents<\/a>\u00a0(actualitzaci\u00f3 2015-16).<\/span><\/p>\n<table style=\"border-collapse: collapse; width: 100%;\">\n<tbody>\n<tr>\n<td style=\"width: 33.3333%;\">\n<p style=\"font-family: 'Helvetica Neue', Helvetica, Helvetica, Arial, sans-serif; font-size: 16px;\"><span style=\"color: #000000;\">En aquest podreu descobrir els seg\u00fcents elements del centre:\u00a0<\/span><\/p>\n<ul style=\"font-size: 16px; font-family: 'Helvetica Neue', Helvetica, Helvetica, Arial, sans-serif;\">\n<li><span style=\"color: #000000;\">Car\u00e0cter propi del centre<\/span><\/li>\n<li><span style=\"color: #000000;\">Criteris d&#8217;ordenaci\u00f3 pedag\u00f2gica, prioritats i plantejaments educatius, procediments d&#8217;inclusi\u00f3 i altres actuacions que caracteritzen el centre.<\/span><\/li>\n<li><span style=\"color: #000000;\">Indicadors de progr\u00e9s.<\/span><\/li>\n<li><span style=\"color: #000000;\">Concreci\u00f3 i desenvolupament del curr\u00edculum i d&#8217;atenci\u00f3 a la diversitat.<\/span><\/li>\n<li><span style=\"color: #000000;\">Criteris que defineixen l&#8217;estructura organitzativa.<\/span><\/li>\n<\/ul>\n<\/td>\n<td style=\"width: 33.3333%;\"><img loading=\"lazy\" decoding=\"async\" class=\"aligncenter size-full wp-image-3951\" src=\"https:\/\/agora.xtec.cat\/escolaelsquatrevents\/wp-content\/uploads\/usu584\/2019\/03\/Resum-PEC-1.jpg\" alt=\"\" width=\"533\" height=\"595\" srcset=\"https:\/\/agora.xtec.cat\/escolaelsquatrevents\/wp-content\/uploads\/usu584\/2019\/03\/Resum-PEC-1.jpg 533w, https:\/\/agora.xtec.cat\/escolaelsquatrevents\/wp-content\/uploads\/usu584\/2019\/03\/Resum-PEC-1-269x300.jpg 269w\" sizes=\"auto, (max-width: 533px) 100vw, 533px\" \/><\/p>\n<p style=\"text-align: center;\"><em>Identitat de l&#8217;escola Els Quatre Vents <\/em><em>(PEC 2016)<\/em><\/p>\n<\/td>\n<td style=\"width: 33.3333%;\"><img loading=\"lazy\" decoding=\"async\" class=\"aligncenter size-full wp-image-3952\" src=\"https:\/\/agora.xtec.cat\/escolaelsquatrevents\/wp-content\/uploads\/usu584\/2019\/03\/Resum-PEC-2.jpg\" alt=\"\" width=\"524\" height=\"677\" srcset=\"https:\/\/agora.xtec.cat\/escolaelsquatrevents\/wp-content\/uploads\/usu584\/2019\/03\/Resum-PEC-2.jpg 524w, https:\/\/agora.xtec.cat\/escolaelsquatrevents\/wp-content\/uploads\/usu584\/2019\/03\/Resum-PEC-2-232x300.jpg 232w\" sizes=\"auto, (max-width: 524px) 100vw, 524px\" \/><\/p>\n<p style=\"text-align: center;\"><em>Perfil de sortida de l&#8217;alumnat<\/em><\/p>\n<\/td>\n<\/tr>\n<\/tbody>\n<\/table>\n<p>Annex al PEC tenim varis documents:<\/p>\n<ul>\n<li>el <a href=\"http:\/\/agora.xtec.cat\/escolaelsquatrevents\/wp-content\/uploads\/usu584\/2020\/01\/Projecte-Ling\u00c3\u00bc\u00c3_stic-Els4Vents-19.pdf\" target=\"_blank\" rel=\"noopener\">Projecte ling\u00fc\u00edstic<\/a> (aprovat el 29 de novembre de 2019)<\/li>\n<li>el <a href=\"https:\/\/agora.xtec.cat\/escolaelsquatrevents\/wp-content\/uploads\/usu584\/2023\/03\/PladacollidaEls4Vents-Juny17.pdf\" target=\"_blank\" rel=\"noopener\">Pla d&#8217;acollida<\/a> (juny 2017)<\/li>\n<li>la seq\u00fcenciaci\u00f3 curricular (actualitzada anualment)<\/li>\n<li>l&#8217;<a href=\"https:\/\/agora.xtec.cat\/escolaelsquatrevents\/wp-content\/uploads\/usu584\/2023\/05\/Estrategia-Digital-de-Centre-22-23-Annex-del-PEC.pdf\">Estrat\u00e8gia Digital de Centre<\/a> (2023, substitut del <a href=\"https:\/\/agora.xtec.cat\/escolaelsquatrevents\/wp-content\/uploads\/usu584\/2023\/03\/PLA-TAC-4V-16-17-Annex-del-PEC.pdf\" target=\"_blank\" rel=\"noopener\">Pla TAC<\/a> de juny 2018)<\/li>\n<li>la <a href=\"https:\/\/agora.xtec.cat\/escolaelsquatrevents\/wp-content\/uploads\/usu584\/2022\/10\/Carta-compromis-3-9-2015-format-2019.pdf\" target=\"_blank\" rel=\"noopener\">Carta de Comprom\u00eds Educatiu<\/a>.<\/li>\n<\/ul>\n<p>El curs 2016-17 s&#8217;han elaborat i consensuat les <a href=\"http:\/\/agora.xtec.cat\/escolaelsquatrevents\/wp-content\/uploads\/usu584\/2014\/09\/NOFC-Projecte-de-Conviv\u00e8ncia-4Vents_16-17.pdf\" target=\"_blank\" rel=\"noopener\">Normes d&#8217;Organitzaci\u00f3 i Funcionament de Centre (NOFC)<\/a> i al 2019 s&#8217;ha creat el <a href=\"https:\/\/agora.xtec.cat\/escolaelsquatrevents\/wp-content\/uploads\/usu584\/2023\/03\/Projecte-de-Convive\u0300ncia-4Vents_oct19.pdf\" target=\"_blank\" rel=\"noopener\">Projecte de convive\u0300ncia<\/a> (octubre de 2019)<span style=\"font-family: inherit; font-size: 1em;\">.<\/span><\/p>\n<p>L&#8217;escola, a m\u00e9s, \u00e9s un centre formador de mestres i personal d&#8217;atenci\u00f3 educativa. Tenim convenis amb diferents universitats i centres formadors.<\/p>\n<p><img loading=\"lazy\" decoding=\"async\" class=\"aligncenter wp-image-1915 \" src=\"http:\/\/agora.xtec.cat\/escolaelsquatrevents\/wp-content\/uploads\/usu584\/2014\/09\/mans-300x288.png\" alt=\"\" width=\"220\" height=\"211\" srcset=\"https:\/\/agora.xtec.cat\/escolaelsquatrevents\/wp-content\/uploads\/usu584\/2014\/09\/mans-300x288.png 300w, https:\/\/agora.xtec.cat\/escolaelsquatrevents\/wp-content\/uploads\/usu584\/2014\/09\/mans.png 738w\" sizes=\"auto, (max-width: 220px) 100vw, 220px\" \/><\/p>\n<p>&nbsp;<\/p>\n<p>&nbsp;<\/p>\n<p>L&#8217;escola, constitu\u00efda com a Comunitat d&#8217;Aprenentatge, est\u00e0 organitzada d&#8217;una manera especial, ja que compta amb la participaci\u00f3 activa de les fam\u00edlies. En el seg\u00fcent organigrama podeu veure com tant docents com alumnes ens dividim en comunitats (PETITS: P3, P4 i P5 \/ MITJANS: 1r, 2n i 3r \/ GRANS: 4t, 5\u00e8 i 6\u00e8) i que a m\u00e9s a m\u00e9s ens organitzem en comissions mixtes de docents i fam\u00edlies. Finalment tenim tant fam\u00edlies representats d&#8217;aula com representants d&#8217;alumnes de P5 a 6\u00e8.<\/p>\n<p><img loading=\"lazy\" decoding=\"async\" class=\"alignnone wp-image-8193 size-full\" src=\"https:\/\/agora.xtec.cat\/escolaelsquatrevents\/wp-content\/uploads\/usu584\/2022\/10\/Organigrama.png\" alt=\"Estructura Organitzativa Escola Esl Quatre Vents\" width=\"1438\" height=\"934\" srcset=\"https:\/\/agora.xtec.cat\/escolaelsquatrevents\/wp-content\/uploads\/usu584\/2022\/10\/Organigrama.png 1438w, https:\/\/agora.xtec.cat\/escolaelsquatrevents\/wp-content\/uploads\/usu584\/2022\/10\/Organigrama-300x195.png 300w, https:\/\/agora.xtec.cat\/escolaelsquatrevents\/wp-content\/uploads\/usu584\/2022\/10\/Organigrama-1024x665.png 1024w, https:\/\/agora.xtec.cat\/escolaelsquatrevents\/wp-content\/uploads\/usu584\/2022\/10\/Organigrama-768x499.png 768w\" sizes=\"auto, (max-width: 1438px) 100vw, 1438px\" \/><\/p>\n","protected":false},"excerpt":{"rendered":"<p>L&#8217;escola Els Quatre Vents es caracteritza per ser una comunitat d&#8217;aprenentatge p\u00fablica i de doble l\u00ednia, creada el curs 2005-06. El \u00a02015-16, aprofitant el seu 10\u00e8 aniversari, ha revisat el\u00a0Projecte Educatiu del Centre Els Quatre Vents\u00a0(actualitzaci\u00f3 2015-16). En aquest podreu descobrir els seg\u00fcents elements del centre:\u00a0 Car\u00e0cter propi del centre Criteris d&#8217;ordenaci\u00f3 pedag\u00f2gica, prioritats i [&hellip;]<\/p>\n","protected":false},"author":2,"featured_media":0,"parent":22,"menu_order":0,"comment_status":"closed","ping_status":"closed","template":"","meta":{"_bbp_topic_count":0,"_bbp_reply_count":0,"_bbp_total_topic_count":0,"_bbp_total_reply_count":0,"_bbp_voice_count":0,"_bbp_anonymous_reply_count":0,"_bbp_topic_count_hidden":0,"_bbp_reply_count_hidden":0,"_bbp_forum_subforum_count":0,"site-sidebar-layout":"default","site-content-layout":"","ast-site-content-layout":"","site-content-style":"default","site-sidebar-style":"default","ast-global-header-display":"","ast-banner-title-visibility":"","ast-main-header-display":"","ast-hfb-above-header-display":"","ast-hfb-below-header-display":"","ast-hfb-mobile-header-display":"","site-post-title":"","ast-breadcrumbs-content":"","ast-featured-img":"","footer-sml-layout":"","theme-transparent-header-meta":"","adv-header-id-meta":"","stick-header-meta":"","header-above-stick-meta":"","header-main-stick-meta":"","header-below-stick-meta":"","astra-migrate-meta-layouts":"default","ast-page-background-enabled":"default","ast-page-background-meta":{"desktop":{"background-color":"var(--ast-global-color-4)","background-image":"","background-repeat":"repeat","background-position":"center center","background-size":"auto","background-attachment":"scroll","background-type":"","background-media":"","overlay-type":"","overlay-color":"","overlay-opacity":"","overlay-gradient":""},"tablet":{"background-color":"","background-image":"","background-repeat":"repeat","background-position":"center center","background-size":"auto","background-attachment":"scroll","background-type":"","background-media":"","overlay-type":"","overlay-color":"","overlay-opacity":"","overlay-gradient":""},"mobile":{"background-color":"","background-image":"","background-repeat":"repeat","background-position":"center center","background-size":"auto","background-attachment":"scroll","background-type":"","background-media":"","overlay-type":"","overlay-color":"","overlay-opacity":"","overlay-gradient":""}},"ast-content-background-meta":{"desktop":{"background-color":"var(--ast-global-color-5)","background-image":"","background-repeat":"repeat","background-position":"center center","background-size":"auto","background-attachment":"scroll","background-type":"","background-media":"","overlay-type":"","overlay-color":"","overlay-opacity":"","overlay-gradient":""},"tablet":{"background-color":"var(--ast-global-color-5)","background-image":"","background-repeat":"repeat","background-position":"center center","background-size":"auto","background-attachment":"scroll","background-type":"","background-media":"","overlay-type":"","overlay-color":"","overlay-opacity":"","overlay-gradient":""},"mobile":{"background-color":"var(--ast-global-color-5)","background-image":"","background-repeat":"repeat","background-position":"center center","background-size":"auto","background-attachment":"scroll","background-type":"","background-media":"","overlay-type":"","overlay-color":"","overlay-opacity":"","overlay-gradient":""}},"footnotes":""},"class_list":["post-64","page","type-page","status-publish","hentry"],"post_mailing_queue_ids":[],"_links":{"self":[{"href":"https:\/\/agora.xtec.cat\/escolaelsquatrevents\/wp-json\/wp\/v2\/pages\/64","targetHints":{"allow":["GET"]}}],"collection":[{"href":"https:\/\/agora.xtec.cat\/escolaelsquatrevents\/wp-json\/wp\/v2\/pages"}],"about":[{"href":"https:\/\/agora.xtec.cat\/escolaelsquatrevents\/wp-json\/wp\/v2\/types\/page"}],"author":[{"embeddable":true,"href":"https:\/\/agora.xtec.cat\/escolaelsquatrevents\/wp-json\/wp\/v2\/users\/2"}],"replies":[{"embeddable":true,"href":"https:\/\/agora.xtec.cat\/escolaelsquatrevents\/wp-json\/wp\/v2\/comments?post=64"}],"version-history":[{"count":5,"href":"https:\/\/agora.xtec.cat\/escolaelsquatrevents\/wp-json\/wp\/v2\/pages\/64\/revisions"}],"predecessor-version":[{"id":8814,"href":"https:\/\/agora.xtec.cat\/escolaelsquatrevents\/wp-json\/wp\/v2\/pages\/64\/revisions\/8814"}],"up":[{"embeddable":true,"href":"https:\/\/agora.xtec.cat\/escolaelsquatrevents\/wp-json\/wp\/v2\/pages\/22"}],"wp:attachment":[{"href":"https:\/\/agora.xtec.cat\/escolaelsquatrevents\/wp-json\/wp\/v2\/media?parent=64"}],"curies":[{"name":"wp","href":"https:\/\/api.w.org\/{rel}","templated":true}]}}