{"id":613,"date":"2023-01-30T10:39:09","date_gmt":"2023-01-30T09:39:09","guid":{"rendered":"https:\/\/agora.xtec.cat\/escolaelsporxos\/?page_id=613"},"modified":"2023-06-27T11:28:57","modified_gmt":"2023-06-27T09:28:57","slug":"cultura-digital","status":"publish","type":"page","link":"https:\/\/agora.xtec.cat\/escolaelsporxos\/projecte-educatiu\/cultura-digital\/","title":{"rendered":"Cultura Digital"},"content":{"rendered":"<p>La cultura digital equival a la manera com les persones interactuem amb la tecnologia a les nostres vides i com les nostres viv\u00e8ncies i aprenentatges amb aquestes repercutiran en el nostre futur personal i professional.<\/p>\n<p>Aqu\u00ed trobareu la nostra l\u00ednea d&#8217;escola a nivell de cultura digital de centre, quines eines i recursos farem servir durant l&#8217;escolaritat dels infants i amb la nostra comunitat.<\/p>\n<p><strong>SERVEIS I RECURSOS DIGITALS:<\/strong><\/p>\n<p>-L&#8217;escola, a m\u00e9s del correu electr\u00f2nic, fa servir <strong><a style=\"font-family: inherit; font-size: 1em;\" href=\"https:\/\/web.telegram.org\/z\/\">TELEGRAM<\/a><\/strong><span style=\"font-family: inherit; font-size: 1em;\"> com a canal informatiu escola-fam\u00edlia. Disposem d&#8217;un canal per a cada grup classe, a m\u00e9s del canal ESPAI MIGDIA, on es donen informacions relacionades amb aquesta franja (men\u00fa quinzenal, fotografia di\u00e0ria amb els plats del dia, etc.) <\/span>\u00a0<a style=\"font-family: inherit; font-size: 1em;\" href=\"https:\/\/www.youtube.com\/watch?v=Z3yHcV3N0Lg\">Clicant aqu\u00ed us facilitem un tutorial<\/a><span style=\"font-family: inherit; font-size: 1em;\">. <\/span><img loading=\"lazy\" decoding=\"async\" class=\"alignnone wp-image-659\" style=\"font-family: inherit; font-size: 1em;\" src=\"https:\/\/agora.xtec.cat\/escolaelsporxos\/wp-content\/uploads\/usu2425\/2023\/02\/telegram.png\" alt=\"\" width=\"46\" height=\"46\" srcset=\"https:\/\/agora.xtec.cat\/escolaelsporxos\/wp-content\/uploads\/usu2425\/2023\/02\/telegram.png 225w, https:\/\/agora.xtec.cat\/escolaelsporxos\/wp-content\/uploads\/usu2425\/2023\/02\/telegram-150x150.png 150w\" sizes=\"auto, (max-width: 46px) 100vw, 46px\" \/><\/p>\n<p><span style=\"font-family: inherit; font-size: 1em;\">-Com a eina de treball dels infants, utilitzem GSuite for Education, concretament l&#8217;entorn virtual d&#8217;aprenentatge (EVA) <strong>Google Classroom<\/strong>.<\/span><span style=\"font-family: inherit; font-size: 1em;\">Tamb\u00e9 podeu veure com funciona en aquest <\/span><a style=\"font-family: inherit; font-size: 1em;\" href=\"https:\/\/www.youtube.com\/watch?v=QQskoBN5tPY\">video de youtube<\/a><span style=\"font-family: inherit; font-size: 1em;\">. <\/span><img loading=\"lazy\" decoding=\"async\" class=\"alignnone wp-image-660\" style=\"font-family: inherit; font-size: 1em;\" src=\"https:\/\/agora.xtec.cat\/escolaelsporxos\/wp-content\/uploads\/usu2425\/2023\/02\/class.png\" alt=\"\" width=\"53\" height=\"53\" srcset=\"https:\/\/agora.xtec.cat\/escolaelsporxos\/wp-content\/uploads\/usu2425\/2023\/02\/class.png 225w, https:\/\/agora.xtec.cat\/escolaelsporxos\/wp-content\/uploads\/usu2425\/2023\/02\/class-150x150.png 150w\" sizes=\"auto, (max-width: 53px) 100vw, 53px\" \/><iframe loading=\"lazy\" src=\"https:\/\/drive.google.com\/file\/d\/1DZIxzCXQuFgtFwa1gQeGA_E-xLt_s9o0\/preview\" width=\"640\" height=\"480\"><\/iframe><\/p>\n<p><strong>ACOLLIDA DIGITAL:<\/strong><\/p>\n<p>En aquest genially trobareu tota la informaci\u00f3 del <a href=\"https:\/\/view.genial.ly\/6408bd503ebaaf00110d5ae6\/guide-pla-acollida-digital\">PLA D&#8217;ACOLLIDA DIGITAL<\/a> de l&#8217;escola tant la part d&#8217;alumnat, fam\u00edlies i mestres.<\/p>\n<p>&nbsp;<\/p>\n<div style=\"width: 100%;\">\n<div style=\"position: relative; padding-bottom: 56.25%; padding-top: 0; height: 0;\"><iframe loading=\"lazy\" style=\"position: absolute; top: 0; left: 0; width: 100%; height: 100%;\" title=\"PLA ACOLLIDA DIGITAL\" src=\"https:\/\/view.genial.ly\/6408bd503ebaaf00110d5ae6\" width=\"1200px\" height=\"675px\" frameborder=\"0\" scrolling=\"yes\" allowfullscreen=\"allowfullscreen\"><\/iframe><\/div>\n<\/div>\n","protected":false},"excerpt":{"rendered":"<p>La cultura digital equival a la manera com les persones interactuem amb la tecnologia a les nostres vides i com [&hellip;]<\/p>\n","protected":false},"author":1,"featured_media":0,"parent":64,"menu_order":30,"comment_status":"closed","ping_status":"closed","template":"page-templates\/side-menu.php","meta":{"_bbp_topic_count":0,"_bbp_reply_count":0,"_bbp_total_topic_count":0,"_bbp_total_reply_count":0,"_bbp_voice_count":0,"_bbp_anonymous_reply_count":0,"_bbp_topic_count_hidden":0,"_bbp_reply_count_hidden":0,"_bbp_forum_subforum_count":0,"site-sidebar-layout":"default","site-content-layout":"","ast-site-content-layout":"","site-content-style":"default","site-sidebar-style":"default","ast-global-header-display":"","ast-banner-title-visibility":"","ast-main-header-display":"","ast-hfb-above-header-display":"","ast-hfb-below-header-display":"","ast-hfb-mobile-header-display":"","site-post-title":"","ast-breadcrumbs-content":"","ast-featured-img":"","footer-sml-layout":"","theme-transparent-header-meta":"","adv-header-id-meta":"","stick-header-meta":"","header-above-stick-meta":"","header-main-stick-meta":"","header-below-stick-meta":"","astra-migrate-meta-layouts":"default","ast-page-background-enabled":"default","ast-page-background-meta":{"desktop":{"background-color":"var(--ast-global-color-4)","background-image":"","background-repeat":"repeat","background-position":"center center","background-size":"auto","background-attachment":"scroll","background-type":"","background-media":"","overlay-type":"","overlay-color":"","overlay-opacity":"","overlay-gradient":""},"tablet":{"background-color":"","background-image":"","background-repeat":"repeat","background-position":"center center","background-size":"auto","background-attachment":"scroll","background-type":"","background-media":"","overlay-type":"","overlay-color":"","overlay-opacity":"","overlay-gradient":""},"mobile":{"background-color":"","background-image":"","background-repeat":"repeat","background-position":"center center","background-size":"auto","background-attachment":"scroll","background-type":"","background-media":"","overlay-type":"","overlay-color":"","overlay-opacity":"","overlay-gradient":""}},"ast-content-background-meta":{"desktop":{"background-color":"var(--ast-global-color-5)","background-image":"","background-repeat":"repeat","background-position":"center center","background-size":"auto","background-attachment":"scroll","background-type":"","background-media":"","overlay-type":"","overlay-color":"","overlay-opacity":"","overlay-gradient":""},"tablet":{"background-color":"var(--ast-global-color-5)","background-image":"","background-repeat":"repeat","background-position":"center center","background-size":"auto","background-attachment":"scroll","background-type":"","background-media":"","overlay-type":"","overlay-color":"","overlay-opacity":"","overlay-gradient":""},"mobile":{"background-color":"var(--ast-global-color-5)","background-image":"","background-repeat":"repeat","background-position":"center center","background-size":"auto","background-attachment":"scroll","background-type":"","background-media":"","overlay-type":"","overlay-color":"","overlay-opacity":"","overlay-gradient":""}},"footnotes":""},"class_list":["post-613","page","type-page","status-publish","hentry"],"post_mailing_queue_ids":[],"_links":{"self":[{"href":"https:\/\/agora.xtec.cat\/escolaelsporxos\/wp-json\/wp\/v2\/pages\/613","targetHints":{"allow":["GET"]}}],"collection":[{"href":"https:\/\/agora.xtec.cat\/escolaelsporxos\/wp-json\/wp\/v2\/pages"}],"about":[{"href":"https:\/\/agora.xtec.cat\/escolaelsporxos\/wp-json\/wp\/v2\/types\/page"}],"author":[{"embeddable":true,"href":"https:\/\/agora.xtec.cat\/escolaelsporxos\/wp-json\/wp\/v2\/users\/1"}],"replies":[{"embeddable":true,"href":"https:\/\/agora.xtec.cat\/escolaelsporxos\/wp-json\/wp\/v2\/comments?post=613"}],"version-history":[{"count":3,"href":"https:\/\/agora.xtec.cat\/escolaelsporxos\/wp-json\/wp\/v2\/pages\/613\/revisions"}],"predecessor-version":[{"id":878,"href":"https:\/\/agora.xtec.cat\/escolaelsporxos\/wp-json\/wp\/v2\/pages\/613\/revisions\/878"}],"up":[{"embeddable":true,"href":"https:\/\/agora.xtec.cat\/escolaelsporxos\/wp-json\/wp\/v2\/pages\/64"}],"wp:attachment":[{"href":"https:\/\/agora.xtec.cat\/escolaelsporxos\/wp-json\/wp\/v2\/media?parent=613"}],"curies":[{"name":"wp","href":"https:\/\/api.w.org\/{rel}","templated":true}]}}

<p>La cultura digital equival a la manera com les persones interactuem amb la tecnologia a les nostres vides i com les nostres vivències i aprenentatges amb aquestes repercutiran en el nostre futur personal i professional.</p>
<p>Aquí trobareu la nostra línea d&#8217;escola a nivell de cultura digital de centre, quines eines i recursos farem servir durant l&#8217;escolaritat dels infants i amb la nostra comunitat.</p>
<p><strong>SERVEIS I RECURSOS DIGITALS:</strong></p>
<p>-L&#8217;escola, a més del correu electrònic, fa servir <strong><a style="font-family: inherit; font-size: 1em;" href="https://web.telegram.org/z/">TELEGRAM</a></strong><span style="font-family: inherit; font-size: 1em;"> com a canal informatiu escola-família. Disposem d&#8217;un canal per a cada grup classe, a més del canal ESPAI MIGDIA, on es donen informacions relacionades amb aquesta franja (menú quinzenal, fotografia diària amb els plats del dia, etc.) </span> <a style="font-family: inherit; font-size: 1em;" href="https://www.youtube.com/watch?v=Z3yHcV3N0Lg">Clicant aquí us facilitem un tutorial</a><span style="font-family: inherit; font-size: 1em;">. </span><img loading="lazy" decoding="async" class="alignnone wp-image-659" style="font-family: inherit; font-size: 1em;" src="https://agora.xtec.cat/escolaelsporxos/wp-content/uploads/usu2425/2023/02/telegram.png" alt="" width="46" height="46" srcset="https://agora.xtec.cat/escolaelsporxos/wp-content/uploads/usu2425/2023/02/telegram.png 225w, https://agora.xtec.cat/escolaelsporxos/wp-content/uploads/usu2425/2023/02/telegram-150x150.png 150w" sizes="auto, (max-width: 46px) 100vw, 46px" /></p>
<p><span style="font-family: inherit; font-size: 1em;">-Com a eina de treball dels infants, utilitzem GSuite for Education, concretament l&#8217;entorn virtual d&#8217;aprenentatge (EVA) <strong>Google Classroom</strong>.</span><span style="font-family: inherit; font-size: 1em;">També podeu veure com funciona en aquest </span><a style="font-family: inherit; font-size: 1em;" href="https://www.youtube.com/watch?v=QQskoBN5tPY">video de youtube</a><span style="font-family: inherit; font-size: 1em;">. </span><img loading="lazy" decoding="async" class="alignnone wp-image-660" style="font-family: inherit; font-size: 1em;" src="https://agora.xtec.cat/escolaelsporxos/wp-content/uploads/usu2425/2023/02/class.png" alt="" width="53" height="53" srcset="https://agora.xtec.cat/escolaelsporxos/wp-content/uploads/usu2425/2023/02/class.png 225w, https://agora.xtec.cat/escolaelsporxos/wp-content/uploads/usu2425/2023/02/class-150x150.png 150w" sizes="auto, (max-width: 53px) 100vw, 53px" /><iframe loading="lazy" src="https://drive.google.com/file/d/1DZIxzCXQuFgtFwa1gQeGA_E-xLt_s9o0/preview" width="640" height="480"></iframe></p>
<p><strong>ACOLLIDA DIGITAL:</strong></p>
<p>En aquest genially trobareu tota la informació del <a href="https://view.genial.ly/6408bd503ebaaf00110d5ae6/guide-pla-acollida-digital">PLA D&#8217;ACOLLIDA DIGITAL</a> de l&#8217;escola tant la part d&#8217;alumnat, famílies i mestres.</p>
<p>&nbsp;</p>
<div style="width: 100%;">
<div style="position: relative; padding-bottom: 56.25%; padding-top: 0; height: 0;"><iframe loading="lazy" style="position: absolute; top: 0; left: 0; width: 100%; height: 100%;" title="PLA ACOLLIDA DIGITAL" src="https://view.genial.ly/6408bd503ebaaf00110d5ae6" width="1200px" height="675px" frameborder="0" scrolling="yes" allowfullscreen="allowfullscreen"></iframe></div>
</div>
