{"id":28,"date":"2014-09-18T12:29:35","date_gmt":"2014-09-18T11:29:35","guid":{"rendered":"http:\/\/agora.xtec.cat\/escolaelsporxos\/?page_id=28"},"modified":"2025-07-04T13:33:31","modified_gmt":"2025-07-04T11:33:31","slug":"consell-escolar","status":"publish","type":"page","link":"https:\/\/agora.xtec.cat\/escolaelsporxos\/lescola\/consell-escolar\/","title":{"rendered":"Consell Escolar"},"content":{"rendered":"<p style=\"color: #444444;\">El Consell Escolar \u00e9s l&#8217;\u00f2rgan col\u00b7legiat de participaci\u00f3 de la comunitat educativa. Actualment est\u00e0 format per fam\u00edlies, personal d&#8217;administraci\u00f3 i serveis, equip directiu, mestres i un representant de l&#8217;ajuntament on tots i totes donem veu a la nostra Comunitat Porxera.<\/p>\n<p><img loading=\"lazy\" decoding=\"async\" class=\"aligncenter size-full wp-image-1428\" src=\"https:\/\/agora.xtec.cat\/escolaelsporxos\/wp-content\/uploads\/usu2425\/2025\/07\/consell-escolar-composicio.jpg\" alt=\"\" width=\"1024\" height=\"768\" srcset=\"https:\/\/agora.xtec.cat\/escolaelsporxos\/wp-content\/uploads\/usu2425\/2025\/07\/consell-escolar-composicio.jpg 1024w, https:\/\/agora.xtec.cat\/escolaelsporxos\/wp-content\/uploads\/usu2425\/2025\/07\/consell-escolar-composicio-300x225.jpg 300w, https:\/\/agora.xtec.cat\/escolaelsporxos\/wp-content\/uploads\/usu2425\/2025\/07\/consell-escolar-composicio-768x576.jpg 768w\" sizes=\"auto, (max-width: 1024px) 100vw, 1024px\" \/><\/p>\n<p>&nbsp;<\/p>\n<p>&nbsp;<\/p>\n<p><strong data-ss-id=\"rwTH16f81f02e06b6133a5a886fc0f4551f0\">Quina \u00e9s la funci\u00f3 del Consell Escolar a l&#8217;escola?<\/strong><\/p>\n<p data-ss-id=\"rwTH782e851f5e7dc33bdf310cef3962560c\">La funci\u00f3 principal \u00e9s debatre, analitzar, avaluar i prendre decisions sobres els temes proposats per l&#8217;escola.<\/p>\n<p><strong data-ss-id=\"rwTHa062e9575e81b5b0b2c363ab5d83b15b\">Per qu\u00e8 \u00e9s important que les fam\u00edlies participeu en el Consell Escolar?<\/strong><\/p>\n<p>Els i les professionals dels centres i les fam\u00edlies compartim un objectiu: l\u2019\u00e8xit social i personal dels infants. Les decisions que es prenen al Consell Escolar s\u00f3n claus per al funcionament i la millora del centre i, per tant, tamb\u00e9 per a l\u2019\u00e8xit educatiu de tot l&#8217;alumnat. \u00c9s per aquest motiu que la participaci\u00f3 i implicaci\u00f3 dels pares i mares en les eleccions al Consell Escolar \u00e9s tan important.<\/p>\n<p><strong>ACORDS DEL CONSELL:<\/strong><\/p>\n<ul>\n<li><a href=\"https:\/\/drive.google.com\/file\/d\/12Cp1Vw1Beo_HfWmF6_Y48HJ0_hBC3ULn\/view?usp=share_link\" target=\"_blank\" rel=\"noopener\" data-saferedirecturl=\"https:\/\/www.google.com\/url?q=https:\/\/drive.google.com\/file\/d\/12Cp1Vw1Beo_HfWmF6_Y48HJ0_hBC3ULn\/view?usp%3Dshare_link&amp;source=gmail&amp;ust=1681850869552000&amp;usg=AOvVaw0NRdKBrXUqx4H3W_ty8UNT\">Sessi\u00f3\u00a0del 5 de juliol de 2022<\/a><\/li>\n<li><a href=\"https:\/\/drive.google.com\/file\/d\/1GLoHBFweX4X4at2dCwwBti0ohkxxwo79\/view?usp=share_link\" target=\"_blank\" rel=\"noopener\" data-saferedirecturl=\"https:\/\/www.google.com\/url?q=https:\/\/drive.google.com\/file\/d\/1GLoHBFweX4X4at2dCwwBti0ohkxxwo79\/view?usp%3Dshare_link&amp;source=gmail&amp;ust=1681850869552000&amp;usg=AOvVaw1LM1qrt0BZZ3BjSLHBxECR\">Sessi\u00f3 26 d&#8217;octubre de 2022<\/a><\/li>\n<li><a href=\"https:\/\/drive.google.com\/file\/d\/1fURnu122DlEilkJpES2qkkV_r26vElqN\/view?usp=sharing\">Sessi\u00f3 31 de gener de 2023<\/a><\/li>\n<li><a href=\"https:\/\/drive.google.com\/file\/d\/10uwipn_pN1-911nfrXojcedZi76usCkh\/view?usp=sharing\">Sessi\u00f3 27 de juny de 2023<\/a><\/li>\n<li><a href=\"https:\/\/drive.google.com\/file\/d\/1tjv9uM-SRSkaT6fnVYJEuRpWQO2xY9Vi\/view?usp=drive_link\">Sessi\u00f3 14 de desembre de 2023<\/a><\/li>\n<li><a href=\"https:\/\/drive.google.com\/file\/d\/15hh9pHmd2WR7dY1RzSmKmZxD6mAj4mzF\/view?usp=drive_link\">Sessi\u00f3 31 de gener de 2024<\/a><\/li>\n<li><a href=\"https:\/\/drive.google.com\/file\/d\/1oybgD6vCGstlVNcLaiYIl1eG2I_9ybk3\/view?usp=drive_link\">Sessi\u00f3 4 de juny de 2024<\/a><\/li>\n<li><a href=\"https:\/\/drive.google.com\/file\/d\/1Ci2ye6B9MOpjT8ZC58IWhuUmWD4t8oak\/view?usp=sharing\">Sessi\u00f3 4 de juliol de 2024<\/a><\/li>\n<li><a href=\"https:\/\/drive.google.com\/file\/d\/1ulSz-ngbkSVJjRv1IM5leeAdWgnQqWBf\/view?usp=sharing\">Sessi\u00f3 8 d&#8217;octubre de 2024<\/a><\/li>\n<li><a href=\"https:\/\/drive.google.com\/file\/d\/1ahVXRViOF1cweyUzTCLZmHztthDSJ54Q\/view?usp=sharing\">Sessi\u00f3 4 de febrer de 2025<\/a><\/li>\n<li><a href=\"https:\/\/drive.google.com\/file\/d\/1R3gh7gJt8TbpJ7BVrselvkqzFK0nYsUH\/view?usp=sharing\">Sessi\u00f3 4 de juny de 2025<\/a><\/li>\n<li><a href=\"https:\/\/drive.google.com\/file\/d\/149HAzpSSVEGaqVpOkVuEcF38zzW7Ur8D\/view?usp=sharing\">Sessi\u00f3 1 de juliol de 2025<\/a><\/li>\n<\/ul>\n","protected":false},"excerpt":{"rendered":"<p>El Consell Escolar \u00e9s l&#8217;\u00f2rgan col\u00b7legiat de participaci\u00f3 de la comunitat educativa. Actualment est\u00e0 format per fam\u00edlies, personal d&#8217;administraci\u00f3 i [&hellip;]<\/p>\n","protected":false},"author":1,"featured_media":0,"parent":22,"menu_order":40,"comment_status":"closed","ping_status":"closed","template":"","meta":{"_bbp_topic_count":0,"_bbp_reply_count":0,"_bbp_total_topic_count":0,"_bbp_total_reply_count":0,"_bbp_voice_count":0,"_bbp_anonymous_reply_count":0,"_bbp_topic_count_hidden":0,"_bbp_reply_count_hidden":0,"_bbp_forum_subforum_count":0,"site-sidebar-layout":"default","site-content-layout":"","ast-site-content-layout":"default","site-content-style":"default","site-sidebar-style":"default","ast-global-header-display":"","ast-banner-title-visibility":"","ast-main-header-display":"","ast-hfb-above-header-display":"","ast-hfb-below-header-display":"","ast-hfb-mobile-header-display":"","site-post-title":"","ast-breadcrumbs-content":"","ast-featured-img":"","footer-sml-layout":"","theme-transparent-header-meta":"default","adv-header-id-meta":"","stick-header-meta":"","header-above-stick-meta":"","header-main-stick-meta":"","header-below-stick-meta":"","astra-migrate-meta-layouts":"set","ast-page-background-enabled":"default","ast-page-background-meta":{"desktop":{"background-color":"var(--ast-global-color-4)","background-image":"","background-repeat":"repeat","background-position":"center center","background-size":"auto","background-attachment":"scroll","background-type":"","background-media":"","overlay-type":"","overlay-color":"","overlay-opacity":"","overlay-gradient":""},"tablet":{"background-color":"","background-image":"","background-repeat":"repeat","background-position":"center center","background-size":"auto","background-attachment":"scroll","background-type":"","background-media":"","overlay-type":"","overlay-color":"","overlay-opacity":"","overlay-gradient":""},"mobile":{"background-color":"","background-image":"","background-repeat":"repeat","background-position":"center center","background-size":"auto","background-attachment":"scroll","background-type":"","background-media":"","overlay-type":"","overlay-color":"","overlay-opacity":"","overlay-gradient":""}},"ast-content-background-meta":{"desktop":{"background-color":"var(--ast-global-color-5)","background-image":"","background-repeat":"repeat","background-position":"center center","background-size":"auto","background-attachment":"scroll","background-type":"","background-media":"","overlay-type":"","overlay-color":"","overlay-opacity":"","overlay-gradient":""},"tablet":{"background-color":"var(--ast-global-color-5)","background-image":"","background-repeat":"repeat","background-position":"center center","background-size":"auto","background-attachment":"scroll","background-type":"","background-media":"","overlay-type":"","overlay-color":"","overlay-opacity":"","overlay-gradient":""},"mobile":{"background-color":"var(--ast-global-color-5)","background-image":"","background-repeat":"repeat","background-position":"center center","background-size":"auto","background-attachment":"scroll","background-type":"","background-media":"","overlay-type":"","overlay-color":"","overlay-opacity":"","overlay-gradient":""}},"footnotes":""},"class_list":["post-28","page","type-page","status-publish","hentry"],"post_mailing_queue_ids":[],"_links":{"self":[{"href":"https:\/\/agora.xtec.cat\/escolaelsporxos\/wp-json\/wp\/v2\/pages\/28","targetHints":{"allow":["GET"]}}],"collection":[{"href":"https:\/\/agora.xtec.cat\/escolaelsporxos\/wp-json\/wp\/v2\/pages"}],"about":[{"href":"https:\/\/agora.xtec.cat\/escolaelsporxos\/wp-json\/wp\/v2\/types\/page"}],"author":[{"embeddable":true,"href":"https:\/\/agora.xtec.cat\/escolaelsporxos\/wp-json\/wp\/v2\/users\/1"}],"replies":[{"embeddable":true,"href":"https:\/\/agora.xtec.cat\/escolaelsporxos\/wp-json\/wp\/v2\/comments?post=28"}],"version-history":[{"count":6,"href":"https:\/\/agora.xtec.cat\/escolaelsporxos\/wp-json\/wp\/v2\/pages\/28\/revisions"}],"predecessor-version":[{"id":1429,"href":"https:\/\/agora.xtec.cat\/escolaelsporxos\/wp-json\/wp\/v2\/pages\/28\/revisions\/1429"}],"up":[{"embeddable":true,"href":"https:\/\/agora.xtec.cat\/escolaelsporxos\/wp-json\/wp\/v2\/pages\/22"}],"wp:attachment":[{"href":"https:\/\/agora.xtec.cat\/escolaelsporxos\/wp-json\/wp\/v2\/media?parent=28"}],"curies":[{"name":"wp","href":"https:\/\/api.w.org\/{rel}","templated":true}]}}

<p style="color: #444444;">El Consell Escolar és l&#8217;òrgan col·legiat de participació de la comunitat educativa. Actualment està format per famílies, personal d&#8217;administració i serveis, equip directiu, mestres i un representant de l&#8217;ajuntament on tots i totes donem veu a la nostra Comunitat Porxera.</p>
<p><img loading="lazy" decoding="async" class="aligncenter size-full wp-image-1428" src="https://agora.xtec.cat/escolaelsporxos/wp-content/uploads/usu2425/2025/07/consell-escolar-composicio.jpg" alt="" width="1024" height="768" srcset="https://agora.xtec.cat/escolaelsporxos/wp-content/uploads/usu2425/2025/07/consell-escolar-composicio.jpg 1024w, https://agora.xtec.cat/escolaelsporxos/wp-content/uploads/usu2425/2025/07/consell-escolar-composicio-300x225.jpg 300w, https://agora.xtec.cat/escolaelsporxos/wp-content/uploads/usu2425/2025/07/consell-escolar-composicio-768x576.jpg 768w" sizes="auto, (max-width: 1024px) 100vw, 1024px" /></p>
<p>&nbsp;</p>
<p>&nbsp;</p>
<p><strong data-ss-id="rwTH16f81f02e06b6133a5a886fc0f4551f0">Quina és la funció del Consell Escolar a l&#8217;escola?</strong></p>
<p data-ss-id="rwTH782e851f5e7dc33bdf310cef3962560c">La funció principal és debatre, analitzar, avaluar i prendre decisions sobres els temes proposats per l&#8217;escola.</p>
<p><strong data-ss-id="rwTHa062e9575e81b5b0b2c363ab5d83b15b">Per què és important que les famílies participeu en el Consell Escolar?</strong></p>
<p>Els i les professionals dels centres i les famílies compartim un objectiu: l’èxit social i personal dels infants. Les decisions que es prenen al Consell Escolar són claus per al funcionament i la millora del centre i, per tant, també per a l’èxit educatiu de tot l&#8217;alumnat. És per aquest motiu que la participació i implicació dels pares i mares en les eleccions al Consell Escolar és tan important.</p>
<p><strong>ACORDS DEL CONSELL:</strong></p>
<ul>
<li><a href="https://drive.google.com/file/d/12Cp1Vw1Beo_HfWmF6_Y48HJ0_hBC3ULn/view?usp=share_link" target="_blank" rel="noopener" data-saferedirecturl="https://www.google.com/url?q=https://drive.google.com/file/d/12Cp1Vw1Beo_HfWmF6_Y48HJ0_hBC3ULn/view?usp%3Dshare_link&amp;source=gmail&amp;ust=1681850869552000&amp;usg=AOvVaw0NRdKBrXUqx4H3W_ty8UNT">Sessió del 5 de juliol de 2022</a></li>
<li><a href="https://drive.google.com/file/d/1GLoHBFweX4X4at2dCwwBti0ohkxxwo79/view?usp=share_link" target="_blank" rel="noopener" data-saferedirecturl="https://www.google.com/url?q=https://drive.google.com/file/d/1GLoHBFweX4X4at2dCwwBti0ohkxxwo79/view?usp%3Dshare_link&amp;source=gmail&amp;ust=1681850869552000&amp;usg=AOvVaw1LM1qrt0BZZ3BjSLHBxECR">Sessió 26 d&#8217;octubre de 2022</a></li>
<li><a href="https://drive.google.com/file/d/1fURnu122DlEilkJpES2qkkV_r26vElqN/view?usp=sharing">Sessió 31 de gener de 2023</a></li>
<li><a href="https://drive.google.com/file/d/10uwipn_pN1-911nfrXojcedZi76usCkh/view?usp=sharing">Sessió 27 de juny de 2023</a></li>
<li><a href="https://drive.google.com/file/d/1tjv9uM-SRSkaT6fnVYJEuRpWQO2xY9Vi/view?usp=drive_link">Sessió 14 de desembre de 2023</a></li>
<li><a href="https://drive.google.com/file/d/15hh9pHmd2WR7dY1RzSmKmZxD6mAj4mzF/view?usp=drive_link">Sessió 31 de gener de 2024</a></li>
<li><a href="https://drive.google.com/file/d/1oybgD6vCGstlVNcLaiYIl1eG2I_9ybk3/view?usp=drive_link">Sessió 4 de juny de 2024</a></li>
<li><a href="https://drive.google.com/file/d/1Ci2ye6B9MOpjT8ZC58IWhuUmWD4t8oak/view?usp=sharing">Sessió 4 de juliol de 2024</a></li>
<li><a href="https://drive.google.com/file/d/1ulSz-ngbkSVJjRv1IM5leeAdWgnQqWBf/view?usp=sharing">Sessió 8 d&#8217;octubre de 2024</a></li>
<li><a href="https://drive.google.com/file/d/1ahVXRViOF1cweyUzTCLZmHztthDSJ54Q/view?usp=sharing">Sessió 4 de febrer de 2025</a></li>
<li><a href="https://drive.google.com/file/d/1R3gh7gJt8TbpJ7BVrselvkqzFK0nYsUH/view?usp=sharing">Sessió 4 de juny de 2025</a></li>
<li><a href="https://drive.google.com/file/d/149HAzpSSVEGaqVpOkVuEcF38zzW7Ur8D/view?usp=sharing">Sessió 1 de juliol de 2025</a></li>
</ul>

<p>El Consell Escolar és l&#8217;òrgan col·legiat de participació de la comunitat educativa. Actualment està format per famílies, personal d&#8217;administració i [&hellip;]</p>
