{"id":73,"date":"2014-09-18T14:01:51","date_gmt":"2014-09-18T14:01:51","guid":{"rendered":"http:\/\/agora.xtec.cat\/escolaelsplanells\/\/?page_id=73"},"modified":"2026-04-28T10:18:26","modified_gmt":"2026-04-28T08:18:26","slug":"menjador-escolar","status":"publish","type":"page","link":"https:\/\/agora.xtec.cat\/escolaelsplanells\/serveis\/menjador-escolar\/","title":{"rendered":"Menjador escolar"},"content":{"rendered":"<p style=\"text-align: left;\">Prement damunt de cada mes podeu consultar el <strong>men\u00fa del menjador escola.<\/strong><\/p>\n<p><a href=\"https:\/\/agora.xtec.cat\/escolaelsplanells\/wp-content\/uploads\/usu303\/2025\/09\/BASAL_PLANELLS_SETEMBRE_CURS_25-26.pdf\">SETEMBRE 2025<\/a><\/p>\n<p><a href=\"https:\/\/agora.xtec.cat\/escolaelsplanells\/wp-content\/uploads\/usu303\/2025\/10\/MENU_BASAL_PLANELLS_OCTUBRE_-PLANELLS-1.pdf\">OCTUBRE 2025<\/a><\/p>\n<p><a href=\"https:\/\/agora.xtec.cat\/escolaelsplanells\/wp-content\/uploads\/usu303\/2025\/10\/Menu_Basal_Planells_Novembre_curs_25.pdf\">NOVEMBRE 2025<\/a><\/p>\n<p><a href=\"https:\/\/agora.xtec.cat\/escolaelsplanells\/wp-content\/uploads\/usu303\/2025\/10\/Menu_Sense_Gluten_Planells__Novembre_.pdf\">NOVEMBRE SENSE GLUTEN 2025<\/a><\/p>\n<p><a href=\"https:\/\/agora.xtec.cat\/escolaelsplanells\/wp-content\/uploads\/usu303\/2025\/11\/BASAL_DESEMBRE_PLANELLS_CURS-25-26.pdf\">DESEMBRE 2025<\/a><\/p>\n<p><a href=\"https:\/\/agora.xtec.cat\/escolaelsplanells\/wp-content\/uploads\/usu303\/2025\/11\/SENSE_GLUTEN__DESEMBRE_PLANELLS_curs-25-26.pdf\">DESEMBRE SENSE GLUTEN 2025<\/a><\/p>\n<p><a href=\"https:\/\/agora.xtec.cat\/escolaelsplanells\/wp-content\/uploads\/usu303\/2026\/01\/BASAL_PLANELLS_GENER_25-26.pdf\">GENER 2026<\/a><\/p>\n<p><a href=\"https:\/\/agora.xtec.cat\/escolaelsplanells\/wp-content\/uploads\/usu303\/2026\/01\/MENU_SENSE_GLUTEN_.GENER-CURS-25-26.pdf\">GENER 2026 SENSE GLUTEN 2026<\/a><\/p>\n<p><a href=\"https:\/\/agora.xtec.cat\/escolaelsplanells\/wp-content\/uploads\/usu303\/2026\/02\/BASAL_PLANELLS_FEBRER_CURS_25-26.pdf\">FEBRER 2026<\/a><\/p>\n<p><a href=\"https:\/\/agora.xtec.cat\/escolaelsplanells\/wp-content\/uploads\/usu303\/2026\/02\/SENSE_GLUTEN_PLANELLS_FEBRER_25-26.pdf\">FEBRER 2026 SENSE GLUTEN 2026<\/a><\/p>\n<p><a href=\"https:\/\/agora.xtec.cat\/escolaelsplanells\/wp-content\/uploads\/usu303\/2026\/02\/BASAL_PLANELLS__20MAR_C3_87_20CURS_2025-26.pdf\">MAR\u00c7 2026<\/a><\/p>\n<p><a href=\"https:\/\/agora.xtec.cat\/escolaelsplanells\/wp-content\/uploads\/usu303\/2026\/02\/BASAL_PLANELLS__20MAR_C3_87_20CURS_2025-26.pdf\">MAR\u00c7 2026 SENSE GLUTEN<\/a><\/p>\n<p><a href=\"https:\/\/agora.xtec.cat\/escolaelsplanells\/wp-content\/uploads\/usu303\/2026\/04\/BASAL_PLANELLS_ABRIL_25-26.pdf\">ABRIL 2026<\/a><\/p>\n<p><a href=\"https:\/\/agora.xtec.cat\/escolaelsplanells\/wp-content\/uploads\/usu303\/2026\/04\/SENSE_GLUTEN_ABRIL_PLANELLS_25-26.pdf\">ABRIL 2026 SENSE GLUTEN<\/a><\/p>\n<p><a href=\"https:\/\/agora.xtec.cat\/escolaelsplanells\/wp-content\/uploads\/usu303\/2026\/04\/BASAL_PLANELLS_MAIG_CURS_25-26.pdf\">MAIG 2026<\/a><\/p>\n<p><a href=\"https:\/\/agora.xtec.cat\/escolaelsplanells\/wp-content\/uploads\/usu303\/2026\/04\/Menu_sense_Gluten_Planells_Maig_25-26.pdf\">MAIG 2026 SENSE GLUTEN<\/a><\/p>\n<h4>INFORMACI\u00d3 A TENIR EN COMPTE<\/h4>\n<p><strong>El 8 d\u2019octubre de 2025, a les 17h, al menjador escolar<\/strong>, es dur\u00e0 a terme la <strong>reuni\u00f3 per part de Comertel<\/strong>, empresa adjudicat\u00e0ria del servei de menjador, <strong>per a totes les fam\u00edlies usu\u00e0ries del servei.<\/strong><\/p>\n<ul style=\"list-style-type: square;\">\n<li>Servei de Menjador: <strong>Empresa Comertel<\/strong><\/li>\n<li>Preus:<br \/>\n\u2022 Alumnat de transport obligatori gratu\u00eft<br \/>\n\u2022 Alumnat de transport no obligatori<br \/>\n\u2022 Alumnes fix no transport 6&#8217;69\u20ac\/dia<br \/>\n\u2022 Alumnes espor\u00e0dics 7&#8217;36 \u20ac\/dia<\/li>\n<li>Per les abs\u00e8ncies justificades s\u2019abonaran 2,61\u20ac\/diaris. A partir del sis\u00e8 dia, s\u2019abonar\u00e0 l\u2019import \u00edntegre. Comertel gestionar\u00e0 el cobrament dels rebuts.<\/li>\n<li>Per qualsevol incid\u00e8ncia que s\u2019hagi de <strong>comunicar a la cuinera<\/strong>, per abs\u00e8ncies, serveis eventuals, un men\u00fa de r\u00e8gim en cas de malaltia, altes i baixes, truqueu a la cuinera:<br \/>\n<strong>627 44 01 68<\/strong> (horari exclusiu <strong>de 9 a 10h<\/strong>)<\/li>\n<li>La responsable del menjador escolar \u00e9s la Sra. Carme Guim. Per qualsevol incid\u00e8ncia o casu\u00edstica que les fam\u00edlies hagueu de comunicar a la <strong>coordinadora de menjador<\/strong>, ho podeu fer a trav\u00e9s del correu electr\u00f2nic <a href=\"mailto:menjador@escolaelsplanells.cat\">menjador@escolaelsplanells.cat<\/a> o trucar al 682 392 997, de 12h a 13h.\u00a0Si no us respon, despr\u00e9s us tornar\u00e0 la trucada.<\/li>\n<li><span style=\"font-family: inherit; font-size: 1em;\">Els nens\/es que no poden consumir algun aliment han de portar un certificat m\u00e8dic que detalli la problem\u00e0tica.<\/span><\/li>\n<li>Quan algun usuari del menjador hagi de sortir del centre dins de la franja hor\u00e0ria del migdia, ser\u00e0 imprescindible lliurar una autoritzaci\u00f3 per part del pare\/mare\/tutor a la responsable del menjador.<\/li>\n<li>Els ajuts aquest curs s\u00f3n del 70% i del 100%. Durant el primer trimestre, els dies d&#8217;ajut del 70% seran dilluns, dimecres i divendres i, a partir del gener, quatre dies a la setmana: dilluns, dimarts, dimecres i divendres. L&#8217;alumnat que t\u00e9 l&#8217;ajut del 100% podr\u00e0 fer \u00fas del servei de menjador cada dia de la setmana.<\/li>\n<\/ul>\n<h4><a href=\"https:\/\/agora.xtec.cat\/escolaelsplanells\/wp-content\/uploads\/usu303\/2025\/10\/20251006_25000638_FUNCIONAMENT-DEL-MENJADOR-ESCOLAR-.pdf\">PLA DE MENJADOR\u00a0<\/a><\/h4>\n<p><strong>Acords<\/strong> de menjador 04.03.2024:<\/p>\n<p>1.- Hi haur\u00e0 una monitora per cada nivell.<\/p>\n<p>2.- La franja hor\u00e0ria del migdia estar\u00e0 dividida en:<\/p>\n<p>12.30h h\u00e0bits d&#8217;higiene i dinar.<\/p>\n<p>13.30h a 14h joc lliure amb el grup d&#8217;iguals.<\/p>\n<p>14h a 14.30h activitats dirigides per les monitores sota el Pla d&#8217;activitats pedag\u00f2giques.<\/p>\n<p>14h a 15h<a href=\"https:\/\/agora.xtec.cat\/escolaelsplanells\/wp-content\/uploads\/usu303\/2025\/10\/EXTRAESCOLARS-25-26.odt\"> Activitats extraescolars organitzades per l&#8217;AFA.<\/a><\/p>\n<p>14.30h a 15h h\u00e0bits d&#8217;higiene i organitzaci\u00f3 per tornar a la jornada lectiva de la tarda.<\/p>\n<p>Dimarts, dimecres, dijous i divendres, l&#8217;Escola de M\u00fasica d&#8217;Artesa de Segre, a la franja hor\u00e0ria del migdia, imparteix classes a l&#8217;escola. Dimarts a la tarda, fa classes de batucada.<\/p>\n<p>&nbsp;<\/p>\n<h4>ENQUESTA DE SATISACCI\u00d3:<\/h4>\n<p>QR d&#8217;acc\u00e9s a una enquesta de satisfacci\u00f3 en relaci\u00f3 al servei de Menjador Escolar 2024 &#8211; 2025, que l&#8217;empresa adjudicat\u00e0ria del servei de menjador, Comertel, ens ha fer arribar.<\/p>\n<div><\/div>\n","protected":false},"excerpt":{"rendered":"<p>Prement damunt de cada mes podeu consultar el men\u00fa del menjador escola. SETEMBRE 2025 OCTUBRE 2025 NOVEMBRE 2025 NOVEMBRE SENSE GLUTEN 2025 DESEMBRE 2025 DESEMBRE SENSE GLUTEN 2025 GENER 2026 GENER 2026 SENSE GLUTEN 2026 FEBRER 2026 FEBRER 2026 SENSE GLUTEN 2026 MAR\u00c7 2026 MAR\u00c7 2026 SENSE GLUTEN ABRIL 2026 ABRIL 2026 SENSE GLUTEN MAIG [&hellip;]<\/p>\n","protected":false},"author":2,"featured_media":0,"parent":66,"menu_order":42,"comment_status":"closed","ping_status":"closed","template":"","meta":{"_bbp_topic_count":0,"_bbp_reply_count":0,"_bbp_total_topic_count":0,"_bbp_total_reply_count":0,"_bbp_voice_count":0,"_bbp_anonymous_reply_count":0,"_bbp_topic_count_hidden":0,"_bbp_reply_count_hidden":0,"_bbp_forum_subforum_count":0,"site-sidebar-layout":"default","site-content-layout":"","ast-site-content-layout":"default","site-content-style":"default","site-sidebar-style":"default","ast-global-header-display":"","ast-banner-title-visibility":"","ast-main-header-display":"","ast-hfb-above-header-display":"","ast-hfb-below-header-display":"","ast-hfb-mobile-header-display":"","site-post-title":"","ast-breadcrumbs-content":"","ast-featured-img":"","footer-sml-layout":"","theme-transparent-header-meta":"default","adv-header-id-meta":"","stick-header-meta":"","header-above-stick-meta":"","header-main-stick-meta":"","header-below-stick-meta":"","astra-migrate-meta-layouts":"set","ast-page-background-enabled":"default","ast-page-background-meta":{"desktop":{"background-color":"var(--ast-global-color-4)","background-image":"","background-repeat":"repeat","background-position":"center center","background-size":"auto","background-attachment":"scroll","background-type":"","background-media":"","overlay-type":"","overlay-color":"","overlay-opacity":"","overlay-gradient":""},"tablet":{"background-color":"","background-image":"","background-repeat":"repeat","background-position":"center center","background-size":"auto","background-attachment":"scroll","background-type":"","background-media":"","overlay-type":"","overlay-color":"","overlay-opacity":"","overlay-gradient":""},"mobile":{"background-color":"","background-image":"","background-repeat":"repeat","background-position":"center center","background-size":"auto","background-attachment":"scroll","background-type":"","background-media":"","overlay-type":"","overlay-color":"","overlay-opacity":"","overlay-gradient":""}},"ast-content-background-meta":{"desktop":{"background-color":"var(--ast-global-color-5)","background-image":"","background-repeat":"repeat","background-position":"center center","background-size":"auto","background-attachment":"scroll","background-type":"","background-media":"","overlay-type":"","overlay-color":"","overlay-opacity":"","overlay-gradient":""},"tablet":{"background-color":"var(--ast-global-color-5)","background-image":"","background-repeat":"repeat","background-position":"center center","background-size":"auto","background-attachment":"scroll","background-type":"","background-media":"","overlay-type":"","overlay-color":"","overlay-opacity":"","overlay-gradient":""},"mobile":{"background-color":"var(--ast-global-color-5)","background-image":"","background-repeat":"repeat","background-position":"center center","background-size":"auto","background-attachment":"scroll","background-type":"","background-media":"","overlay-type":"","overlay-color":"","overlay-opacity":"","overlay-gradient":""}},"footnotes":""},"class_list":["post-73","page","type-page","status-publish","hentry"],"post_mailing_queue_ids":[],"_links":{"self":[{"href":"https:\/\/agora.xtec.cat\/escolaelsplanells\/wp-json\/wp\/v2\/pages\/73","targetHints":{"allow":["GET"]}}],"collection":[{"href":"https:\/\/agora.xtec.cat\/escolaelsplanells\/wp-json\/wp\/v2\/pages"}],"about":[{"href":"https:\/\/agora.xtec.cat\/escolaelsplanells\/wp-json\/wp\/v2\/types\/page"}],"author":[{"embeddable":true,"href":"https:\/\/agora.xtec.cat\/escolaelsplanells\/wp-json\/wp\/v2\/users\/2"}],"replies":[{"embeddable":true,"href":"https:\/\/agora.xtec.cat\/escolaelsplanells\/wp-json\/wp\/v2\/comments?post=73"}],"version-history":[{"count":7,"href":"https:\/\/agora.xtec.cat\/escolaelsplanells\/wp-json\/wp\/v2\/pages\/73\/revisions"}],"predecessor-version":[{"id":10458,"href":"https:\/\/agora.xtec.cat\/escolaelsplanells\/wp-json\/wp\/v2\/pages\/73\/revisions\/10458"}],"up":[{"embeddable":true,"href":"https:\/\/agora.xtec.cat\/escolaelsplanells\/wp-json\/wp\/v2\/pages\/66"}],"wp:attachment":[{"href":"https:\/\/agora.xtec.cat\/escolaelsplanells\/wp-json\/wp\/v2\/media?parent=73"}],"curies":[{"name":"wp","href":"https:\/\/api.w.org\/{rel}","templated":true}]}}