{"id":24,"date":"2014-09-18T12:23:15","date_gmt":"2014-09-18T11:23:15","guid":{"rendered":"http:\/\/agora.xtec.cat\/escolaelsegria\/?page_id=24"},"modified":"2025-02-06T13:29:51","modified_gmt":"2025-02-06T12:29:51","slug":"on-som","status":"publish","type":"page","link":"https:\/\/agora.xtec.cat\/escolaelsegria\/lescola\/on-som\/","title":{"rendered":"On som"},"content":{"rendered":"<h6><strong>\u00a0<img loading=\"lazy\" decoding=\"async\" class=\"alignnone \" src=\"https:\/\/lh4.googleusercontent.com\/-AMH07ZhmiTE\/U8K-6flIW5I\/AAAAAAAAAWc\/ohAfjJO-aZI\/s912\/P2030239.JPG\" width=\"151\" height=\"113\" \/> <a href=\"https:\/\/agora.xtec.cat\/escolaelsegria\/wp-content\/uploads\/usu1855\/2025\/02\/ESCOLA-ENTRADA.jpg\"><img loading=\"lazy\" decoding=\"async\" class=\"alignnone  wp-image-3988\" src=\"https:\/\/agora.xtec.cat\/escolaelsegria\/wp-content\/uploads\/usu1855\/2025\/02\/ESCOLA-ENTRADA-300x225.jpg\" alt=\"\" width=\"149\" height=\"112\" srcset=\"https:\/\/agora.xtec.cat\/escolaelsegria\/wp-content\/uploads\/usu1855\/2025\/02\/ESCOLA-ENTRADA-300x225.jpg 300w, https:\/\/agora.xtec.cat\/escolaelsegria\/wp-content\/uploads\/usu1855\/2025\/02\/ESCOLA-ENTRADA-1024x768.jpg 1024w, https:\/\/agora.xtec.cat\/escolaelsegria\/wp-content\/uploads\/usu1855\/2025\/02\/ESCOLA-ENTRADA-768x576.jpg 768w, https:\/\/agora.xtec.cat\/escolaelsegria\/wp-content\/uploads\/usu1855\/2025\/02\/ESCOLA-ENTRADA-1536x1152.jpg 1536w, https:\/\/agora.xtec.cat\/escolaelsegria\/wp-content\/uploads\/usu1855\/2025\/02\/ESCOLA-ENTRADA-200x150.jpg 200w, https:\/\/agora.xtec.cat\/escolaelsegria\/wp-content\/uploads\/usu1855\/2025\/02\/ESCOLA-ENTRADA.jpg 2048w\" sizes=\"auto, (max-width: 149px) 100vw, 149px\" \/><\/a> <a href=\"https:\/\/agora.xtec.cat\/escolaelsegria\/wp-content\/uploads\/usu1855\/2025\/02\/FOTO-PATI.jpg\"><img loading=\"lazy\" decoding=\"async\" class=\"alignnone  wp-image-3989\" src=\"https:\/\/agora.xtec.cat\/escolaelsegria\/wp-content\/uploads\/usu1855\/2025\/02\/FOTO-PATI-300x225.jpg\" alt=\"\" width=\"148\" height=\"111\" srcset=\"https:\/\/agora.xtec.cat\/escolaelsegria\/wp-content\/uploads\/usu1855\/2025\/02\/FOTO-PATI-300x225.jpg 300w, https:\/\/agora.xtec.cat\/escolaelsegria\/wp-content\/uploads\/usu1855\/2025\/02\/FOTO-PATI-1024x768.jpg 1024w, https:\/\/agora.xtec.cat\/escolaelsegria\/wp-content\/uploads\/usu1855\/2025\/02\/FOTO-PATI-768x576.jpg 768w, https:\/\/agora.xtec.cat\/escolaelsegria\/wp-content\/uploads\/usu1855\/2025\/02\/FOTO-PATI-1536x1152.jpg 1536w, https:\/\/agora.xtec.cat\/escolaelsegria\/wp-content\/uploads\/usu1855\/2025\/02\/FOTO-PATI-200x150.jpg 200w, https:\/\/agora.xtec.cat\/escolaelsegria\/wp-content\/uploads\/usu1855\/2025\/02\/FOTO-PATI.jpg 2048w\" sizes=\"auto, (max-width: 148px) 100vw, 148px\" \/><\/a><\/strong><\/h6>\n<h6 style=\"text-align: left;\"><strong>ESCOLA EL SEGRI\u00c0<\/strong><\/h6>\n<p style=\"text-align: left;\">C\/ Gran ,n\u00ba 58<\/p>\n<p style=\"text-align: left;\">25195 Partida de Ll\u00edvia<\/p>\n<p style=\"text-align: left;\">LLEIDA<\/p>\n<p style=\"text-align: left;\">Tel\u00e8fon : 973. 23.03.02<\/p>\n<p style=\"text-align: left;\">Adre\u00e7a electr\u00f2nica : c5002854@xtec.cat<\/p>\n<p><iframe loading=\"lazy\" src=\"https:\/\/www.google.com\/maps\/embed?pb=!1m18!1m12!1m3!1d760995.2435133226!2d1.1173811105776137!3d41.83609966563103!2m3!1f0!2f0!3f0!3m2!1i1024!2i768!4f13.1!3m3!1m2!1s0x12a6e10870000001%3A0x5183f3630f4e00b6!2sEscola+Public+El+Segria+Zer+L'Horta+De+Lleida!5e0!3m2!1sca!2ses!4v1526913152971\" width=\"600\" height=\"450\" frameborder=\"0\"><\/iframe><\/p>\n<p>Ens trobem al municipi \u00a0de Lleida per\u00f2 fora de la ciutat , a la Partida de Ll\u00edvia que es troba al nord- est direcci\u00f3<strong>\u00a0Torresserona<\/strong>\u00a0\u00a0, que \u00e9s el poble hi ha despr\u00e9s.<\/p>\n<p>Si veniu des de Lleida heu de\u00a0prendre\u00a0 la direcci\u00f3 del\u00a0<strong>barri Sec\u00e0 de Sant Pere<\/strong>\u00a0i continuar per la<strong>\u00a0LP 9221<\/strong>\u00a0.<\/p>\n<p>Si sou de fora , hi podeu\u00a0arribar\u00a0per l\u2019<strong>autovia Lleida Barcelona<\/strong>\u00a0per la\u00a0<strong>4rta sortida<\/strong>\u00a0si veniu de la direcci\u00f3 de Barcelona i per la\u00a0<strong>3era sortida<\/strong>\u00a0si veniu de la direcci\u00f3 Saragossa.<\/p>\n<p>La Partida de Ll\u00edvia sembla un petit\u00a0poble\u00a0per\u00f2 no te Ajuntament doncs pertany al municipi de Lleida .<\/p>\n<p>L\u2019estructura del municipi fa que estigui dividit en diferents partides o zones de conreu on les cases dels pagesos anomenades<strong>\u00a0\u201ctorres\u201d<\/strong>\u00a0estant escampades per molts dels camps.<\/p>\n<p>L\u2019escola, es troba situada aprop dels bancals d\u2019arbres fruiters que \u00e9s el cultiu m\u00e9s representatiu de la nostra comarca : pomeres, presseguers, perers, alguna figuera, oliveres o ametllers .Tamb\u00e9 podem trobar nectarina, prunera, cirerer,\u00a0albercoquer, \u2026\u2026es a dir ,que \u00e9s una terra f\u00e8rtil regada per les aig\u00fces del riu Segre i els seus canals.<\/p>\n<p>El seu aspecte durant la primavera \u00e9s\u00a0exultant tot s\u00f3n arbres florits de color blanc o rosat i despr\u00e8s d\u2019aquesta explosi\u00f3 de color comen\u00e7a a verdejar amb totes les tonalitats de verds possibles.<\/p>\n<p><img loading=\"lazy\" decoding=\"async\" class=\"alignnone \" src=\"https:\/\/donviajon.files.wordpress.com\/2017\/04\/pforzheim-alemania-primavera-flores.jpg?w=1000\" width=\"434\" height=\"217\" \/> \u00a0\u00a0<img loading=\"lazy\" decoding=\"async\" class=\"alignnone \" src=\"https:\/\/cdn01.segre.com\/uploads\/imagenes\/bajacalidad\/2017\/03\/01\/_annasaez_04915b26.jpeg?c81e728d9d4c2f636f067f89cc14862c\" width=\"332\" height=\"227\" \/><\/p>\n<p>&nbsp;<\/p>\n","protected":false},"excerpt":{"rendered":"<p>\u00a0 ESCOLA EL SEGRI\u00c0 C\/ Gran ,n\u00ba 58 25195 Partida de Ll\u00edvia LLEIDA Tel\u00e8fon : 973. 23.03.02 Adre\u00e7a electr\u00f2nica : c5002854@xtec.cat Ens trobem al municipi \u00a0de Lleida per\u00f2 fora de la ciutat , a la Partida de Ll\u00edvia que es troba al nord- est direcci\u00f3\u00a0Torresserona\u00a0\u00a0, que \u00e9s el poble hi ha despr\u00e9s. Si veniu des [&hellip;]<\/p>\n","protected":false},"author":1,"featured_media":0,"parent":22,"menu_order":10,"comment_status":"closed","ping_status":"closed","template":"page-templates\/side-menu.php","meta":{"_bbp_topic_count":0,"_bbp_reply_count":0,"_bbp_total_topic_count":0,"_bbp_total_reply_count":0,"_bbp_voice_count":0,"_bbp_anonymous_reply_count":0,"_bbp_topic_count_hidden":0,"_bbp_reply_count_hidden":0,"_bbp_forum_subforum_count":0,"site-sidebar-layout":"default","site-content-layout":"","ast-site-content-layout":"","site-content-style":"default","site-sidebar-style":"default","ast-global-header-display":"","ast-banner-title-visibility":"","ast-main-header-display":"","ast-hfb-above-header-display":"","ast-hfb-below-header-display":"","ast-hfb-mobile-header-display":"","site-post-title":"","ast-breadcrumbs-content":"","ast-featured-img":"","footer-sml-layout":"","theme-transparent-header-meta":"","adv-header-id-meta":"","stick-header-meta":"","header-above-stick-meta":"","header-main-stick-meta":"","header-below-stick-meta":"","astra-migrate-meta-layouts":"default","ast-page-background-enabled":"default","ast-page-background-meta":{"desktop":{"background-color":"var(--ast-global-color-4)","background-image":"","background-repeat":"repeat","background-position":"center center","background-size":"auto","background-attachment":"scroll","background-type":"","background-media":"","overlay-type":"","overlay-color":"","overlay-opacity":"","overlay-gradient":""},"tablet":{"background-color":"","background-image":"","background-repeat":"repeat","background-position":"center center","background-size":"auto","background-attachment":"scroll","background-type":"","background-media":"","overlay-type":"","overlay-color":"","overlay-opacity":"","overlay-gradient":""},"mobile":{"background-color":"","background-image":"","background-repeat":"repeat","background-position":"center center","background-size":"auto","background-attachment":"scroll","background-type":"","background-media":"","overlay-type":"","overlay-color":"","overlay-opacity":"","overlay-gradient":""}},"ast-content-background-meta":{"desktop":{"background-color":"var(--ast-global-color-5)","background-image":"","background-repeat":"repeat","background-position":"center center","background-size":"auto","background-attachment":"scroll","background-type":"","background-media":"","overlay-type":"","overlay-color":"","overlay-opacity":"","overlay-gradient":""},"tablet":{"background-color":"var(--ast-global-color-5)","background-image":"","background-repeat":"repeat","background-position":"center center","background-size":"auto","background-attachment":"scroll","background-type":"","background-media":"","overlay-type":"","overlay-color":"","overlay-opacity":"","overlay-gradient":""},"mobile":{"background-color":"var(--ast-global-color-5)","background-image":"","background-repeat":"repeat","background-position":"center center","background-size":"auto","background-attachment":"scroll","background-type":"","background-media":"","overlay-type":"","overlay-color":"","overlay-opacity":"","overlay-gradient":""}},"footnotes":""},"class_list":["post-24","page","type-page","status-publish","hentry"],"post_mailing_queue_ids":[],"_links":{"self":[{"href":"https:\/\/agora.xtec.cat\/escolaelsegria\/wp-json\/wp\/v2\/pages\/24","targetHints":{"allow":["GET"]}}],"collection":[{"href":"https:\/\/agora.xtec.cat\/escolaelsegria\/wp-json\/wp\/v2\/pages"}],"about":[{"href":"https:\/\/agora.xtec.cat\/escolaelsegria\/wp-json\/wp\/v2\/types\/page"}],"author":[{"embeddable":true,"href":"https:\/\/agora.xtec.cat\/escolaelsegria\/wp-json\/wp\/v2\/users\/1"}],"replies":[{"embeddable":true,"href":"https:\/\/agora.xtec.cat\/escolaelsegria\/wp-json\/wp\/v2\/comments?post=24"}],"version-history":[{"count":5,"href":"https:\/\/agora.xtec.cat\/escolaelsegria\/wp-json\/wp\/v2\/pages\/24\/revisions"}],"predecessor-version":[{"id":3990,"href":"https:\/\/agora.xtec.cat\/escolaelsegria\/wp-json\/wp\/v2\/pages\/24\/revisions\/3990"}],"up":[{"embeddable":true,"href":"https:\/\/agora.xtec.cat\/escolaelsegria\/wp-json\/wp\/v2\/pages\/22"}],"wp:attachment":[{"href":"https:\/\/agora.xtec.cat\/escolaelsegria\/wp-json\/wp\/v2\/media?parent=24"}],"curies":[{"name":"wp","href":"https:\/\/api.w.org\/{rel}","templated":true}]}}