{"id":552,"date":"2021-10-05T09:26:10","date_gmt":"2021-10-05T07:26:10","guid":{"rendered":"https:\/\/agora.xtec.cat\/escolaelrouregros\/?page_id=552"},"modified":"2023-11-22T18:19:34","modified_gmt":"2023-11-22T17:19:34","slug":"lescola","status":"publish","type":"page","link":"https:\/\/agora.xtec.cat\/escolaelrouregros\/lescola\/","title":{"rendered":"Visc i torno"},"content":{"rendered":"<h3><a href=\"https:\/\/agora.xtec.cat\/escolaelrouregros\/wp-content\/uploads\/usu2660\/2023\/11\/Montserrat_Abello.jpg\"><img loading=\"lazy\" decoding=\"async\" class=\"alignnone size-full wp-image-1934\" src=\"https:\/\/agora.xtec.cat\/escolaelrouregros\/wp-content\/uploads\/usu2660\/2023\/11\/Montserrat_Abello.jpg\" alt=\"\" width=\"363\" height=\"325\" srcset=\"https:\/\/agora.xtec.cat\/escolaelrouregros\/wp-content\/uploads\/usu2660\/2023\/11\/Montserrat_Abello.jpg 363w, https:\/\/agora.xtec.cat\/escolaelrouregros\/wp-content\/uploads\/usu2660\/2023\/11\/Montserrat_Abello-300x269.jpg 300w\" sizes=\"auto, (max-width: 363px) 100vw, 363px\" \/><\/a><\/h3>\n<p><a href=\"https:\/\/www.musicadepoetes.cat\/poeta?autor=670\">Montserrat Abell\u00f3<\/a><\/p>\n<p class=\"maintxtsmallind\">Visc i torno<br \/>\na reviure<br \/>\ncada poema,<br \/>\ncada paraula.<br \/>\nEstimo tant<br \/>\nla vida<br \/>\nque la faig meva<br \/>\nmoltes vegades.<\/p>\n<p><a href=\"https:\/\/agora.xtec.cat\/escolaelrouregros\/wp-content\/uploads\/usu2660\/2023\/11\/albert-einstein.jpg\"><img loading=\"lazy\" decoding=\"async\" class=\"alignnone  wp-image-1937\" src=\"https:\/\/agora.xtec.cat\/escolaelrouregros\/wp-content\/uploads\/usu2660\/2023\/11\/albert-einstein.jpg\" alt=\"\" width=\"372\" height=\"279\" srcset=\"https:\/\/agora.xtec.cat\/escolaelrouregros\/wp-content\/uploads\/usu2660\/2023\/11\/albert-einstein.jpg 1445w, https:\/\/agora.xtec.cat\/escolaelrouregros\/wp-content\/uploads\/usu2660\/2023\/11\/albert-einstein-300x225.jpg 300w, https:\/\/agora.xtec.cat\/escolaelrouregros\/wp-content\/uploads\/usu2660\/2023\/11\/albert-einstein-1024x767.jpg 1024w, https:\/\/agora.xtec.cat\/escolaelrouregros\/wp-content\/uploads\/usu2660\/2023\/11\/albert-einstein-768x576.jpg 768w, https:\/\/agora.xtec.cat\/escolaelrouregros\/wp-content\/uploads\/usu2660\/2023\/11\/albert-einstein-200x150.jpg 200w\" sizes=\"auto, (max-width: 372px) 100vw, 372px\" \/><\/a><\/p>\n<p><a href=\"https:\/\/einstein.fundaciorecerca.cat\/albert-einstein\/\">Albert Einstein<\/a><\/p>\n<p>L&#8217;aprenentatge \u00e9s experi\u00e8ncia, tota la resta \u00e9s informaci\u00f3.<\/p>\n","protected":false},"excerpt":{"rendered":"<p><a href=\"https:\/\/agora.xtec.cat\/escolaelrouregros\/wp-content\/uploads\/usu2660\/2023\/11\/Montserrat_Abello.jpg\"><\/a><br \/>\n<a href=\"https:\/\/www.musicadepoetes.cat\/poeta?autor=670\">Montserrat Abell\u00f3<\/a><br \/>\nVisc i torno<br \/>\na reviure<br \/>\ncada poema,<br \/>\ncada paraula.<br \/>\nEstimo tant<br \/>\nla vida<br \/>\nque la faig meva<br \/>\nmoltes vegades.<br \/>\n<a href=\"https:\/\/agora.xtec.cat\/escolaelrouregros\/wp-content\/uploads\/usu2660\/2023\/11\/albert-einstein.jpg\"><\/a><br \/>\n<a href=\"https:\/\/einstein.fundaciorecerca.cat\/albert-einstein\/\">Albert Einstein<\/a><br \/>\nL&#8217;aprenentatge \u00e9s experi\u00e8ncia, tota la resta \u00e9s informaci\u00f3.<\/p>\n","protected":false},"author":1,"featured_media":0,"parent":0,"menu_order":0,"comment_status":"closed","ping_status":"closed","template":"","meta":{"_bbp_topic_count":0,"_bbp_reply_count":0,"_bbp_total_topic_count":0,"_bbp_total_reply_count":0,"_bbp_voice_count":0,"_bbp_anonymous_reply_count":0,"_bbp_topic_count_hidden":0,"_bbp_reply_count_hidden":0,"_bbp_forum_subforum_count":0,"footnotes":""},"class_list":["post-552","page","type-page","status-publish","hentry"],"post_mailing_queue_ids":[],"_links":{"self":[{"href":"https:\/\/agora.xtec.cat\/escolaelrouregros\/wp-json\/wp\/v2\/pages\/552","targetHints":{"allow":["GET"]}}],"collection":[{"href":"https:\/\/agora.xtec.cat\/escolaelrouregros\/wp-json\/wp\/v2\/pages"}],"about":[{"href":"https:\/\/agora.xtec.cat\/escolaelrouregros\/wp-json\/wp\/v2\/types\/page"}],"author":[{"embeddable":true,"href":"https:\/\/agora.xtec.cat\/escolaelrouregros\/wp-json\/wp\/v2\/users\/1"}],"replies":[{"embeddable":true,"href":"https:\/\/agora.xtec.cat\/escolaelrouregros\/wp-json\/wp\/v2\/comments?post=552"}],"version-history":[{"count":7,"href":"https:\/\/agora.xtec.cat\/escolaelrouregros\/wp-json\/wp\/v2\/pages\/552\/revisions"}],"predecessor-version":[{"id":1938,"href":"https:\/\/agora.xtec.cat\/escolaelrouregros\/wp-json\/wp\/v2\/pages\/552\/revisions\/1938"}],"wp:attachment":[{"href":"https:\/\/agora.xtec.cat\/escolaelrouregros\/wp-json\/wp\/v2\/media?parent=552"}],"curies":[{"name":"wp","href":"https:\/\/api.w.org\/{rel}","templated":true}]}}