{"id":3929,"date":"2023-11-17T09:41:52","date_gmt":"2023-11-17T08:41:52","guid":{"rendered":"https:\/\/agora.xtec.cat\/escolaelrouredepontons\/?page_id=3929"},"modified":"2025-02-18T18:09:43","modified_gmt":"2025-02-18T17:09:43","slug":"organitzacio-de-centre-2","status":"publish","type":"page","link":"https:\/\/agora.xtec.cat\/escolaelrouredepontons\/organitzacio-de-centre-2\/","title":{"rendered":"ORGANITZACI\u00d3 DE CENTRE"},"content":{"rendered":"<p><a href=\"https:\/\/agora.xtec.cat\/escolaelrouredepontons\/wp-content\/uploads\/usu80\/2024\/01\/organitzacio.png\"><img loading=\"lazy\" decoding=\"async\" class=\"aligncenter wp-image-4110\" src=\"https:\/\/agora.xtec.cat\/escolaelrouredepontons\/wp-content\/uploads\/usu80\/2024\/01\/organitzacio.png\" alt=\"\" width=\"409\" height=\"297\" srcset=\"https:\/\/agora.xtec.cat\/escolaelrouredepontons\/wp-content\/uploads\/usu80\/2024\/01\/organitzacio.png 900w, https:\/\/agora.xtec.cat\/escolaelrouredepontons\/wp-content\/uploads\/usu80\/2024\/01\/organitzacio-300x218.png 300w, https:\/\/agora.xtec.cat\/escolaelrouredepontons\/wp-content\/uploads\/usu80\/2024\/01\/organitzacio-768x557.png 768w\" sizes=\"auto, (max-width: 409px) 100vw, 409px\" \/><\/a><\/p>\n<p><span style=\"font-weight: 400; font-size: 14pt;\">El nostre centre \u00e9s una escola p\u00fablica, c\u00edclica.<\/span><\/p>\n<h2 style=\"text-align: left;\"><strong><span style=\"font-family: verdana, geneva, sans-serif; font-size: 24pt;\">CLAUSTRE<\/span><\/strong><\/h2>\n<p><span style=\"font-size: 14pt;\">El claustre de l&#8217;escola est\u00e0 format per:<\/span><\/p>\n<ul>\n<li style=\"list-style-type: none;\">\n<ul>\n<li style=\"list-style-type: none;\">\n<ul>\n<li style=\"list-style-type: none;\">\n<ul>\n<li><span style=\"font-size: 14pt;\">Luis Darriba Fern\u00e1ndez: Director<\/span><\/li>\n<li><span style=\"font-size: 14pt;\">Lourdes Bertr\u00e1n R\u00f3denas: Secret\u00e0ria i Tutora Ed. Infantil\u00a0<\/span><\/li>\n<li><span style=\"font-weight: 400; font-size: 14pt;\">Maria San Miguel: Tutora Cicle Inicial<\/span><\/li>\n<li><span style=\"font-size: 14pt;\">M\u00aa Asunci\u00f3n Bonet: Tutora Cicle Mitj\u00e0<\/span><\/li>\n<li><span style=\"font-size: 14pt;\">Silvia Romero Pi\u00f1ol: Tutora Cicle Superior<\/span><\/li>\n<li><span style=\"font-size: 14pt;\">Maria San Miguel Requejo: Mestra Pedagogia Terap\u00e8utica<\/span><\/li>\n<\/ul>\n<\/li>\n<\/ul>\n<\/li>\n<\/ul>\n<\/li>\n<\/ul>\n<h5><\/h5>\n<h2 style=\"text-align: left;\"><strong><span style=\"font-family: verdana, geneva, sans-serif; font-size: 24pt;\">HORARI<\/span><\/strong><\/h2>\n<p style=\"text-align: left;\"><span style=\"font-weight: 400; font-size: 14pt;\">El dia a dia s\u2019estructura amb el seg\u00fcent horari:\u00a0<\/span><\/p>\n<p><span style=\"font-weight: 400; font-size: 14pt;\">Horari matinal: 9 a 12:30h.<\/span><\/p>\n<p><span style=\"font-weight: 400; font-size: 14pt;\">Horari de tarda: 15 a 16:30h.\u00a0<\/span><\/p>\n<p><span style=\"font-weight: 400; font-size: 14pt;\">Els infants gaudeixen de 30 minuts d\u2019esbarjo de 11:00 a 11:30h.<\/span><\/p>\n<h5><\/h5>\n<h2 style=\"text-align: left;\"><strong><span style=\"font-family: verdana, geneva, sans-serif; font-size: 24pt;\">CALENDARI<\/span><\/strong><\/h2>\n<p><span style=\"font-weight: 400; font-size: 14pt;\">El calendari escolar del mateix es regeix pel calendari educatiu anual establert pel Departament d\u2019Educaci\u00f3.\u00a0<\/span><\/p>\n<p><span style=\"font-weight: 400; font-size: 14pt;\">Tamb\u00e9 disposem dels seg\u00fcents dies de lliure disposici\u00f3 de centre:<\/span><\/p>\n<p>&nbsp;<\/p>\n<p><span style=\"font-weight: 400; font-size: 14pt;\">31\/10\/24<\/span><\/p>\n<p><span style=\"font-weight: 400; font-size: 14pt;\">5\/12\/24<\/span><\/p>\n<p><span style=\"font-weight: 400; font-size: 14pt;\">20\/1\/25<\/span><\/p>\n<p><span style=\"font-weight: 400; font-size: 14pt;\">3\/3\/25<\/span><\/p>\n<p><span style=\"font-weight: 400; font-size: 14pt;\">2\/5\/25<\/span><\/p>\n<p><span style=\"font-weight: 400; font-size: 14pt;\">26\/5\/25<\/span><\/p>\n<p>&nbsp;<\/p>\n<p><span style=\"font-weight: 400; font-size: 14pt;\">Durant el curs escolar celebrem diverses festes com la Castanyada, la fira i concert de Nadal, el Carnestoltes, la Mona de Pasqua, Sant Jordi i la Festa final de Curs.\u00a0<\/span><\/p>\n<p><span style=\"font-weight: 400; font-size: 14pt;\">Totes les festes, exceptuant la festa de final de curs, s\u00f3n obertes a les fam\u00edlies<\/span><\/p>\n","protected":false},"excerpt":{"rendered":"<p><a href=\"https:\/\/agora.xtec.cat\/escolaelrouredepontons\/wp-content\/uploads\/usu80\/2024\/01\/organitzacio.png\"><\/a><br \/>\nEl nostre centre \u00e9s una escola p\u00fablica, c\u00edclica.<br \/>\nCLAUSTRE<br \/>\nEl claustre de l&#8217;escola est\u00e0 format per:<\/p>\n<ul>\n<li style=\"list-style-type: none;\">\n<ul>\n<li style=\"list-style-type: none;\">\n<ul>\n<li style=\"list-style-type: none;\">\n<ul>\n<li>Luis Darriba Fern\u00e1ndez: Director<\/li>\n<li>Lourdes Bertr\u00e1n R\u00f3denas: Secret\u00e0ria i Tutora Ed. Infantil\u00a0<\/li>\n<li>Maria San Miguel: Tutora Cicle Inicial<\/li>\n<li>M\u00aa Asunci\u00f3n Bonet: Tutora Cicle Mitj\u00e0<\/li>\n<li>Silvia Romero Pi\u00f1ol: Tutora Cicle&hellip;  <a href=\"https:\/\/agora.xtec.cat\/escolaelrouredepontons\/organitzacio-de-centre-2\/\" title=\"Read ORGANITZACI\u00d3 DE CENTRE\">Llegeix m\u00e9s\u00bb<\/a><br \/>\n","protected":false},"author":1,"featured_media":0,"parent":0,"menu_order":0,"comment_status":"closed","ping_status":"closed","template":"","meta":{"_bbp_topic_count":0,"_bbp_reply_count":0,"_bbp_total_topic_count":0,"_bbp_total_reply_count":0,"_bbp_voice_count":0,"_bbp_anonymous_reply_count":0,"_bbp_topic_count_hidden":0,"_bbp_reply_count_hidden":0,"_bbp_forum_subforum_count":0,"footnotes":""},"class_list":["post-3929","page","type-page","status-publish","hentry"],"post_mailing_queue_ids":[],"_links":{"self":[{"href":"https:\/\/agora.xtec.cat\/escolaelrouredepontons\/wp-json\/wp\/v2\/pages\/3929","targetHints":{"allow":["GET"]}}],"collection":[{"href":"https:\/\/agora.xtec.cat\/escolaelrouredepontons\/wp-json\/wp\/v2\/pages"}],"about":[{"href":"https:\/\/agora.xtec.cat\/escolaelrouredepontons\/wp-json\/wp\/v2\/types\/page"}],"author":[{"embeddable":true,"href":"https:\/\/agora.xtec.cat\/escolaelrouredepontons\/wp-json\/wp\/v2\/users\/1"}],"replies":[{"embeddable":true,"href":"https:\/\/agora.xtec.cat\/escolaelrouredepontons\/wp-json\/wp\/v2\/comments?post=3929"}],"version-history":[{"count":6,"href":"https:\/\/agora.xtec.cat\/escolaelrouredepontons\/wp-json\/wp\/v2\/pages\/3929\/revisions"}],"predecessor-version":[{"id":4181,"href":"https:\/\/agora.xtec.cat\/escolaelrouredepontons\/wp-json\/wp\/v2\/pages\/3929\/revisions\/4181"}],"wp:attachment":[{"href":"https:\/\/agora.xtec.cat\/escolaelrouredepontons\/wp-json\/wp\/v2\/media?parent=3929"}],"curies":[{"name":"wp","href":"https:\/\/api.w.org\/{rel}","templated":true}]}}