{"id":4350,"date":"2019-11-04T21:15:18","date_gmt":"2019-11-04T20:15:18","guid":{"rendered":"http:\/\/agora.xtec.cat\/escolaelroure\/?page_id=4350"},"modified":"2019-11-12T19:49:49","modified_gmt":"2019-11-12T18:49:49","slug":"projecte-suport-conductual-positiu","status":"publish","type":"page","link":"https:\/\/agora.xtec.cat\/escolaelroure\/projecte-suport-conductual-positiu\/","title":{"rendered":"Projecte &#8220;Suport Conductual Positiu&#8221;"},"content":{"rendered":"<p><strong>ELS NOSTRES PRINCIPIS I EL SUPORT CONDUCTUAL<\/strong><\/p>\n<ul>\n<li style=\"list-style-type: none;\">\n<ul>\n<li>Conviv\u00e8ncia, toler\u00e0ncia, di\u00e0leg, respecte, solidaritat&#8230;<\/li>\n<li>Educaci\u00f3 de les emocions i els sentiments: gesti\u00f3 dels conflictes.<\/li>\n<li>Respecte i conservaci\u00f3 de l&#8217;entorn.<\/li>\n<li>Responsabilitat, esfor\u00e7 i autonomia.<\/li>\n<li>Cooperaci\u00f3 i treball en equip.<\/li>\n<\/ul>\n<\/li>\n<\/ul>\n<p><strong>OBJECTIUS<\/strong><\/p>\n<ul>\n<li style=\"list-style-type: none;\">\n<ul>\n<li>Dissenyar expectatives socials positives per aconseguir un entorn d&#8217;aprenentatge efectiu.<\/li>\n<li>Aconseguir una bona conviv\u00e8ncia, educant en els valors i les emocions.<\/li>\n<li>Augmentar l&#8217;autonomia personal dels nostres alumnes.<\/li>\n<li>Millorar els resultats educatius.<\/li>\n<li>Implicar les fam\u00edlies, l&#8217;entorn, les institucions&#8230; en el proc\u00e9s.<\/li>\n<\/ul>\n<\/li>\n<\/ul>\n<p><strong>EXPECTATIVES I SUBEXPECTATIVES PROPOSADES PER AQUEST CURS<\/strong><\/p>\n<ul>\n<li style=\"list-style-type: none;\">\n<ul>\n<li><em>Expectativa: Em comunico b\u00e9.<\/em>\n<ul>\n<li>Subexpectatives: Demano b\u00e9 les coses, demano ajuda, escolto la mestra i els companys i companyes, parlo correctament i sense cridar i espero el meu torn.<\/li>\n<\/ul>\n<\/li>\n<li><em>Expectativa: Em valoro a mi mateix i als altres.<\/em>\n<ul>\n<li>Subexpectatives: S\u00f3c amable, comparteixo el material i l&#8217;espai, respecto el treball i les idees dels altres i ajudo els acompanys.<\/li>\n<\/ul>\n<\/li>\n<li><em>Expectativa: M&#8217;esfor\u00e7o i aprenc.<\/em>\n<ul>\n<li>Subexpectatives: Faig b\u00e9 la feina, participo, segueixo les instruccions..<\/li>\n<\/ul>\n<\/li>\n<li><em>Expectativa: Respecto l&#8217;entorn.<\/em>\n<ul>\n<li>Subexpectatives: Tinc cura del material i l&#8217;endre\u00e7o, tinc cura del mobiliari i les instal.lacions, mantinc l&#8217;espai net.<\/li>\n<\/ul>\n<\/li>\n<\/ul>\n<\/li>\n<\/ul>\n<p><strong>COM HO FEM?<\/strong><\/p>\n<ul>\n<li style=\"list-style-type: none;\">\n<ul>\n<li>Modelatge per part del mestre\/ la mestra.<\/li>\n<li>Rol playing per part dels alumnes.<\/li>\n<li>Pr\u00e0ctica durant tot l&#8217;horari escolar.<\/li>\n<li>Pre correcci\u00f3 en contextos naturals.<\/li>\n<li>Supervisi\u00f3 directa per part de tota la comunitat educativa.<\/li>\n<\/ul>\n<\/li>\n<\/ul>\n<p>&nbsp;<\/p>\n","protected":false},"excerpt":{"rendered":"<p>ELS NOSTRES PRINCIPIS I EL SUPORT CONDUCTUAL<\/p>\n<ul>\n<li style=\"list-style-type: none;\">\n<ul>\n<li>Conviv\u00e8ncia, toler\u00e0ncia, di\u00e0leg, respecte, solidaritat&#8230;<\/li>\n<li>Educaci\u00f3 de les emocions i els sentiments: gesti\u00f3 dels conflictes.<\/li>\n<li>Respecte i conservaci\u00f3 de l&#8217;entorn.<\/li>\n<li>Responsabilitat, esfor\u00e7 i autonomia.<\/li>\n<li>Cooperaci\u00f3 i treball en equip.<\/li>\n<\/ul>\n<\/li>\n<\/ul>\n<p>OBJECTIUS<\/p>\n<ul>\n<li style=\"list-style-type: none;\">\n<ul>\n<li>Dissenyar expectatives socials positives per aconseguir un entorn d&#8217;aprenentatge efectiu.<\/li>\n<li>Aconseguir una&hellip;  <a href=\"https:\/\/agora.xtec.cat\/escolaelroure\/projecte-suport-conductual-positiu\/\" title=\"Read Projecte &#8220;Suport Conductual Positiu&#8221;\">Llegeix m\u00e9s\u00bb<\/a><br \/>\n","protected":false},"author":2,"featured_media":0,"parent":0,"menu_order":0,"comment_status":"closed","ping_status":"closed","template":"","meta":{"_bbp_topic_count":0,"_bbp_reply_count":0,"_bbp_total_topic_count":0,"_bbp_total_reply_count":0,"_bbp_voice_count":0,"_bbp_anonymous_reply_count":0,"_bbp_topic_count_hidden":0,"_bbp_reply_count_hidden":0,"_bbp_forum_subforum_count":0,"footnotes":""},"class_list":["post-4350","page","type-page","status-publish","hentry"],"post_mailing_queue_ids":[],"_links":{"self":[{"href":"https:\/\/agora.xtec.cat\/escolaelroure\/wp-json\/wp\/v2\/pages\/4350","targetHints":{"allow":["GET"]}}],"collection":[{"href":"https:\/\/agora.xtec.cat\/escolaelroure\/wp-json\/wp\/v2\/pages"}],"about":[{"href":"https:\/\/agora.xtec.cat\/escolaelroure\/wp-json\/wp\/v2\/types\/page"}],"author":[{"embeddable":true,"href":"https:\/\/agora.xtec.cat\/escolaelroure\/wp-json\/wp\/v2\/users\/2"}],"replies":[{"embeddable":true,"href":"https:\/\/agora.xtec.cat\/escolaelroure\/wp-json\/wp\/v2\/comments?post=4350"}],"version-history":[{"count":3,"href":"https:\/\/agora.xtec.cat\/escolaelroure\/wp-json\/wp\/v2\/pages\/4350\/revisions"}],"predecessor-version":[{"id":4383,"href":"https:\/\/agora.xtec.cat\/escolaelroure\/wp-json\/wp\/v2\/pages\/4350\/revisions\/4383"}],"wp:attachment":[{"href":"https:\/\/agora.xtec.cat\/escolaelroure\/wp-json\/wp\/v2\/media?parent=4350"}],"curies":[{"name":"wp","href":"https:\/\/api.w.org\/{rel}","templated":true}]}}