{"id":3976,"date":"2019-03-19T11:38:11","date_gmt":"2019-03-19T10:38:11","guid":{"rendered":"http:\/\/agora.xtec.cat\/escolaelroure\/?page_id=3976"},"modified":"2023-02-03T16:18:38","modified_gmt":"2023-02-03T15:18:38","slug":"projecte-de-lhort-a-1r","status":"publish","type":"page","link":"https:\/\/agora.xtec.cat\/escolaelroure\/els-nostres-projectes\/projecte-de-lhort-a-1r\/","title":{"rendered":"Projecte de l&#8217;hort"},"content":{"rendered":"<p>El nostre projecte de l\u2019hort \u00e9s una eina pedag\u00f2gica que permet als nostres alumnes adquirir continguts, actituds i valors, aix\u00ed com tamb\u00e9 els ajuda a assolir uns h\u00e0bits de conviv\u00e8ncia i aprenentatge de coneixements que far\u00e0 d\u2019ells ciutadans responsables amb el medi ambient.<\/p>\n<p>Juntament amb familiars i mestres, s\u00f3n responsables de plantar, regar, observar l\u2019evoluci\u00f3 de l\u2019hort i, finalment, recollir el fruit del seu treball.<\/p>\n\r\n\t<div class=\"slideshow_container slideshow_container_style-light\" style=\"height: 500px; \" data-slideshow-id=\"3991\" data-style-name=\"style-light\" data-style-version=\"2.3.1\" >\r\n\r\n\t\t\t\t\t<div class=\"slideshow_loading_icon\"><\/div>\r\n\t\t\r\n\t\t<div class=\"slideshow_content\" style=\"display: none;\">\r\n\r\n\t\t\t<div class=\"slideshow_view\"><div class=\"slideshow_slide slideshow_slide_image\">\n        <a href=\"https:\/\/photos.google.com\/share\/AF1QipO9Zlh_beJzMTWoKEcg5q1UGKCfdtvZsL3SlGT_lAQKCi1nxt0CZ8s-stp5i8O7gg\/photo\/AF1QipMO7P_VoSuSE-46FJa0aqBZhwURLa0EZj55EsHf?key=SjlrVW8tb3FHVUw2eEdZekJhaFJ2am14WGVYczdn\" target=\"_blank\">        <img src=\"https:\/\/lh3.googleusercontent.com\/rs6i0Tz6yIVpLhF8Mt-sphPVUpfMvW34a_OefZsutaaX4S7O39-gAI56jOpCcVPe3OKKX1Sn_8DTmPAifYo8eZAmUOKWp3gKqnrMjIo-0a5J2-nGgRNlyy6nM1yGBmAGcgu2couTNR3tN-WvH8CGQ6wOMr1ocu4bT78Ywr96SAE-s57W23ky9yNhZr42uppRhClqBSZn5nMAKiWO9ZOEorlBjHAFSXvjKwxXvHK3G5EezWyaJwqqYE5mARSEztr5fZ_lZ2FMYjIEV3xjgJX3PF80xJgO2a420VLbZ0oSYZIVT6d5lUOHluYu-xeh6VQpMimZ0x9L8IJfLxf3VNckdyZCNNwBKr9bI9d3Mh7SUQmcA-cgIBVru0B0R-Uvjz8UbB2ymtORhlGjm7ut3u3yVNk2OrCoAA64W4LqpjvU2NdVN1jf5P6hBsVd7aTicEcog445Yqcg2LzkrcDUOxT4J4oXxjtyLIpvgkIQ_zjQU9bTDEVRbZNgSnf50-0wdo9TOTj_cQLg3NV2SNkczS4uhbM1KpFJl3v9dNlk6oxKOZ5Bkb5bi2rUkQn6u4g2WguKhe0huBqWbCoQeUPdfsjHySYSSREShX_jKmiqYY2fuGzMJNz06CeXoPgClWqWOeOd-PzHwg9Zy4FxSUdOJh_rfofRe30rhfAnOHpLOfIwUerofexkMPPW-LZJq0VI4DqBawmj9TnGlauuVXqUNlZDhzyr=w800-h600-no\" alt=\"\"   \/>\n        <\/a>        <div class=\"slideshow_description_box slideshow_transparent\">\n                                        <\/div>\n<\/div>\n\t\n<div style=\"clear: both;\"><\/div><\/div><div class=\"slideshow_view\"><div class=\"slideshow_slide slideshow_slide_image\">\n        <a href=\"https:\/\/photos.google.com\/share\/AF1QipO9Zlh_beJzMTWoKEcg5q1UGKCfdtvZsL3SlGT_lAQKCi1nxt0CZ8s-stp5i8O7gg\/photo\/AF1QipO1Wr6lBeV7FmfkSeTYQWLMv_2ij8qJVCdj3M15?key=SjlrVW8tb3FHVUw2eEdZekJhaFJ2am14WGVYczdn\" target=\"_blank\">        <img src=\"https:\/\/lh3.googleusercontent.com\/UrOC78tnTBd43P2z1j4pa06XbXP2bhM568-uqjVHpcpxSTjA1hyCZLSbs8upHEKk_JSpFRbYtboyOVRWYFHq5Ae3_tl06KpbpLot47WDInuBmYUnYnRa57AyUFPa70lGXGZ1jJw-7Y2D93xwplaYBY2spAe-Spn-Xwwc9V6pQ41ujmiCKMbo2WVggQK_qh1dWHUsBci6I8rtcTuyZWTkWn-7rcdkCbjv58TQ2FlF3VBhG8w3WQAhXpOJnm1labKtN2d19JieZRgJptDT5lm-BPZbLsN4khoMdTfVVRrsywDbigvdINdVol-KOpBPK2NrgRUgrNHkpsS6z4Q008uCT9fp2eup1cmLVtBjj7oUCM2wi9obpNhsjaymNIXMXq6XD_mwQRBEr9e7P6a5oDsc6KrnVnABxSe50mpeDCMYUOHbGknloEQ-e0tGkYEk7pCWnz29_wQycBwHB_457lTYbWdph6sqz6OulpPPgFhDCzykSgwdIQdTXi_pahIRFh4OurOGaXJ_C2gh-x8rwPu4XmkYkYGbZ8ScOWHSmQU06fJEQ67xdLi2KojMStumk2LYz0tvDc90-iE1MmRjiWhwS-7_h1wcuruE0sQ5wYyTBBwDCC27KsckzcrtW3twU-42vuhpUejdLO_xvGc-_eTRIkIdgANKf_PatwNLIW5tsBPrb63fI0k6M1jc5hrf6k3OHExF8hqwbbF-6Ummih2nle9N=w800-h600-no\" alt=\"\"   \/>\n        <\/a>        <div class=\"slideshow_description_box slideshow_transparent\">\n                                        <\/div>\n<\/div>\n\t\n<div style=\"clear: both;\"><\/div><\/div><div class=\"slideshow_view\"><div class=\"slideshow_slide slideshow_slide_image\">\n        <a href=\"https:\/\/photos.google.com\/share\/AF1QipO9Zlh_beJzMTWoKEcg5q1UGKCfdtvZsL3SlGT_lAQKCi1nxt0CZ8s-stp5i8O7gg\/photo\/AF1QipNoRaQFYSmApIuTlkMyAVQ97nr6T239B4EWVX9l?key=SjlrVW8tb3FHVUw2eEdZekJhaFJ2am14WGVYczdn\" target=\"_blank\">        <img src=\"https:\/\/lh3.googleusercontent.com\/-6BUQB_6u_f3nZ_pw43gYj_Zb2-fIDEqKiFv3XQfSy-smVo7ezXNyfSOVyFYmUAjZwXs6w-eBKVkE4F2CRP91k3IklIQEQkXhOEOxuBf2GoLVqP9We7iHiglb7oOeL9KG5IgI_DSSBq7NHEYmsgOjZO879C8svYm9GE8HM-7s_EXchRuujEHMpm1qtoCM1NMQLaVwcDa5neqrNUrQ-_0Po50-JGI6ReilE-gTRs4rwPQEeDzuQ0qc2QmI7grgzPIpz0FVn7c51EXMIbSsY0j8iBepP88RjVVwivv7ixyriSepD8siKMtL01dH7uu8yYrvu5SKUOsB74mpCgRox8VhCBjYh6HC3U4n0QAqVLaChT1RmolA3tUujuPH5o1WQ-MboPL2MgEQpSlr7-TN81d7A3wh0k2M1Lk7H8IfhcE-cFQ8MncSunoPRmHjhzuyR7RRR6kU4RLREntEfInC_xJpjx9o_ZAfkUdLDCZIX9Zxaa3KYTGJDS22a9isbhhKrkL5dukSOdeyGRaiJMyuSrjajaisqNtNQN6zfgbtdJ-CjXSlYjj9El8SGEtjj4QbcVTVJUj0sdyQChusxYuwfaLb4V5bSOKj4tunHwHXNZbl6hjH46IQquK8Wv5n3XoOPNNr8Wk2a7tkRS6948H69mhq-cmGkkuJcirJPUVYIlgbybjhe_ei4AUTQ_8bctbo0uJtBFcw7VbNJ2VGMU83BXaaxtM=w800-h600-no\" alt=\"\"   \/>\n        <\/a>        <div class=\"slideshow_description_box slideshow_transparent\">\n                                        <\/div>\n<\/div>\n\t\n<div style=\"clear: both;\"><\/div><\/div><div class=\"slideshow_view\"><div class=\"slideshow_slide slideshow_slide_image\">\n        <a href=\"https:\/\/photos.google.com\/share\/AF1QipO9Zlh_beJzMTWoKEcg5q1UGKCfdtvZsL3SlGT_lAQKCi1nxt0CZ8s-stp5i8O7gg\/photo\/AF1QipNeZWnLvGuDK10lrK1tqFmNLmLnuK82fiRKdcf-?key=SjlrVW8tb3FHVUw2eEdZekJhaFJ2am14WGVYczdn\" target=\"_blank\">        <img src=\"https:\/\/lh3.googleusercontent.com\/1-BnqaAC3YQjkmPlsiSu4cbny8PTC1bhO0f54sY5trc9X3xFLJbcAuyL0o2CGrtpJiIqQiriUBfReG_9UBlstp5OMV9xavRBnTn-53Il02goE0b35ysW3hdMJ_p9i2-ShzLC_pZoJk511O7vlY9j5yTCoyjwaZX4LFSFOLEBHYtVCDcpqReuJYQgxFAdb6PfCuRcd7e3EoWbW6iCkXLwn0RB-8_2VJpijAmpFZeNEoQ3RfuGCL3ApzfVaLFcwYcW90sK4HZ9pTC_CWeaeRF2tPzvCKNNBBqFNkBZweFk0OeHc4Q8GGTDOV43TBp6c8MM-jEblv9s5ApLoYsKxEfXeERDX5T-PSJ51MAJ6vJ0EgD18V2uQ9JGLHUT9egcZA-p86g7zHhNosCE6PFRmIPJTDr1NN8gL5LeqJLPXK4gnyurh3NGjedRmXCQpDHdWgMJ69EIEGEDeZY_VQEFw_dR6chGGV8NUy1iSpC-cUtvI7h_KVO7ptIUwHaGKGiJpnTHlTZ8tbeYVb38N7N-AIWyXDqLAZYDZY11vwO_zcFDAGtw5O2iKXYjRzqimUl7kLeCugM0JoUexhEpNvvQWIiYlfJix-rJEHU2PYPhwal-fMMUDTGfEBnyxLPTxncdUCTD1RjJ5Ypxf6zX_XYvGEnkqePORYUzADsO7o_5mXaBrB69e1UImHxmfd9VOkWTXwBXNta13NeIiS1GtbzpWXa_RaE9=w800-h600-no\" alt=\"\"   \/>\n        <\/a>        <div class=\"slideshow_description_box slideshow_transparent\">\n                                        <\/div>\n<\/div>\n\t\n<div style=\"clear: both;\"><\/div><\/div><div class=\"slideshow_view\"><div class=\"slideshow_slide slideshow_slide_image\">\n        <a href=\"https:\/\/photos.google.com\/share\/AF1QipO9Zlh_beJzMTWoKEcg5q1UGKCfdtvZsL3SlGT_lAQKCi1nxt0CZ8s-stp5i8O7gg\/photo\/AF1QipM66MBSXPMwg0zFY0Mn2j6hmNnarGQ5PRNhkUVZ?key=SjlrVW8tb3FHVUw2eEdZekJhaFJ2am14WGVYczdn\" target=\"_blank\">        <img src=\"https:\/\/lh3.googleusercontent.com\/BLd-D05lBLLWNApc-Nntvg06WUdMU9gT3_J7Fd1Fk5mlr4IK8xPPY4yCIO2u_LMXROx3OSHv5mxrTKv2rH3OBVELL4unai9KzvQrGVJfRwzI2S8jF7LocBUkV89cA2vnDhE8cC6iql9IQcvQAUCXTHIiwIareY4mZyx-m3MrFORcmaKPK9Ukx8_x6Fv0eggixfIQ_USfHkwtGIBQgJ_yshY8-uAR3zaRW6RQdQ224lG1Xdab2zGblcQqhbh3CAUf99X0Z25FVyCrgIglR869WPg5e1yIQ21-NsnRThX5qylLusQZt9rOki4xFxTjnpY22iFxhGIEllJxGVPY_g_eot6NQOsMMZCAJMKE6eJMudi6AdbOEsf7aYi1Sd-lIJ7nLuIIh2ssxeAyJ67KGHoYMWiQJD9Tvly3uEaHuYLDJ_wBdDszzREAi3k3_Y6Z3rYh_uPNE-UdGLBlxfS3C0GJvj9dRRIjpf11FjDXg3VL1VsGwFUV3jP1YwzvuL0jPgWMVApi6PX-V-45WTCVIAdq7QR6tkoyn0XypJ40-kKvrdcKA6XiKkQjk9bTUqZxd6a67XV-PBcbDm_57MkUqSM9vG2O4-uco_mDVtJ91M3zV-2mmWjowydDZaePZwhotVnNS4VH9JUKHsFMP7mc20Que_7IYGVBJayUxAckW-LGxpT40v7wBnLWg8UvFnnxusA8H7KQuPb6e3SsK1WM_KC3ilvZ=w800-h600-no\" alt=\"\"   \/>\n        <\/a>        <div class=\"slideshow_description_box slideshow_transparent\">\n                                        <\/div>\n<\/div>\n\t\n<div style=\"clear: both;\"><\/div><\/div><div class=\"slideshow_view\"><div class=\"slideshow_slide slideshow_slide_image\">\n        <a href=\"https:\/\/photos.google.com\/share\/AF1QipO9Zlh_beJzMTWoKEcg5q1UGKCfdtvZsL3SlGT_lAQKCi1nxt0CZ8s-stp5i8O7gg\/photo\/AF1QipOkIOk2E46zHZ645J06aX3NamiQ55IHxpNakyeL?key=SjlrVW8tb3FHVUw2eEdZekJhaFJ2am14WGVYczdn\" target=\"_blank\">        <img src=\"https:\/\/lh3.googleusercontent.com\/pjI0XjxT1mceySOSoPLzpibSAWstOq2hW26jFYUFn5vcbfJw1vd2oh3YkVZ1hxDYDsotNnI_TTPxttQgsWmI6gwpxlmZbTQVaYu1BqyCaQesSz-XjWXlmOO_KPfZ-PU1Zwqu_9--THS-yHdI-cfyy4-vwmJNptS34oMzTK8JaVnmnK_i0t_sA0tju_LPAOif4r28xVNNkR9ypIwBiQOBJE02hrIjzXP6oM6fuFBA1QCsnOcEsw7Y5kO0ike2epf15Atfpi0rjlSUk5d9_uY0Y6fthpLAWfWwew8RCX7wG0Oq5Taz-CLLzTW5aQ38oBob0lntZWFrwXQtRGTF59yPx9zqo072Y7BcpW0OeNTyLpIcCcLmxq704_3MtFhtQxPclM21gaEGQ6nnbm33LFS82LT0v6btm3WCFb4H_c5aDSMiHaa3K2EvrHp8ydf0bwIVMyuP_zaXCAizv6vCmLiKqCuAOvFvtY7bk60df1u99YzPH0jC-aVAGCrxkAG62fuXSxQd2yej2qh-PonFkceYDWrny3xqb0umpubn7WLzhl5BUbmpNzKU9XiVo1uLrYAioboXs5cVZORbyHE2UjNf8dUdrpLz2o2YAefEOtYDiRDZISheilknVltdvLmSs1y53AaZ_MLystQW9NZlKO7yQNHkOpt0DX3dmSga0FYp7kcUTJpwM9OPy_e4VvVJ05eVlP-nZUJF0GUyPDnKthuG_55g=w800-h600-no\" alt=\"\"   \/>\n        <\/a>        <div class=\"slideshow_description_box slideshow_transparent\">\n                                        <\/div>\n<\/div>\n\t\n<div style=\"clear: both;\"><\/div><\/div><div class=\"slideshow_view\"><div class=\"slideshow_slide slideshow_slide_image\">\n        <a href=\"https:\/\/photos.google.com\/share\/AF1QipO9Zlh_beJzMTWoKEcg5q1UGKCfdtvZsL3SlGT_lAQKCi1nxt0CZ8s-stp5i8O7gg\/photo\/AF1QipO24rFUzHA4Dtyl9nys8LMDonFZNIPBvvRX6hoD?key=SjlrVW8tb3FHVUw2eEdZekJhaFJ2am14WGVYczdn\" target=\"_blank\">        <img src=\"https:\/\/lh3.googleusercontent.com\/bWd9pOTibkVwoxJVjhUJ7PArJV4EzL6lUFOr1TOsDbZKLcC9ZMRLGXEHotezP7fvf0Szq2870p3GDcSv5jF-vPcKsPnB-oBDiJZ6RC1T8xrhkecVSROG7mvVVjIsdppObekPYKkxwMtvVtusC1MWVCAA0uePwgDdnPk_oh9QEl5m6u640jqUddmiE_O_RrIdDquplgszd8GjX3AVSpGogx0tK5ixZWxE96r2sS1s7R1KGuKa9AuJTffvmc696MsXCfpkg1H9xINBwfXDaLuiDIU-sFN5UJfszMkUTHz0oMPH_tYkcRxEJhU4MdY0jNirJ9Q2kqRLJQiHwBls_Yv4IZiBJ0v6ID1u4aZjydjfOH0SIntbcUIF8Spa_EpPWbKlg56szDsAiA4hCtbEzt5rcjjTRgOw-159KrzQ-dzodbLPY29CQuilRJBGjaRnUIFqyrbQGBdYWZkrlQPfd3HrbrZ5WOfHJmBGEet42AlSDe7AneOrhP6XTUtqo3Rl9HFxasadgfMR_ZItVTnJapKPJep0vr2igySV1veD5E39stJdEzSOSYnS81En21CnXBr4RQYZD8IDZ7UGAQ8WzwjqT6rtcWURVpcWmFUmGP2dRnkesKQiHfbGSpTHZmMotpDH_wOvwz22N3sPnQcXIYqqSgaMgS7IhdjAVzdTM3bALl_KQz7TQx6dChydTqBbta0i-0EDr1gd2MQlWm0l62y7r9kZ=w800-h600-no\" alt=\"\"   \/>\n        <\/a>        <div class=\"slideshow_description_box slideshow_transparent\">\n                                        <\/div>\n<\/div>\n\t\n<div style=\"clear: both;\"><\/div><\/div>\r\n\t\t<\/div>\r\n\r\n\t\t<div class=\"slideshow_controlPanel slideshow_transparent\" style=\"display: none;\"><ul><li class=\"slideshow_togglePlay\" data-play-text=\"Visualitza\" data-pause-text=\"Pausa\"><\/li><\/ul><\/div>\r\n\r\n\t\t<div class=\"slideshow_button slideshow_previous slideshow_transparent\" role=\"button\" data-previous-text=\"Anterior\" style=\"display: none;\"><\/div>\r\n\t\t<div class=\"slideshow_button slideshow_next slideshow_transparent\" role=\"button\" data-next-text=\"Seg\u00fcent\" style=\"display: none;\"><\/div>\r\n\r\n\t\t<div class=\"slideshow_pagination\" style=\"display: none;\" data-go-to-text=\"V\u00e9s a la diapositiva\"><div class=\"slideshow_pagination_center\"><\/div><\/div>\r\n\r\n\t\t<!-- WordPress Slideshow Version 2.3.1 -->\r\n\r\n\t\t\t<\/div>\r\n\r\n\n","protected":false},"excerpt":{"rendered":"<p>El nostre projecte de l\u2019hort \u00e9s una eina pedag\u00f2gica que permet als nostres alumnes adquirir continguts, actituds i valors, aix\u00ed com tamb\u00e9 els ajuda a assolir uns h\u00e0bits de conviv\u00e8ncia i aprenentatge de coneixements que far\u00e0 d\u2019ells ciutadans responsables amb el medi ambient.<br \/>\nJuntament amb familiars&hellip;  <a href=\"https:\/\/agora.xtec.cat\/escolaelroure\/els-nostres-projectes\/projecte-de-lhort-a-1r\/\" title=\"Read Projecte de l&#8217;hort\">Llegeix m\u00e9s\u00bb<\/a><\/p>\n","protected":false},"author":5,"featured_media":0,"parent":410,"menu_order":50,"comment_status":"closed","ping_status":"closed","template":"page-templates\/side-menu.php","meta":{"_bbp_topic_count":0,"_bbp_reply_count":0,"_bbp_total_topic_count":0,"_bbp_total_reply_count":0,"_bbp_voice_count":0,"_bbp_anonymous_reply_count":0,"_bbp_topic_count_hidden":0,"_bbp_reply_count_hidden":0,"_bbp_forum_subforum_count":0,"footnotes":""},"class_list":["post-3976","page","type-page","status-publish","hentry"],"post_mailing_queue_ids":[],"_links":{"self":[{"href":"https:\/\/agora.xtec.cat\/escolaelroure\/wp-json\/wp\/v2\/pages\/3976","targetHints":{"allow":["GET"]}}],"collection":[{"href":"https:\/\/agora.xtec.cat\/escolaelroure\/wp-json\/wp\/v2\/pages"}],"about":[{"href":"https:\/\/agora.xtec.cat\/escolaelroure\/wp-json\/wp\/v2\/types\/page"}],"author":[{"embeddable":true,"href":"https:\/\/agora.xtec.cat\/escolaelroure\/wp-json\/wp\/v2\/users\/5"}],"replies":[{"embeddable":true,"href":"https:\/\/agora.xtec.cat\/escolaelroure\/wp-json\/wp\/v2\/comments?post=3976"}],"version-history":[{"count":3,"href":"https:\/\/agora.xtec.cat\/escolaelroure\/wp-json\/wp\/v2\/pages\/3976\/revisions"}],"predecessor-version":[{"id":20866,"href":"https:\/\/agora.xtec.cat\/escolaelroure\/wp-json\/wp\/v2\/pages\/3976\/revisions\/20866"}],"up":[{"embeddable":true,"href":"https:\/\/agora.xtec.cat\/escolaelroure\/wp-json\/wp\/v2\/pages\/410"}],"wp:attachment":[{"href":"https:\/\/agora.xtec.cat\/escolaelroure\/wp-json\/wp\/v2\/media?parent=3976"}],"curies":[{"name":"wp","href":"https:\/\/api.w.org\/{rel}","templated":true}]}}