{"id":26,"date":"2014-09-18T12:24:32","date_gmt":"2014-09-18T12:24:32","guid":{"rendered":"http:\/\/agora.xtec.cat\/escolaelroure\/?page_id=26"},"modified":"2021-09-20T15:36:26","modified_gmt":"2021-09-20T13:36:26","slug":"historia","status":"publish","type":"page","link":"https:\/\/agora.xtec.cat\/escolaelroure\/lescola\/historia\/","title":{"rendered":"Hist\u00f2ria"},"content":{"rendered":"<p style=\"text-align: left;\">Som una escola p\u00fablica d\u2019una l\u00ednia.<\/p>\n<p style=\"text-align: left;\">L\u2019entorn privilegiat en el que ens trobem \u00a0i els trets f\u00edsics del nostre edifici constitueixen elements de reclam per la poblaci\u00f3.<\/p>\n<p style=\"text-align: left;\">L\u2019escola va comen\u00e7ar el setembre del 2005 amb uns m\u00f2duls situats al barri de Can Coromines i amb un total de 8 alumnes i 2 mestres.<\/p>\n<p style=\"text-align: left;\">Durant el \u00a02006-2007 es va construir l\u2019edifici d\u2019educaci\u00f3 infantil. El curs 2008-2009 va ser el torn de construcci\u00f3 de l&#8217;espai de primaria, \u00e9ssent inaugurat pel Conseller d&#8217;Educaci\u00f3 durant el curs 2009-2010.<\/p>\n<p style=\"text-align: left;\">Actualment, una part de l\u2019edifici d\u2019Infantil ha estat habilitada per ubicar la llar d\u2019infants municipal <em>El Petit Roure.<\/em><\/p>\n<p>&nbsp;<\/p>\n<p>&nbsp;<\/p>\n","protected":false},"excerpt":{"rendered":"<p>Som una escola p\u00fablica d\u2019una l\u00ednia.<br \/>\nL\u2019entorn privilegiat en el que ens trobem \u00a0i els trets f\u00edsics del nostre edifici constitueixen elements de reclam per la poblaci\u00f3.<br \/>\nL\u2019escola va comen\u00e7ar el setembre del 2005 amb uns m\u00f2duls situats al barri de Can Coromines i amb un total&hellip;  <a href=\"https:\/\/agora.xtec.cat\/escolaelroure\/lescola\/historia\/\" title=\"Read Hist\u00f2ria\">Llegeix m\u00e9s\u00bb<\/a><\/p>\n","protected":false},"author":2,"featured_media":0,"parent":22,"menu_order":15,"comment_status":"closed","ping_status":"closed","template":"page-templates\/side-menu.php","meta":{"_bbp_topic_count":0,"_bbp_reply_count":0,"_bbp_total_topic_count":0,"_bbp_total_reply_count":0,"_bbp_voice_count":0,"_bbp_anonymous_reply_count":0,"_bbp_topic_count_hidden":0,"_bbp_reply_count_hidden":0,"_bbp_forum_subforum_count":0,"footnotes":""},"class_list":["post-26","page","type-page","status-publish","hentry"],"post_mailing_queue_ids":[],"_links":{"self":[{"href":"https:\/\/agora.xtec.cat\/escolaelroure\/wp-json\/wp\/v2\/pages\/26","targetHints":{"allow":["GET"]}}],"collection":[{"href":"https:\/\/agora.xtec.cat\/escolaelroure\/wp-json\/wp\/v2\/pages"}],"about":[{"href":"https:\/\/agora.xtec.cat\/escolaelroure\/wp-json\/wp\/v2\/types\/page"}],"author":[{"embeddable":true,"href":"https:\/\/agora.xtec.cat\/escolaelroure\/wp-json\/wp\/v2\/users\/2"}],"replies":[{"embeddable":true,"href":"https:\/\/agora.xtec.cat\/escolaelroure\/wp-json\/wp\/v2\/comments?post=26"}],"version-history":[{"count":4,"href":"https:\/\/agora.xtec.cat\/escolaelroure\/wp-json\/wp\/v2\/pages\/26\/revisions"}],"predecessor-version":[{"id":20213,"href":"https:\/\/agora.xtec.cat\/escolaelroure\/wp-json\/wp\/v2\/pages\/26\/revisions\/20213"}],"up":[{"embeddable":true,"href":"https:\/\/agora.xtec.cat\/escolaelroure\/wp-json\/wp\/v2\/pages\/22"}],"wp:attachment":[{"href":"https:\/\/agora.xtec.cat\/escolaelroure\/wp-json\/wp\/v2\/media?parent=26"}],"curies":[{"name":"wp","href":"https:\/\/api.w.org\/{rel}","templated":true}]}}