{"id":231,"date":"2015-11-14T12:14:40","date_gmt":"2015-11-14T11:14:40","guid":{"rendered":"http:\/\/agora.xtec.cat\/escolaelroure\/?page_id=231"},"modified":"2015-11-19T20:04:32","modified_gmt":"2015-11-19T19:04:32","slug":"suport-municipal-a-lensenyament","status":"publish","type":"page","link":"https:\/\/agora.xtec.cat\/escolaelroure\/lescola\/consell-escolar-2\/suport-municipal-a-lensenyament\/","title":{"rendered":"Suport municipal"},"content":{"rendered":"<p><a href=\"http:\/\/agora.xtec.cat\/escolaelroure\/wp-content\/uploads\/usu557\/2015\/11\/Captura-de-pantalla-2015-11-14-a-las-11.46.25.png\"><img loading=\"lazy\" decoding=\"async\" class=\"alignnone size-large wp-image-232\" src=\"http:\/\/agora.xtec.cat\/escolaelroure\/wp-content\/uploads\/usu557\/2015\/11\/Captura-de-pantalla-2015-11-14-a-las-11.46.25-725x1024.png\" alt=\"Captura de pantalla 2015-11-14 a las 11.46.25\" width=\"725\" height=\"1024\" srcset=\"https:\/\/agora.xtec.cat\/escolaelroure\/wp-content\/uploads\/usu557\/2015\/11\/Captura-de-pantalla-2015-11-14-a-las-11.46.25-725x1024.png 725w, https:\/\/agora.xtec.cat\/escolaelroure\/wp-content\/uploads\/usu557\/2015\/11\/Captura-de-pantalla-2015-11-14-a-las-11.46.25-212x300.png 212w, https:\/\/agora.xtec.cat\/escolaelroure\/wp-content\/uploads\/usu557\/2015\/11\/Captura-de-pantalla-2015-11-14-a-las-11.46.25.png 1108w\" sizes=\"auto, (max-width: 725px) 100vw, 725px\" \/><\/a><\/p>\n<p><strong>Per a m\u00e9s informaci\u00f3:<\/strong><\/p>\n<ul>\n<li><strong>Web de la Seu electr\u00f2nica<\/strong> de l&#8217;Ajuntament de Sant Fost de Campsentelles:<br \/>\n<a href=\"http:\/\/www.santfost.cat\/index.php?menu=284&amp;cat=318\" target=\"_blank\">http:\/\/www.santfost.cat\/index.php?menu=284&amp;cat=318<\/a><\/li>\n<li>\n<p class=\"verd esquerra\"><strong>Regidoria d&#8217;Educaci\u00f3<\/strong><br \/>\nPol\u00edtic responsable: Blanca Torrallardona<br \/>\nPla\u00e7a de la Vila, 1<br \/>\n08105\u00a0Sant Fost de Campsentelles<br \/>\nTel\u00e8fon:\u00a093 579 69 80<br \/>\nFax:\u00a093 579 69 87<br \/>\n<a title=\"Aquesta opci\u00f3 obrir\u00e0 una nova finestra del vostre navegador i executar\u00e0 el vostre client de correu electr\u00f2nic per tal de facilitar-vos l&quot;enviament del missatge\" href=\"http:\/\/www.santfost.cat\/enviar_correu.php?nom=btorrallardona&amp;domini=santfost.cat&amp;subject=contacte\" target=\"_blank\"><img decoding=\"async\" src=\"http:\/\/www.santfost.cat\/email_imatge.php?nom=btorrallardona&amp;domini=santfost.cat\" alt=\"\" data-pin-nopin=\"true\" \/><\/a><\/p>\n<\/li>\n<\/ul>\n","protected":false},"excerpt":{"rendered":"<p><a href=\"http:\/\/agora.xtec.cat\/escolaelroure\/wp-content\/uploads\/usu557\/2015\/11\/Captura-de-pantalla-2015-11-14-a-las-11.46.25.png\"><\/a><br \/>\nPer a m\u00e9s informaci\u00f3:<\/p>\n<ul>\n<li>Web de la Seu electr\u00f2nica de l&#8217;Ajuntament de Sant Fost de Campsentelles:<br \/>\n<a href=\"http:\/\/www.santfost.cat\/index.php?menu=284&amp;cat=318\" target=\"_blank\">http:\/\/www.santfost.cat\/index.php?menu=284&amp;cat=318<\/a><\/li>\n<li>\nRegidoria d&#8217;Educaci\u00f3<br \/>\nPol\u00edtic responsable: Blanca Torrallardona<br \/>\nPla\u00e7a de la Vila, 1<br \/>\n08105\u00a0Sant Fost de Campsentelles<br \/>\nTel\u00e8fon:\u00a093 579 69 80<br \/>\nFax:\u00a093 579 69 87<br \/>\n<a title=\"Aquesta opci\u00f3 obrir\u00e0 una nova finestra del vostre navegador i&hellip;  <a href=\"https:\/\/agora.xtec.cat\/escolaelroure\/lescola\/consell-escolar-2\/suport-municipal-a-lensenyament\/\" title=\"Read Suport municipal\">Llegeix m\u00e9s\u00bb<\/a><\/p>\n","protected":false},"author":1,"featured_media":0,"parent":201,"menu_order":71,"comment_status":"closed","ping_status":"closed","template":"page-templates\/side-menu.php","meta":{"_bbp_topic_count":0,"_bbp_reply_count":0,"_bbp_total_topic_count":0,"_bbp_total_reply_count":0,"_bbp_voice_count":0,"_bbp_anonymous_reply_count":0,"_bbp_topic_count_hidden":0,"_bbp_reply_count_hidden":0,"_bbp_forum_subforum_count":0,"footnotes":""},"class_list":["post-231","page","type-page","status-publish","hentry"],"post_mailing_queue_ids":[],"_links":{"self":[{"href":"https:\/\/agora.xtec.cat\/escolaelroure\/wp-json\/wp\/v2\/pages\/231","targetHints":{"allow":["GET"]}}],"collection":[{"href":"https:\/\/agora.xtec.cat\/escolaelroure\/wp-json\/wp\/v2\/pages"}],"about":[{"href":"https:\/\/agora.xtec.cat\/escolaelroure\/wp-json\/wp\/v2\/types\/page"}],"author":[{"embeddable":true,"href":"https:\/\/agora.xtec.cat\/escolaelroure\/wp-json\/wp\/v2\/users\/1"}],"replies":[{"embeddable":true,"href":"https:\/\/agora.xtec.cat\/escolaelroure\/wp-json\/wp\/v2\/comments?post=231"}],"version-history":[{"count":2,"href":"https:\/\/agora.xtec.cat\/escolaelroure\/wp-json\/wp\/v2\/pages\/231\/revisions"}],"predecessor-version":[{"id":374,"href":"https:\/\/agora.xtec.cat\/escolaelroure\/wp-json\/wp\/v2\/pages\/231\/revisions\/374"}],"up":[{"embeddable":true,"href":"https:\/\/agora.xtec.cat\/escolaelroure\/wp-json\/wp\/v2\/pages\/201"}],"wp:attachment":[{"href":"https:\/\/agora.xtec.cat\/escolaelroure\/wp-json\/wp\/v2\/media?parent=231"}],"curies":[{"name":"wp","href":"https:\/\/api.w.org\/{rel}","templated":true}]}}

<p><a href="http://agora.xtec.cat/escolaelroure/wp-content/uploads/usu557/2015/11/Captura-de-pantalla-2015-11-14-a-las-11.46.25.png"><img loading="lazy" decoding="async" class="alignnone size-large wp-image-232" src="http://agora.xtec.cat/escolaelroure/wp-content/uploads/usu557/2015/11/Captura-de-pantalla-2015-11-14-a-las-11.46.25-725x1024.png" alt="Captura de pantalla 2015-11-14 a las 11.46.25" width="725" height="1024" srcset="https://agora.xtec.cat/escolaelroure/wp-content/uploads/usu557/2015/11/Captura-de-pantalla-2015-11-14-a-las-11.46.25-725x1024.png 725w, https://agora.xtec.cat/escolaelroure/wp-content/uploads/usu557/2015/11/Captura-de-pantalla-2015-11-14-a-las-11.46.25-212x300.png 212w, https://agora.xtec.cat/escolaelroure/wp-content/uploads/usu557/2015/11/Captura-de-pantalla-2015-11-14-a-las-11.46.25.png 1108w" sizes="auto, (max-width: 725px) 100vw, 725px" /></a></p>
<p><strong>Per a més informació:</strong></p>
<ul>
<li><strong>Web de la Seu electrònica</strong> de l&#8217;Ajuntament de Sant Fost de Campsentelles:<br />
<a href="http://www.santfost.cat/index.php?menu=284&amp;cat=318" target="_blank">http://www.santfost.cat/index.php?menu=284&amp;cat=318</a></li>
<li>
<p class="verd esquerra"><strong>Regidoria d&#8217;Educació</strong><br />
Polític responsable: Blanca Torrallardona<br />
Plaça de la Vila, 1<br />
08105 Sant Fost de Campsentelles<br />
Telèfon: 93 579 69 80<br />
Fax: 93 579 69 87<br />
<a title="Aquesta opció obrirà una nova finestra del vostre navegador i executarà el vostre client de correu electrònic per tal de facilitar-vos l&quot;enviament del missatge" href="http://www.santfost.cat/enviar_correu.php?nom=btorrallardona&amp;domini=santfost.cat&amp;subject=contacte" target="_blank"><img decoding="async" src="http://www.santfost.cat/email_imatge.php?nom=btorrallardona&amp;domini=santfost.cat" alt="" data-pin-nopin="true" /></a></p>
</li>
</ul>

<p><a href="http://agora.xtec.cat/escolaelroure/wp-content/uploads/usu557/2015/11/Captura-de-pantalla-2015-11-14-a-las-11.46.25.png"></a><br />
Per a més informació:</p>
<ul>
<li>Web de la Seu electrònica de l&#8217;Ajuntament de Sant Fost de Campsentelles:<br />
<a href="http://www.santfost.cat/index.php?menu=284&amp;cat=318" target="_blank">http://www.santfost.cat/index.php?menu=284&amp;cat=318</a></li>
<li>
Regidoria d&#8217;Educació<br />
Polític responsable: Blanca Torrallardona<br />
Plaça de la Vila, 1<br />
08105 Sant Fost de Campsentelles<br />
Telèfon: 93 579 69 80<br />
Fax: 93 579 69 87<br />
<a title="Aquesta opció obrirà una nova finestra del vostre navegador i&hellip;  <a href="https://agora.xtec.cat/escolaelroure/lescola/consell-escolar-2/suport-municipal-a-lensenyament/" title="Read Suport municipal">Llegeix més»</a></p>
