{"id":19508,"date":"2020-05-09T17:14:33","date_gmt":"2020-05-09T15:14:33","guid":{"rendered":"http:\/\/agora.xtec.cat\/escolaelroure\/?page_id=19508"},"modified":"2022-02-14T15:16:56","modified_gmt":"2022-02-14T14:16:56","slug":"9-feu-deures-tasques","status":"publish","type":"page","link":"https:\/\/agora.xtec.cat\/escolaelroure\/lescola\/preguntes-frequents\/9-feu-deures-tasques\/","title":{"rendered":"9.\tFeu deures\/tasques?"},"content":{"rendered":"<p>S\u00ed. El temps personal s\u2019ha d\u2019aprendre a autogestionar. Per aix\u00f2, pensem que els deures\/tasques s\u00f3n una eina per desenvolupar l\u2019autonomia, la responsabilitat i compartir el proc\u00e9s d\u2019aprenentatge amb els\/les pares\/mares. No us preocupeu, no s\u00f3n una sobrec\u00e0rrega. Est\u00e0 consensuada en Claustre una quantitat raonable segons l\u2019edat.<\/p>\n","protected":false},"excerpt":{"rendered":"<p>S\u00ed. El temps personal s\u2019ha d\u2019aprendre a autogestionar. Per aix\u00f2, pensem que els deures\/tasques s\u00f3n una eina per desenvolupar l\u2019autonomia, la responsabilitat i compartir el proc\u00e9s d\u2019aprenentatge amb els\/les pares\/mares. No us preocupeu, no s\u00f3n una sobrec\u00e0rrega. Est\u00e0 consensuada en Claustre una quantitat raonable segons&hellip;  <a href=\"https:\/\/agora.xtec.cat\/escolaelroure\/lescola\/preguntes-frequents\/9-feu-deures-tasques\/\" title=\"Read 9.\tFeu deures\/tasques?\">Llegeix m\u00e9s\u00bb<\/a><\/p>\n","protected":false},"author":1,"featured_media":0,"parent":19374,"menu_order":0,"comment_status":"closed","ping_status":"closed","template":"page-templates\/side-menu.php","meta":{"_bbp_topic_count":0,"_bbp_reply_count":0,"_bbp_total_topic_count":0,"_bbp_total_reply_count":0,"_bbp_voice_count":0,"_bbp_anonymous_reply_count":0,"_bbp_topic_count_hidden":0,"_bbp_reply_count_hidden":0,"_bbp_forum_subforum_count":0,"footnotes":""},"class_list":["post-19508","page","type-page","status-publish","hentry"],"post_mailing_queue_ids":[],"_links":{"self":[{"href":"https:\/\/agora.xtec.cat\/escolaelroure\/wp-json\/wp\/v2\/pages\/19508","targetHints":{"allow":["GET"]}}],"collection":[{"href":"https:\/\/agora.xtec.cat\/escolaelroure\/wp-json\/wp\/v2\/pages"}],"about":[{"href":"https:\/\/agora.xtec.cat\/escolaelroure\/wp-json\/wp\/v2\/types\/page"}],"author":[{"embeddable":true,"href":"https:\/\/agora.xtec.cat\/escolaelroure\/wp-json\/wp\/v2\/users\/1"}],"replies":[{"embeddable":true,"href":"https:\/\/agora.xtec.cat\/escolaelroure\/wp-json\/wp\/v2\/comments?post=19508"}],"version-history":[{"count":2,"href":"https:\/\/agora.xtec.cat\/escolaelroure\/wp-json\/wp\/v2\/pages\/19508\/revisions"}],"predecessor-version":[{"id":19510,"href":"https:\/\/agora.xtec.cat\/escolaelroure\/wp-json\/wp\/v2\/pages\/19508\/revisions\/19510"}],"up":[{"embeddable":true,"href":"https:\/\/agora.xtec.cat\/escolaelroure\/wp-json\/wp\/v2\/pages\/19374"}],"wp:attachment":[{"href":"https:\/\/agora.xtec.cat\/escolaelroure\/wp-json\/wp\/v2\/media?parent=19508"}],"curies":[{"name":"wp","href":"https:\/\/api.w.org\/{rel}","templated":true}]}}