{"id":1363,"date":"2015-12-09T11:58:25","date_gmt":"2015-12-09T10:58:25","guid":{"rendered":"http:\/\/agora.xtec.cat\/escolaelroure\/?page_id=1363"},"modified":"2025-03-06T12:05:39","modified_gmt":"2025-03-06T11:05:39","slug":"missio","status":"publish","type":"page","link":"https:\/\/agora.xtec.cat\/escolaelroure\/la-nostra-perspectiva\/missio\/","title":{"rendered":"Missi\u00f3"},"content":{"rendered":"<h5>A l&#8217;escola\u00a0<span style=\"color: #008000;\"><strong>El Roure<\/strong><\/span> tenim com a missi\u00f3 principal <span style=\"color: #008000;\"><strong>Educar i Formar<\/strong><\/span>\u00a0persones responsables, aut\u00f2nomes, cr\u00edtiques, competents, creatives, participatives i conscienciades amb l\u2019entorn, per tal de poder-se integrar plenament a la societat.<\/h5>\n<p>&nbsp;<\/p>\n<h6>\u00c9s per aix\u00f2 que ens plantegem el seg\u00fcent dec\u00e0leg:<\/h6>\n<p>&nbsp;<\/p>\n<p style=\"padding-left: 30px;\"><strong>1.<\/strong> Oferir un <strong>ensenyament de qualitat<\/strong> per aconseguir uns bons resultats educatius i acad\u00e8mics que capacitin i orientin, als nostres alumnes a aconseguir les seves metes personals i socials dins de la comunitat.<\/p>\n<p style=\"padding-left: 30px;\"><strong>2.<\/strong>\u00a0Potenciar el di\u00e0leg, la col\u00b7laboraci\u00f3 i negociaci\u00f3 per tal d&#8217;arribar a l\u2019<strong>aprenentatge significatiu<\/strong>, amb l\u2019\u00fas de les TAC, l\u2019experimentaci\u00f3 i el coneixement del nostre entorn m\u00e9s proper, per a desenvolupar persones competents a la vida.<\/p>\n<p style=\"padding-left: 30px;\"><strong>3.<\/strong> Oferir una <strong>educaci\u00f3 inclusiva<\/strong>, on tothom tingui les mateixes oportunitats, i crear les condicions que facin efectiva la igualtat d\u2019oportunitats per accedir a una educaci\u00f3 de qualitat i evitar qualsevol tipus de marginaci\u00f3 i exclusi\u00f3.<\/p>\n<p style=\"padding-left: 30px;\"><strong>4.<\/strong> Donar <strong>atenci\u00f3 a la diversitat<\/strong> d\u2019alumnes del centre respectant i potenciant els seus diferents ritmes d\u2019aprenentatges.<\/p>\n<p style=\"padding-left: 30px;\"><strong>5.<\/strong> Garantir les finalitats de l\u2019educaci\u00f3 en un <strong>sistema democr\u00e0tic<\/strong> entre les quals figuren el desenvolupament de la personalitat i de les capacitats i compet\u00e8ncies dels alumnes.<\/p>\n<p style=\"padding-left: 30px;\"><strong>6.<\/strong> Fomentar la<strong> const\u00e0ncia<\/strong>, els <strong>h\u00e0bits de treball, <\/strong>la<strong> pulcritud<\/strong>\u00a0i el <strong>gust per l&#8217;estudi<\/strong>, ja que tot aix\u00f2 permet consolidar els aprenentatges i l\u2019assoliment de t\u00e8cniques d\u2019obtenci\u00f3, selecci\u00f3, processament i comunicaci\u00f3 de la informaci\u00f3.<\/p>\n<p style=\"padding-left: 30px;\"><strong>7.<\/strong> Treballar l\u2019adquisici\u00f3 de les <strong>compet\u00e8ncies b\u00e0siques<\/strong>, m\u00e9s enll\u00e0 dels continguts, per facilitar la integraci\u00f3 en una societat canviant i per a facilitar eines i estrat\u00e8gies que permetin continuar aprenent al llarg de tota la vida.<\/p>\n<p style=\"padding-left: 30px;\"><strong>8.<\/strong> Aplicar <strong>metodologies i recursos d&#8217;innovaci\u00f3<\/strong> com a eines educatives, per motivar l\u2019aprenentatge i desenvolupar al m\u00e0xim les possibilitats de formaci\u00f3 dels alumnes.<\/p>\n<p style=\"padding-left: 30px;\"><strong>9.<\/strong> Fomentar l\u2019<strong>orientaci\u00f3 personalitzada<\/strong> dels alumnes i fam\u00edlies per a facilitar la seva adaptaci\u00f3 i progressi\u00f3 als estudis.<\/p>\n<p style=\"padding-left: 30px;\"><strong>10.<\/strong> Cercar la <strong>satisfacci\u00f3<\/strong> de la comunitat educativa pel servei educatiu que ofereix el centre, que es pot resumir en un proc\u00e9s d&#8217;ensenyament i aprenentatge basat en la qualitat.<\/p>\n<p>&nbsp;<\/p>\n","protected":false},"excerpt":{"rendered":"<p>A l&#8217;escola\u00a0El Roure tenim com a missi\u00f3 principal Educar i Formar\u00a0persones responsables, aut\u00f2nomes, cr\u00edtiques, competents, creatives, participatives i conscienciades amb l\u2019entorn, per tal de poder-se integrar plenament a la societat.<br \/>\n&nbsp;<br \/>\n\u00c9s per aix\u00f2 que ens plantegem el seg\u00fcent dec\u00e0leg:<br \/>\n&nbsp;<br \/>\n1. Oferir un ensenyament de qualitat per aconseguir&hellip;  <a href=\"https:\/\/agora.xtec.cat\/escolaelroure\/la-nostra-perspectiva\/missio\/\" title=\"Read Missi\u00f3\">Llegeix m\u00e9s\u00bb<\/a><\/p>\n","protected":false},"author":1,"featured_media":0,"parent":196,"menu_order":10,"comment_status":"closed","ping_status":"closed","template":"page-templates\/side-menu.php","meta":{"_bbp_topic_count":0,"_bbp_reply_count":0,"_bbp_total_topic_count":0,"_bbp_total_reply_count":0,"_bbp_voice_count":0,"_bbp_anonymous_reply_count":0,"_bbp_topic_count_hidden":0,"_bbp_reply_count_hidden":0,"_bbp_forum_subforum_count":0,"footnotes":""},"class_list":["post-1363","page","type-page","status-publish","hentry"],"post_mailing_queue_ids":[],"_links":{"self":[{"href":"https:\/\/agora.xtec.cat\/escolaelroure\/wp-json\/wp\/v2\/pages\/1363","targetHints":{"allow":["GET"]}}],"collection":[{"href":"https:\/\/agora.xtec.cat\/escolaelroure\/wp-json\/wp\/v2\/pages"}],"about":[{"href":"https:\/\/agora.xtec.cat\/escolaelroure\/wp-json\/wp\/v2\/types\/page"}],"author":[{"embeddable":true,"href":"https:\/\/agora.xtec.cat\/escolaelroure\/wp-json\/wp\/v2\/users\/1"}],"replies":[{"embeddable":true,"href":"https:\/\/agora.xtec.cat\/escolaelroure\/wp-json\/wp\/v2\/comments?post=1363"}],"version-history":[{"count":5,"href":"https:\/\/agora.xtec.cat\/escolaelroure\/wp-json\/wp\/v2\/pages\/1363\/revisions"}],"predecessor-version":[{"id":21631,"href":"https:\/\/agora.xtec.cat\/escolaelroure\/wp-json\/wp\/v2\/pages\/1363\/revisions\/21631"}],"up":[{"embeddable":true,"href":"https:\/\/agora.xtec.cat\/escolaelroure\/wp-json\/wp\/v2\/pages\/196"}],"wp:attachment":[{"href":"https:\/\/agora.xtec.cat\/escolaelroure\/wp-json\/wp\/v2\/media?parent=1363"}],"curies":[{"name":"wp","href":"https:\/\/api.w.org\/{rel}","templated":true}]}}