{"id":687,"date":"2020-03-30T17:12:05","date_gmt":"2020-03-30T15:12:05","guid":{"rendered":"https:\/\/agora.xtec.cat\/escolaelpolvori\/?page_id=687"},"modified":"2023-09-29T11:41:04","modified_gmt":"2023-09-29T09:41:04","slug":"ja-nedo","status":"publish","type":"page","link":"https:\/\/agora.xtec.cat\/escolaelpolvori\/projectes\/ja-nedo\/","title":{"rendered":"Ja nedo!"},"content":{"rendered":"<p style=\"text-align: justify;\">Ja Nedo! \u00e9s un emocionant projecte que estem realitzant a l&#8217;escola juntament amb l&#8217;Ajuntament de Barcelona, amb l&#8217;objectiu d&#8217;ensenyar als nostres alumnes la valia per adquirir l&#8217;habilitat de la nataci\u00f3. Creiem fermament que aprendre a nedar \u00e9s una habilitat fonamental que no nom\u00e9s ofereix seguretat a l&#8217;aigua, sin\u00f3 que tamb\u00e9 promou la salut i el benestar f\u00edsic.<\/p>\n<p style=\"text-align: justify;\">A trav\u00e9s de Ja Nedo!, estem proporcionant als nostres alumnes l&#8217;oportunitat de desenvolupar habilitats aqu\u00e0tiques essencials, com ara la flotaci\u00f3, la respiraci\u00f3, les t\u00e8cniques de nataci\u00f3 i la seguretat a l&#8217;aigua.<\/p>\n<p style=\"text-align: justify;\">Ho realitzem a les piscines del Club Nataci\u00f3 Montju\u00efc i estem molt emocionats de veure com els nostres alumnes creixen i gaudeixen de l&#8217;aprenentatge de la nataci\u00f3 a trav\u00e9s d&#8217;aquest projecte. Creiem que aquest projecte tindr\u00e0 un impacte positiu a llarg termini en la seva salut, seguretat i benestar, i esperem veure&#8217;ls convertir-se en nedenadors i nedadores confiades i comp<span style=\"font-family: inherit; font-size: 1em; text-align: justify;\">etents.<\/span><\/p>\n<p style=\"text-align: justify;\">Us recordem que el dia de piscina, l&#8217;alumnat ha de portar una bossa d\u2019esport amb:<\/p>\n<ul>\n<li>\n<p style=\"font-family: 'Helvetica Neue', Helvetica, Helvetica, Arial, sans-serif; font-size: 16px;\"><img loading=\"lazy\" decoding=\"async\" class=\"alignright\" src=\"https:\/\/img.beteve.cat\/wp-content\/uploads\/2019\/06\/050619BTV73aniversaricnmontjuic_5-1024x576.jpg\" alt=\"El Club Nataci\u00f3 Montju\u00efc celebra el 75\u00e8 aniversari | betev\u00e9\" width=\"468\" height=\"263\" \/><\/p>\n<p>Gorro de bany de pl\u00e0stic<\/li>\n<li>Tovallola<\/li>\n<li>Banyador<\/li>\n<li>Pinta o raspall pel cabell<\/li>\n<li>Bossa impermeable<\/li>\n<li>Xancletes<\/li>\n<li>Ulleres d&#8217;aigua (opcional)<\/li>\n<\/ul>\n","protected":false},"excerpt":{"rendered":"<p>Ja Nedo! \u00e9s un emocionant projecte que estem realitzant a l&#8217;escola juntament amb l&#8217;Ajuntament de Barcelona, amb l&#8217;objectiu d&#8217;ensenyar als nostres alumnes la valia per adquirir l&#8217;habilitat de la nataci\u00f3. Creiem fermament que aprendre a nedar \u00e9s una habilitat fonamental que no nom\u00e9s ofereix seguretat&hellip;  <a href=\"https:\/\/agora.xtec.cat\/escolaelpolvori\/projectes\/ja-nedo\/\" title=\"Read Ja nedo!\">Llegeix m\u00e9s\u00bb<\/a><\/p>\n","protected":false},"author":1,"featured_media":0,"parent":656,"menu_order":0,"comment_status":"closed","ping_status":"closed","template":"page-templates\/side-menu.php","meta":{"_bbp_topic_count":0,"_bbp_reply_count":0,"_bbp_total_topic_count":0,"_bbp_total_reply_count":0,"_bbp_voice_count":0,"_bbp_anonymous_reply_count":0,"_bbp_topic_count_hidden":0,"_bbp_reply_count_hidden":0,"_bbp_forum_subforum_count":0,"footnotes":""},"class_list":["post-687","page","type-page","status-publish","hentry"],"post_mailing_queue_ids":[],"_links":{"self":[{"href":"https:\/\/agora.xtec.cat\/escolaelpolvori\/wp-json\/wp\/v2\/pages\/687","targetHints":{"allow":["GET"]}}],"collection":[{"href":"https:\/\/agora.xtec.cat\/escolaelpolvori\/wp-json\/wp\/v2\/pages"}],"about":[{"href":"https:\/\/agora.xtec.cat\/escolaelpolvori\/wp-json\/wp\/v2\/types\/page"}],"author":[{"embeddable":true,"href":"https:\/\/agora.xtec.cat\/escolaelpolvori\/wp-json\/wp\/v2\/users\/1"}],"replies":[{"embeddable":true,"href":"https:\/\/agora.xtec.cat\/escolaelpolvori\/wp-json\/wp\/v2\/comments?post=687"}],"version-history":[{"count":6,"href":"https:\/\/agora.xtec.cat\/escolaelpolvori\/wp-json\/wp\/v2\/pages\/687\/revisions"}],"predecessor-version":[{"id":2161,"href":"https:\/\/agora.xtec.cat\/escolaelpolvori\/wp-json\/wp\/v2\/pages\/687\/revisions\/2161"}],"up":[{"embeddable":true,"href":"https:\/\/agora.xtec.cat\/escolaelpolvori\/wp-json\/wp\/v2\/pages\/656"}],"wp:attachment":[{"href":"https:\/\/agora.xtec.cat\/escolaelpolvori\/wp-json\/wp\/v2\/media?parent=687"}],"curies":[{"name":"wp","href":"https:\/\/api.w.org\/{rel}","templated":true}]}}