{"id":572,"date":"2020-03-21T13:01:05","date_gmt":"2020-03-21T12:01:05","guid":{"rendered":"https:\/\/agora.xtec.cat\/escolaelpolvori\/?page_id=572"},"modified":"2023-09-26T09:56:41","modified_gmt":"2023-09-26T07:56:41","slug":"oferta-educativa","status":"publish","type":"page","link":"https:\/\/agora.xtec.cat\/escolaelpolvori\/lescola\/oferta-educativa\/","title":{"rendered":"Oferta educativa"},"content":{"rendered":"<p style=\"text-align: left;\"><span style=\"text-decoration: underline;\"><strong>La nostra Oferta Educativa<\/strong><\/span><\/p>\n<p>Benvinguts a l&#8217;Escola El Polvor\u00ed, un centre d&#8217;educaci\u00f3 unil\u00ednia que ofereix ensenyaments d&#8217;Educaci\u00f3 Infantil (de 3 a 6 anys) i d&#8217;Educaci\u00f3 Prim\u00e0ria (de 6 a 12 anys). Estem compromesos amb una educaci\u00f3 actual i adre\u00e7ada a les necessitats del segle XXI, amb una visi\u00f3 inclusiva i centrada en el desenvolupament integral dels nostres alumnes.<\/p>\n<p>Els centres que tenim vinculats actualment son l&#8217;<a href=\"http:\/\/www.xtec.cat\/centres\/a8052827\/\">Institut Dom\u00e8nec i Montaner<\/a>\u00a0i l&#8217;<a href=\"https:\/\/agora.xtec.cat\/ies-montjuic\/\">Institut Montju\u00efc<\/a>.<\/p>\n<p><strong>QU\u00c8 CAL PORTAR A L\u2019ESCOLA\u00a0 \u00a0 \u00a0 \u00a0 \u00a0 \u00a0 \u00a0 \u00a0 \u00a0 \u00a0 \u00a0 \u00a0 \u00a0 \u00a0 \u00a0 \u00a0 \u00a0 \u00a0 \u00a0 \u00a0 \u00a0 \u00a0 \u00a0 \u00a0 \u00a0 \u00a0 \u00a0 \u00a0 \u00a0 \u00a0 \u00a0\u00a0<\/strong><\/p>\n<p><strong>Educaci\u00f3 Infantil:<\/strong><\/p>\n<ul>\n<li>Bata amb botons<\/li>\n<li>Mitjons anti lliscants i roba c\u00f2moda per Piscomotricitat<\/li>\n<li>Dues capses de mocadors<\/li>\n<li>Dos paquets de tovalloletes<\/li>\n<li>Una muda de recanvi dins una bossa (pantal\u00f3, samarreta, calces o cal\u00e7otets i mitjons). Tot marcat amb el nom.<\/li>\n<li>Esmorzar saludable en una carmanyola i sense paper d&#8217;alumini o film.<\/li>\n<li>Ampolla reutilitzable<\/li>\n<li>Tovall\u00f3 individual<\/li>\n<\/ul>\n<p><strong>Educaci\u00f3 Prim\u00e0ria:<\/strong><\/p>\n<ul>\n<li>La motxilla amb el material.<\/li>\n<li>Roba i sabatilles d\u2019esport el dia que fan Educaci\u00f3 F\u00edsica<\/li>\n<li>De 1r a 3r, cada dijous, la motxilla per anar a les Piscines Municipals de Montju\u00efc a fer nataci\u00f3 amb banyador, xancletes, casquet de bany de pl\u00e0stic (no de tela), tovallola i ulleres (opcionals).<\/li>\n<li>L&#8217;esmorzar: \u00e9s convenient que els nens\/es esmorzin a casa abans de comen\u00e7ar la jornada escolar.\n<ul>\n<li>\u00a0A l&#8217;escola, l&#8217;esmorzar ha de ser saludable, fruita, fruits secs, un entrep\u00e0, iogurt, cereals&#8230; No est\u00e0 perm\u00e8s portar brioxeria industrial, sucs en envasos de cart\u00f3 ni altres aliments ultraprocessats i rics en sucres.<\/li>\n<li>A m\u00e9s, ens agradaria que tot l&#8217;alumnat utilitz\u00e9s embolcalls com ara carmanyoles, embolcalls reutilitzables i evitar l&#8217;alumini i el pl\u00e0stic.<\/li>\n<\/ul>\n<\/li>\n<\/ul>\n<p>&nbsp;<\/p>\n<p><strong>COM PODEM AJUDAR ALS NOSTRES FILLS\/ES<\/strong><\/p>\n<ol>\n<li>Prepareu la motxilla i la bossa d\u2019esport amb ells.<\/li>\n<li>Assegura\u2019t que porti un bon esmorzar (entrep\u00e0, fruita&#8230;).<\/li>\n<li>Interessa\u2019t per les feines de l\u2019escola i ajuda\u2019ls a fer-les sempre que puguis.<\/li>\n<li>Procura ser puntual a l\u2019hora d\u2019entrar.<\/li>\n<li>Escolta tot el que t\u2019explica i valora la seva dedicaci\u00f3 i els seus progressos.<\/li>\n<li>No deixis de parlar amb la seva tutora o tutor sempre que sigui necessari.<\/li>\n<\/ol>\n<p>&nbsp;<\/p>\n<p>&nbsp;<\/p>\n","protected":false},"excerpt":{"rendered":"<p>La nostra Oferta Educativa<br \/>\nBenvinguts a l&#8217;Escola El Polvor\u00ed, un centre d&#8217;educaci\u00f3 unil\u00ednia que ofereix ensenyaments d&#8217;Educaci\u00f3 Infantil (de 3 a 6 anys) i d&#8217;Educaci\u00f3 Prim\u00e0ria (de 6 a 12 anys). Estem compromesos amb una educaci\u00f3 actual i adre\u00e7ada a les necessitats del segle XXI, amb&hellip;  <a href=\"https:\/\/agora.xtec.cat\/escolaelpolvori\/lescola\/oferta-educativa\/\" title=\"Read Oferta educativa\">Llegeix m\u00e9s\u00bb<\/a><\/p>\n","protected":false},"author":1,"featured_media":0,"parent":22,"menu_order":0,"comment_status":"closed","ping_status":"closed","template":"page-templates\/side-menu.php","meta":{"_bbp_topic_count":0,"_bbp_reply_count":0,"_bbp_total_topic_count":0,"_bbp_total_reply_count":0,"_bbp_voice_count":0,"_bbp_anonymous_reply_count":0,"_bbp_topic_count_hidden":0,"_bbp_reply_count_hidden":0,"_bbp_forum_subforum_count":0,"footnotes":""},"class_list":["post-572","page","type-page","status-publish","hentry"],"post_mailing_queue_ids":[],"_links":{"self":[{"href":"https:\/\/agora.xtec.cat\/escolaelpolvori\/wp-json\/wp\/v2\/pages\/572","targetHints":{"allow":["GET"]}}],"collection":[{"href":"https:\/\/agora.xtec.cat\/escolaelpolvori\/wp-json\/wp\/v2\/pages"}],"about":[{"href":"https:\/\/agora.xtec.cat\/escolaelpolvori\/wp-json\/wp\/v2\/types\/page"}],"author":[{"embeddable":true,"href":"https:\/\/agora.xtec.cat\/escolaelpolvori\/wp-json\/wp\/v2\/users\/1"}],"replies":[{"embeddable":true,"href":"https:\/\/agora.xtec.cat\/escolaelpolvori\/wp-json\/wp\/v2\/comments?post=572"}],"version-history":[{"count":3,"href":"https:\/\/agora.xtec.cat\/escolaelpolvori\/wp-json\/wp\/v2\/pages\/572\/revisions"}],"predecessor-version":[{"id":2079,"href":"https:\/\/agora.xtec.cat\/escolaelpolvori\/wp-json\/wp\/v2\/pages\/572\/revisions\/2079"}],"up":[{"embeddable":true,"href":"https:\/\/agora.xtec.cat\/escolaelpolvori\/wp-json\/wp\/v2\/pages\/22"}],"wp:attachment":[{"href":"https:\/\/agora.xtec.cat\/escolaelpolvori\/wp-json\/wp\/v2\/media?parent=572"}],"curies":[{"name":"wp","href":"https:\/\/api.w.org\/{rel}","templated":true}]}}