{"id":1970,"date":"2022-11-22T10:29:33","date_gmt":"2022-11-22T09:29:33","guid":{"rendered":"https:\/\/agora.xtec.cat\/escolaelpolvori\/?page_id=1970"},"modified":"2025-11-21T13:17:31","modified_gmt":"2025-11-21T12:17:31","slug":"radio-2","status":"publish","type":"page","link":"https:\/\/agora.xtec.cat\/escolaelpolvori\/projectes\/radio-2\/","title":{"rendered":"R\u00e0dio 038"},"content":{"rendered":"<p data-start=\"110\" data-end=\"184\">La r\u00e0dio de <strong data-start=\"156\" data-end=\"179\">l\u2019Escola El Polvor\u00ed<\/strong> \ud83c\udf1f<\/p>\n<p data-start=\"186\" data-end=\"466\">A R\u00e0dio 038 creiem que la r\u00e0dio escolar \u00e9s molt m\u00e9s que un micr\u00f2fon: \u00e9s una eina per <strong data-start=\"271\" data-end=\"310\">aprendre, comunicar i cr\u00e9ixer junts<\/strong>. Gr\u00e0cies a aquest projecte, els nostres alumnes desenvolupen <strong data-start=\"372\" data-end=\"400\">habilitats comunicatives<\/strong>, treballen en <strong data-start=\"415\" data-end=\"424\">equip<\/strong> i donen ales a la seva <strong data-start=\"448\" data-end=\"463\">creativitat<\/strong>.<\/p>\n<p data-start=\"468\" data-end=\"600\">A m\u00e9s, la r\u00e0dio ens ajuda a <strong data-start=\"496\" data-end=\"550\">connectar l\u2019escola amb les fam\u00edlies i la comunitat<\/strong>, compartint tot all\u00f2 que fem i vivim dia a dia.<\/p>\n<p data-start=\"602\" data-end=\"718\">\ud83c\udfa7 En aquesta p\u00e0gina hi trobareu <strong data-start=\"635\" data-end=\"657\">tots els programes<\/strong> que anirem enregistrant.<br data-start=\"682\" data-end=\"685\" \/><strong data-start=\"685\" data-end=\"713\">Esperem que us encantin!<\/strong> \ud83d\udcab<\/p>\n<p data-start=\"602\" data-end=\"718\"><b>Temporada 4<\/b> (Curs 2025\/2026):<\/p>\n<p data-start=\"602\" data-end=\"718\"><iframe loading=\"lazy\" src=\"https:\/\/www.ivoox.com\/player_es_podcast_2833600_zp_1.html?c1=fda612\" width=\"100%\" height=\"400\" frameborder=\"0\" scrolling=\"no\" allowfullscreen=\"allowfullscreen\"><\/iframe><\/p>\n<p><strong>Episodi 18<\/strong> (Mar\u00e7 2025):<br \/>\n<iframe id=\"audio_99955136\" style=\"width: 100%;\" src=\"https:\/\/www.ivoox.com\/player_ej_144750503_6_1.html?c1=0fc859\" height=\"200\" frameborder=\"0\" scrolling=\"no\" allowfullscreen=\"allowfullscreen\"><\/iframe><\/p>\n<p><em>Programa especial Dia mundial de la r\u00e0dio 2025:<\/em><br \/>\n<iframe id=\"audio_99955136\" style=\"width: 100%;\" src=\"https:\/\/www.ivoox.com\/player_ej_140184240_6_1.html?c1=89bcd2\" height=\"200\" frameborder=\"0\" scrolling=\"no\" allowfullscreen=\"allowfullscreen\"><\/iframe><\/p>\n<p><em>Programa especial de 6\u00e8 pel Dia de la Pau:<\/em><br \/>\n<iframe id=\"audio_99955136\" style=\"width: 100%;\" src=\"https:\/\/www.ivoox.com\/player_ej_138980410_6_1.html?c1=2c94cc\" height=\"200\" frameborder=\"0\" scrolling=\"no\" allowfullscreen=\"allowfullscreen\"><\/iframe><\/p>\n<p><strong>Episodi 17<\/strong> (Desembre 2024):<br \/>\n<iframe id=\"audio_99955136\" style=\"width: 100%;\" src=\"https:\/\/www.ivoox.com\/player_ej_137020877_6_1.html?c1=ff4d48\" height=\"200\" frameborder=\"0\" scrolling=\"no\" allowfullscreen=\"allowfullscreen\"><\/iframe><\/p>\n<p><strong>Episodi 16<\/strong> (Novembre 2024):<br \/>\n<iframe id=\"audio_99955136\" style=\"width: 100%;\" src=\"https:\/\/www.ivoox.com\/player_ej_135792202_6_1.html?c1=2c94cc\" height=\"200\" frameborder=\"0\" scrolling=\"no\" allowfullscreen=\"allowfullscreen\"><\/iframe><\/p>\n<p><strong>CURS 2023-24<\/strong><\/p>\n<p><strong>Episodi 15<\/strong> (Juny 2024):<br \/>\n<iframe id=\"audio_99955136\" style=\"width: 100%;\" src=\"https:\/\/www.ivoox.com\/player_ej_130786034_6_1.html?c1=ccbe2c\" height=\"200\" frameborder=\"0\" scrolling=\"no\" allowfullscreen=\"allowfullscreen\"><\/iframe><\/p>\n<p><strong>Episodi 14<\/strong> (Maig 2024):<br \/>\n<iframe id=\"audio_99955136\" style=\"width: 100%;\" src=\"https:\/\/www.ivoox.com\/player_ej_130006697_6_1.html?c1=add47e\" height=\"200\" frameborder=\"0\" scrolling=\"no\" allowfullscreen=\"allowfullscreen\"><\/iframe><\/p>\n<p><em>Programes de 5\u00e8 a La Marina FM:<\/em><br \/>\n<iframe id=\"audio_99955136\" style=\"width: 100%;\" src=\"https:\/\/www.ivoox.com\/player_ej_128678205_6_1.html?c1=2c94cc\" height=\"200\" frameborder=\"0\" scrolling=\"no\" allowfullscreen=\"allowfullscreen\"><\/iframe><\/p>\n<p><strong>Episodi 13<\/strong> (Especial Sant Jordi 2024):<br \/>\n<iframe id=\"audio_99955136\" style=\"width: 100%;\" src=\"https:\/\/www.ivoox.com\/player_ej_128543691_6_1.html?c1=85c594\" height=\"200\" frameborder=\"0\" scrolling=\"no\" allowfullscreen=\"allowfullscreen\"><\/iframe><\/p>\n<p><strong>Episodi 12<\/strong> (Mar\u00e7 2024):<br \/>\n<iframe id=\"audio_99955136\" style=\"width: 100%;\" src=\"https:\/\/www.ivoox.com\/player_ej_126219150_6_1.html?c1=f0da5a\" height=\"200\" frameborder=\"0\" scrolling=\"no\" allowfullscreen=\"allowfullscreen\"><\/iframe><\/p>\n<p><em>Programa especial 13 de febrer, Dia mundial de la r\u00e0dio:<\/em><br \/>\n<iframe id=\"audio_99955136\" style=\"width: 100%;\" src=\"https:\/\/www.ivoox.com\/player_ej_124502211_6_1.html?c1=87bcd2\" height=\"200\" frameborder=\"0\" scrolling=\"no\" allowfullscreen=\"allowfullscreen\"><\/iframe><\/p>\n<p><strong>Episodi 11<\/strong> (Febrer 2024):<br \/>\n<iframe id=\"audio_99955136\" style=\"width: 100%;\" src=\"https:\/\/www.ivoox.com\/player_ej_123904453_6_1.html?c1=f3b467\" height=\"200\" frameborder=\"0\" scrolling=\"no\" allowfullscreen=\"allowfullscreen\"><\/iframe><\/p>\n<p><strong>Episodi 10 <\/strong>(Desembre 2023):<br \/>\n<iframe id=\"audio_99955136\" style=\"width: 100%;\" src=\"https:\/\/www.ivoox.com\/player_ej_120889389_6_1.html?c1=2c94cc\" height=\"200\" frameborder=\"0\" scrolling=\"no\" allowfullscreen=\"allowfullscreen\"><\/iframe><\/p>\n<p><em>Programa especial de 5\u00e8 al pati de l&#8217;escola:<\/em><br \/>\n<iframe id=\"audio_99955136\" style=\"width: 100%;\" src=\"https:\/\/www.ivoox.com\/player_ej_120400665_6_1.html?c1=2ccc47\" height=\"200\" frameborder=\"0\" scrolling=\"no\" allowfullscreen=\"allowfullscreen\"><\/iframe><\/p>\n<p><strong>Episodi 9<\/strong> (Octubre 2023):<br \/>\n<iframe id=\"audio_99955136\" style=\"width: 100%;\" src=\"https:\/\/www.ivoox.com\/player_ej_118844039_6_1.html?c1=2c94cc\" height=\"200\" frameborder=\"0\" scrolling=\"no\" allowfullscreen=\"allowfullscreen\"><\/iframe><\/p>\n<p><strong>CURS 2022-23<\/strong><\/p>\n<p><strong>Episodi<\/strong> 8:<br \/>\n<iframe id=\"audio_99955136\" style=\"width: 100%;\" src=\"https:\/\/www.ivoox.com\/player_ej_111175817_6_1.html?c1=ff6e00\" height=\"200\" frameborder=\"0\" scrolling=\"no\" allowfullscreen=\"allowfullscreen\"><\/iframe><\/p>\n<p><strong>Episodi<\/strong> 7:<br \/>\n<iframe id=\"audio_99955136\" style=\"width: 100%;\" src=\"https:\/\/www.ivoox.com\/player_ej_108973463_6_1.html?c1=e9f816\" height=\"200\" frameborder=\"0\" scrolling=\"no\" allowfullscreen=\"allowfullscreen\"><\/iframe><\/p>\n<p><strong>Episodi<\/strong> 6:<br \/>\n<iframe id=\"audio_99955136\" style=\"width: 100%;\" src=\"https:\/\/www.ivoox.com\/player_es_podcast_1925128_zp_1.html?c1=fcf404\" height=\"200\" frameborder=\"0\" scrolling=\"no\" allowfullscreen=\"allowfullscreen\"><\/iframe><\/p>\n<p><strong>Episodi <\/strong>5:<br \/>\n<iframe id=\"audio_99955136\" style=\"width: 100%;\" src=\"https:\/\/www.ivoox.com\/player_ej_103579770_6_1.html?c1=2c94cc\" height=\"200\" frameborder=\"0\" scrolling=\"no\" allowfullscreen=\"allowfullscreen\"><\/iframe><\/p>\n<p><strong>Episodi<\/strong> 4:<br \/>\n<iframe id=\"audio_99955136\" style=\"width: 100%;\" src=\"https:\/\/www.ivoox.com\/player_ej_102250757_6_1.html\" height=\"200\" frameborder=\"0\" scrolling=\"no\" allowfullscreen=\"allowfullscreen\"><span data-mce-type=\"bookmark\" style=\"display: inline-block; width: 0px; overflow: hidden; line-height: 0;\" class=\"mce_SELRES_start\">\ufeff<\/span><\/iframe><\/p>\n<p><strong>Episodi<\/strong> 3 (Especial Nadal):<br \/>\n<iframe id=\"audio_99955136\" style=\"width: 100%;\" src=\"https:\/\/www.ivoox.com\/player_ej_99955136_6_1.html\" height=\"200\" frameborder=\"0\" scrolling=\"no\" allowfullscreen=\"allowfullscreen\"><\/iframe><strong>Episodi<\/strong>\u00a02:<br \/>\n<iframe id=\"audio_97487403\" style=\"width: 100%;\" src=\"https:\/\/www.ivoox.com\/player_ej_97487403_6_1.html\" height=\"200\" frameborder=\"0\" scrolling=\"no\" allowfullscreen=\"allowfullscreen\"><\/iframe><\/p>\n<p><strong>Episodi<\/strong> 1:<br \/>\n<iframe id=\"audio_96551849\" style=\"width: 100%;\" src=\"https:\/\/www.ivoox.com\/player_ej_96551849_6_1.html\" height=\"200\" frameborder=\"0\" scrolling=\"no\" allowfullscreen=\"allowfullscreen\"><\/iframe><\/p>\n","protected":false},"excerpt":{"rendered":"<p>La r\u00e0dio de l\u2019Escola El Polvor\u00ed \ud83c\udf1f<br \/>\nA R\u00e0dio 038 creiem que la r\u00e0dio escolar \u00e9s molt m\u00e9s que un micr\u00f2fon: \u00e9s una eina per aprendre, comunicar i cr\u00e9ixer junts. Gr\u00e0cies a aquest projecte, els nostres alumnes desenvolupen habilitats comunicatives, treballen en equip i donen ales&hellip;  <a href=\"https:\/\/agora.xtec.cat\/escolaelpolvori\/projectes\/radio-2\/\" title=\"Read R\u00e0dio 038\">Llegeix m\u00e9s\u00bb<\/a><\/p>\n","protected":false},"author":1,"featured_media":0,"parent":656,"menu_order":0,"comment_status":"closed","ping_status":"closed","template":"page-templates\/side-menu.php","meta":{"_bbp_topic_count":0,"_bbp_reply_count":0,"_bbp_total_topic_count":0,"_bbp_total_reply_count":0,"_bbp_voice_count":0,"_bbp_anonymous_reply_count":0,"_bbp_topic_count_hidden":0,"_bbp_reply_count_hidden":0,"_bbp_forum_subforum_count":0,"footnotes":""},"class_list":["post-1970","page","type-page","status-publish","hentry"],"post_mailing_queue_ids":[],"_links":{"self":[{"href":"https:\/\/agora.xtec.cat\/escolaelpolvori\/wp-json\/wp\/v2\/pages\/1970","targetHints":{"allow":["GET"]}}],"collection":[{"href":"https:\/\/agora.xtec.cat\/escolaelpolvori\/wp-json\/wp\/v2\/pages"}],"about":[{"href":"https:\/\/agora.xtec.cat\/escolaelpolvori\/wp-json\/wp\/v2\/types\/page"}],"author":[{"embeddable":true,"href":"https:\/\/agora.xtec.cat\/escolaelpolvori\/wp-json\/wp\/v2\/users\/1"}],"replies":[{"embeddable":true,"href":"https:\/\/agora.xtec.cat\/escolaelpolvori\/wp-json\/wp\/v2\/comments?post=1970"}],"version-history":[{"count":7,"href":"https:\/\/agora.xtec.cat\/escolaelpolvori\/wp-json\/wp\/v2\/pages\/1970\/revisions"}],"predecessor-version":[{"id":2463,"href":"https:\/\/agora.xtec.cat\/escolaelpolvori\/wp-json\/wp\/v2\/pages\/1970\/revisions\/2463"}],"up":[{"embeddable":true,"href":"https:\/\/agora.xtec.cat\/escolaelpolvori\/wp-json\/wp\/v2\/pages\/656"}],"wp:attachment":[{"href":"https:\/\/agora.xtec.cat\/escolaelpolvori\/wp-json\/wp\/v2\/media?parent=1970"}],"curies":[{"name":"wp","href":"https:\/\/api.w.org\/{rel}","templated":true}]}}