{"id":15736,"date":"2024-03-06T10:22:16","date_gmt":"2024-03-06T09:22:16","guid":{"rendered":"https:\/\/agora.xtec.cat\/escolaelpla\/?page_id=15736"},"modified":"2024-03-09T16:56:04","modified_gmt":"2024-03-09T15:56:04","slug":"preinscripcio-curs-24-25","status":"publish","type":"page","link":"https:\/\/agora.xtec.cat\/escolaelpla\/preinscripcio-curs-24-25\/","title":{"rendered":"PREINSCRIPCI\u00d3 CURS 24-25"},"content":{"rendered":"<p><a href=\"https:\/\/agora.xtec.cat\/escolaelpla\/wp-content\/uploads\/usu713\/2024\/03\/Preinscripcio.jpg\"><img loading=\"lazy\" decoding=\"async\" class=\"alignnone size-large wp-image-15744\" src=\"https:\/\/agora.xtec.cat\/escolaelpla\/wp-content\/uploads\/usu713\/2024\/03\/Preinscripcio-1024x724.jpg\" alt=\"\" width=\"1024\" height=\"724\" \/><\/a><\/p>\n<p>A continuaci\u00f3 us adjuntem tota la informaci\u00f3 referent a la PREINSCRIPCI\u00d3 pel proper curs 2024-2025:<\/p>\n<p><strong>-Oferta places d&#8217;Ed.Infantil i Prim\u00e0ria Curs 24-25.<\/strong><br \/>\n<iframe loading=\"lazy\" src=\"https:\/\/agora.xtec.cat\/escolaelpla\/wp-content\/uploads\/usu713\/bp-attachments\/15727\/OFERTA-INICIAL-de-places-CURS-24-25.pdf\" width=\"100%\" height=\"680px\"><span data-mce-type=\"bookmark\" style=\"display: inline-block; width: 0px; overflow: hidden; line-height: 0;\" class=\"mce_SELRES_start\">\ufeff<\/span><span data-mce-type=\"bookmark\" style=\"display: inline-block; width: 0px; overflow: hidden; line-height: 0;\" class=\"mce_SELRES_start\">\ufeff<\/span><span data-mce-type=\"bookmark\" style=\"display: inline-block; width: 0px; overflow: hidden; line-height: 0;\" class=\"mce_SELRES_start\"><\/span><span data-mce-type=\"bookmark\" style=\"display: inline-block; width: 0px; overflow: hidden; line-height: 0;\" class=\"mce_SELRES_start\"><span data-mce-type=\"bookmark\" style=\"display: inline-block; width: 0px; overflow: hidden; line-height: 0;\" class=\"mce_SELRES_start\"><\/span><\/span><\/iframe><\/p>\n<p><strong>-Calendari la Preinscripci\u00f3 pel proper Curs 24-25:<\/strong><\/p>\n<p><iframe loading=\"lazy\" src=\"https:\/\/agora.xtec.cat\/escolaelpla\/wp-content\/uploads\/usu713\/2024\/03\/Calendari-PREINSCRIPCIO.pdf\" width=\"100%\" height=\"680px\"><span data-mce-type=\"bookmark\" style=\"display: inline-block; width: 0px; overflow: hidden; line-height: 0;\" class=\"mce_SELRES_start\">\ufeff<\/span><span data-mce-type=\"bookmark\" style=\"display: inline-block; width: 0px; overflow: hidden; line-height: 0;\" class=\"mce_SELRES_start\">\ufeff<\/span><span data-mce-type=\"bookmark\" style=\"display: inline-block; width: 0px; overflow: hidden; line-height: 0;\" class=\"mce_SELRES_start\">\ufeff<\/span><span data-mce-type=\"bookmark\" style=\"display: inline-block; width: 0px; overflow: hidden; line-height: 0;\" class=\"mce_SELRES_start\">\ufeff<\/span><span data-mce-type=\"bookmark\" style=\"display: inline-block; width: 0px; overflow: hidden; line-height: 0;\" class=\"mce_SELRES_start\"><\/span><span data-mce-type=\"bookmark\" style=\"display: inline-block; width: 0px; overflow: hidden; line-height: 0;\" class=\"mce_SELRES_start\"><span data-mce-type=\"bookmark\" style=\"display: inline-block; width: 0px; overflow: hidden; line-height: 0;\" class=\"mce_SELRES_start\"><\/span><\/span><\/iframe><\/p>\n<p>&nbsp;<\/p>\n<p><strong>-Fases per fer la Preinscripci\u00f3 pel proper Curs 24-25:<\/strong><\/p>\n<p><iframe loading=\"lazy\" src=\"https:\/\/agora.xtec.cat\/escolaelpla\/wp-content\/uploads\/usu713\/2024\/03\/Calendari-Fases-Preinscripcio-24-25-.pdf\" width=\"100%\" height=\"680px\"><span data-mce-type=\"bookmark\" style=\"display: inline-block; width: 0px; overflow: hidden; line-height: 0;\" class=\"mce_SELRES_start\">\ufeff<\/span><span data-mce-type=\"bookmark\" style=\"display: inline-block; width: 0px; overflow: hidden; line-height: 0;\" class=\"mce_SELRES_start\">\ufeff<\/span><span data-mce-type=\"bookmark\" style=\"display: inline-block; width: 0px; overflow: hidden; line-height: 0;\" class=\"mce_SELRES_start\">\ufeff<\/span><span data-mce-type=\"bookmark\" style=\"display: inline-block; width: 0px; overflow: hidden; line-height: 0;\" class=\"mce_SELRES_start\"><\/span><span data-mce-type=\"bookmark\" style=\"display: inline-block; width: 0px; overflow: hidden; line-height: 0;\" class=\"mce_SELRES_start\"><span data-mce-type=\"bookmark\" style=\"display: inline-block; width: 0px; overflow: hidden; line-height: 0;\" class=\"mce_SELRES_start\"><\/span><\/span><\/iframe><\/p>\n<p><strong>-Documentaci\u00f3 necess\u00e0ria que cal aportar per fer la Preinscripci\u00f3 pel proper Curs 24-25:<\/strong><\/p>\n<p><iframe loading=\"lazy\" src=\"https:\/\/agora.xtec.cat\/escolaelpla\/wp-content\/uploads\/usu713\/2024\/03\/Documents-que-cal-aportar-PREINSCRIPCIO-curs-24-25.pdf\" width=\"100%\" height=\"680px\"><span data-mce-type=\"bookmark\" style=\"display: inline-block; width: 0px; overflow: hidden; line-height: 0;\" class=\"mce_SELRES_start\">\ufeff<\/span><span data-mce-type=\"bookmark\" style=\"display: inline-block; width: 0px; overflow: hidden; line-height: 0;\" class=\"mce_SELRES_start\">\ufeff<\/span><span data-mce-type=\"bookmark\" style=\"display: inline-block; width: 0px; overflow: hidden; line-height: 0;\" class=\"mce_SELRES_start\">\ufeff<\/span><span data-mce-type=\"bookmark\" style=\"display: inline-block; width: 0px; overflow: hidden; line-height: 0;\" class=\"mce_SELRES_start\">\ufeff<\/span><span data-mce-type=\"bookmark\" style=\"display: inline-block; width: 0px; overflow: hidden; line-height: 0;\" class=\"mce_SELRES_start\"><\/span><span data-mce-type=\"bookmark\" style=\"display: inline-block; width: 0px; overflow: hidden; line-height: 0;\" class=\"mce_SELRES_start\"><span data-mce-type=\"bookmark\" style=\"display: inline-block; width: 0px; overflow: hidden; line-height: 0;\" class=\"mce_SELRES_start\"><\/span><\/span><\/iframe><\/p>\n<p><strong>-Puntuaci\u00f3 a tenir en compte de cares a la Preinscripci\u00f3 pel proper Curs 24-25:<\/strong><\/p>\n<p><iframe loading=\"lazy\" src=\"https:\/\/agora.xtec.cat\/escolaelpla\/wp-content\/uploads\/usu713\/2024\/03\/puntuacio.pdf\" width=\"100%\" height=\"680px\"><span data-mce-type=\"bookmark\" style=\"display: inline-block; width: 0px; overflow: hidden; line-height: 0;\" class=\"mce_SELRES_start\">\ufeff<\/span><span data-mce-type=\"bookmark\" style=\"display: inline-block; width: 0px; overflow: hidden; line-height: 0;\" class=\"mce_SELRES_start\">\ufeff<\/span><span data-mce-type=\"bookmark\" style=\"display: inline-block; width: 0px; overflow: hidden; line-height: 0;\" class=\"mce_SELRES_start\">\ufeff<\/span><span data-mce-type=\"bookmark\" style=\"display: inline-block; width: 0px; overflow: hidden; line-height: 0;\" class=\"mce_SELRES_start\">\ufeff<\/span><span data-mce-type=\"bookmark\" style=\"display: inline-block; width: 0px; overflow: hidden; line-height: 0;\" class=\"mce_SELRES_start\"><\/span><span data-mce-type=\"bookmark\" style=\"display: inline-block; width: 0px; overflow: hidden; line-height: 0;\" class=\"mce_SELRES_start\"><span data-mce-type=\"bookmark\" style=\"display: inline-block; width: 0px; overflow: hidden; line-height: 0;\" class=\"mce_SELRES_start\"><\/span><\/span><\/iframe><\/p>\n<p>&nbsp;<\/p>\n","protected":false},"excerpt":{"rendered":"<p><a href=\"https:\/\/agora.xtec.cat\/escolaelpla\/wp-content\/uploads\/usu713\/2024\/03\/Preinscripcio.jpg\"><\/a><br \/>\nA continuaci\u00f3 us adjuntem tota la informaci\u00f3 referent a la PREINSCRIPCI\u00d3 pel proper curs 2024-2025:<br \/>\n-Oferta places d&#8217;Ed.Infantil i Prim\u00e0ria Curs 24-25.<br \/>\n\ufeff\ufeff<br \/>\n-Calendari la Preinscripci\u00f3 pel proper Curs 24-25:<br \/>\n\ufeff\ufeff\ufeff\ufeff<br \/>\n&nbsp;<br \/>\n-Fases per fer la Preinscripci\u00f3 pel proper Curs 24-25:<br \/>\n\ufeff\ufeff\ufeff<br \/>\n-Documentaci\u00f3 necess\u00e0ria que cal aportar per fer la Preinscripci\u00f3 pel&hellip;  <a href=\"https:\/\/agora.xtec.cat\/escolaelpla\/preinscripcio-curs-24-25\/\" title=\"Read PREINSCRIPCI\u00d3 CURS 24-25\">Llegeix m\u00e9s\u00bb<\/a><\/p>\n","protected":false},"author":15,"featured_media":0,"parent":0,"menu_order":0,"comment_status":"closed","ping_status":"closed","template":"","meta":{"_bbp_topic_count":0,"_bbp_reply_count":0,"_bbp_total_topic_count":0,"_bbp_total_reply_count":0,"_bbp_voice_count":0,"_bbp_anonymous_reply_count":0,"_bbp_topic_count_hidden":0,"_bbp_reply_count_hidden":0,"_bbp_forum_subforum_count":0,"footnotes":""},"class_list":["post-15736","page","type-page","status-publish","hentry"],"post_mailing_queue_ids":[],"_links":{"self":[{"href":"https:\/\/agora.xtec.cat\/escolaelpla\/wp-json\/wp\/v2\/pages\/15736","targetHints":{"allow":["GET"]}}],"collection":[{"href":"https:\/\/agora.xtec.cat\/escolaelpla\/wp-json\/wp\/v2\/pages"}],"about":[{"href":"https:\/\/agora.xtec.cat\/escolaelpla\/wp-json\/wp\/v2\/types\/page"}],"author":[{"embeddable":true,"href":"https:\/\/agora.xtec.cat\/escolaelpla\/wp-json\/wp\/v2\/users\/15"}],"replies":[{"embeddable":true,"href":"https:\/\/agora.xtec.cat\/escolaelpla\/wp-json\/wp\/v2\/comments?post=15736"}],"version-history":[{"count":6,"href":"https:\/\/agora.xtec.cat\/escolaelpla\/wp-json\/wp\/v2\/pages\/15736\/revisions"}],"predecessor-version":[{"id":15811,"href":"https:\/\/agora.xtec.cat\/escolaelpla\/wp-json\/wp\/v2\/pages\/15736\/revisions\/15811"}],"wp:attachment":[{"href":"https:\/\/agora.xtec.cat\/escolaelpla\/wp-json\/wp\/v2\/media?parent=15736"}],"curies":[{"name":"wp","href":"https:\/\/api.w.org\/{rel}","templated":true}]}}