{"id":82,"date":"2014-09-18T14:10:51","date_gmt":"2014-09-18T13:10:51","guid":{"rendered":"http:\/\/agora.xtec.cat\/escolaelisabadia\/?page_id=82"},"modified":"2025-05-09T12:48:58","modified_gmt":"2025-05-09T10:48:58","slug":"casal-destiu","status":"publish","type":"page","link":"https:\/\/agora.xtec.cat\/escolaelisabadia\/serveis\/casal-destiu\/","title":{"rendered":"Casal d&#8217;estiu"},"content":{"rendered":"<p><img loading=\"lazy\" decoding=\"async\" class=\"alignnone  wp-image-6081\" src=\"https:\/\/agora.xtec.cat\/escolaelisabadia\/wp-content\/uploads\/usu667\/2025\/05\/CASAL-DESTIU-2025.jpg\" alt=\"\" width=\"680\" height=\"962\" srcset=\"https:\/\/agora.xtec.cat\/escolaelisabadia\/wp-content\/uploads\/usu667\/2025\/05\/CASAL-DESTIU-2025.jpg 1414w, https:\/\/agora.xtec.cat\/escolaelisabadia\/wp-content\/uploads\/usu667\/2025\/05\/CASAL-DESTIU-2025-212x300.jpg 212w, https:\/\/agora.xtec.cat\/escolaelisabadia\/wp-content\/uploads\/usu667\/2025\/05\/CASAL-DESTIU-2025-768x1086.jpg 768w, https:\/\/agora.xtec.cat\/escolaelisabadia\/wp-content\/uploads\/usu667\/2025\/05\/CASAL-DESTIU-2025-1086x1536.jpg 1086w\" sizes=\"auto, (max-width: 680px) 100vw, 680px\" \/><\/p>\n<p>En els seg\u00fcents enlla\u00e7os trobar\u00e0s tota la informaci\u00f3 sobre el casal d&#8217;estiu 2025:<\/p>\n<p><a href=\"https:\/\/agora.xtec.cat\/escolaelisabadia\/wp-content\/uploads\/usu667\/2025\/04\/2025_InformacioCasal_ELISABADIA.pdf\"><span style=\"text-decoration: underline;\">Informaci\u00f3 Casal d&#8217;Estiu de l&#8217;Elisa Badia<\/span>.<\/a><\/p>\n<p><a href=\"https:\/\/agora.xtec.cat\/escolaelisabadia\/wp-content\/uploads\/usu667\/2025\/04\/2025-Fitxa-Casal-Elisa-Badia.pdf\"><span style=\"text-decoration: underline;\">Full d&#8217;inscripcions (fins el 30 de maig)<\/span><\/a><\/p>\n<p>Tel\u00e8fon de contacte 678 959 483<\/p>\n<p>casalelisabadia@gmail.com<\/p>\n","protected":false},"excerpt":{"rendered":"<p>En els seg\u00fcents enlla\u00e7os trobar\u00e0s tota la informaci\u00f3 sobre el casal d&#8217;estiu 2025:<br \/>\n<a href=\"https:\/\/agora.xtec.cat\/escolaelisabadia\/wp-content\/uploads\/usu667\/2025\/04\/2025_InformacioCasal_ELISABADIA.pdf\">Informaci\u00f3 Casal d&#8217;Estiu de l&#8217;Elisa Badia.<\/a><br \/>\n<a href=\"https:\/\/agora.xtec.cat\/escolaelisabadia\/wp-content\/uploads\/usu667\/2025\/04\/2025-Fitxa-Casal-Elisa-Badia.pdf\">Full d&#8217;inscripcions (fins el 30 de maig)<\/a><br \/>\nTel\u00e8fon de contacte 678 959 483<br \/>\ncasalelisabadia@gmail.com<\/p>\n","protected":false},"author":1,"featured_media":0,"parent":66,"menu_order":50,"comment_status":"closed","ping_status":"closed","template":"page-templates\/side-menu.php","meta":{"_bbp_topic_count":0,"_bbp_reply_count":0,"_bbp_total_topic_count":0,"_bbp_total_reply_count":0,"_bbp_voice_count":0,"_bbp_anonymous_reply_count":0,"_bbp_topic_count_hidden":0,"_bbp_reply_count_hidden":0,"_bbp_forum_subforum_count":0,"footnotes":""},"class_list":["post-82","page","type-page","status-publish","hentry"],"post_mailing_queue_ids":[],"_links":{"self":[{"href":"https:\/\/agora.xtec.cat\/escolaelisabadia\/wp-json\/wp\/v2\/pages\/82","targetHints":{"allow":["GET"]}}],"collection":[{"href":"https:\/\/agora.xtec.cat\/escolaelisabadia\/wp-json\/wp\/v2\/pages"}],"about":[{"href":"https:\/\/agora.xtec.cat\/escolaelisabadia\/wp-json\/wp\/v2\/types\/page"}],"author":[{"embeddable":true,"href":"https:\/\/agora.xtec.cat\/escolaelisabadia\/wp-json\/wp\/v2\/users\/1"}],"replies":[{"embeddable":true,"href":"https:\/\/agora.xtec.cat\/escolaelisabadia\/wp-json\/wp\/v2\/comments?post=82"}],"version-history":[{"count":7,"href":"https:\/\/agora.xtec.cat\/escolaelisabadia\/wp-json\/wp\/v2\/pages\/82\/revisions"}],"predecessor-version":[{"id":6084,"href":"https:\/\/agora.xtec.cat\/escolaelisabadia\/wp-json\/wp\/v2\/pages\/82\/revisions\/6084"}],"up":[{"embeddable":true,"href":"https:\/\/agora.xtec.cat\/escolaelisabadia\/wp-json\/wp\/v2\/pages\/66"}],"wp:attachment":[{"href":"https:\/\/agora.xtec.cat\/escolaelisabadia\/wp-json\/wp\/v2\/media?parent=82"}],"curies":[{"name":"wp","href":"https:\/\/api.w.org\/{rel}","templated":true}]}}