{"id":32,"date":"2014-09-18T12:31:33","date_gmt":"2014-09-18T11:31:33","guid":{"rendered":"http:\/\/agora.xtec.cat\/escolaelisabadia\/?page_id=32"},"modified":"2026-01-09T08:36:07","modified_gmt":"2026-01-09T07:36:07","slug":"calendari-del-curs","status":"publish","type":"page","link":"https:\/\/agora.xtec.cat\/escolaelisabadia\/lescola\/calendari-del-curs\/","title":{"rendered":"Calendari del curs"},"content":{"rendered":"<h4><a href=\"https:\/\/agora.xtec.cat\/escolaelisabadia\/wp-content\/uploads\/usu667\/2025\/07\/Calendari-2025-2026.pdf\">Calendari 2025-2026<\/a>\u00a0(Fes clic i descarrega el calendari)<\/h4>\n<h4><strong>Inici de curs:<\/strong><\/h4>\n<ul>\n<li>8 de setembre de 2025<\/li>\n<\/ul>\n<h4><strong>Vacances:<\/strong><\/h4>\n<ul>\n<li>Del 22 de desembre de 2025 al 7 de gener de 2026 (ambd\u00f3s inclosos)<\/li>\n<li>Del 30 de mar\u00e7 al 6 d\u2019abril de 2026 (ambd\u00f3s inclosos)<\/li>\n<\/ul>\n<h4><strong>Dies festius de lliure disposici\u00f3:<\/strong><\/h4>\n<ul>\n<li>3 de novembre de 2025<\/li>\n<li>5 de desembre de 2025<\/li>\n<li>16 de febrer de 2026<\/li>\n<li>4 de maig de 2026<\/li>\n<li>26 de maig de 2026<\/li>\n<\/ul>\n<h4><strong>Festes locals:<\/strong><\/h4>\n<ul>\n<li>25 de maig de 2026<\/li>\n<\/ul>\n<h4><strong>Jornada intensiva:<\/strong><\/h4>\n<ul>\n<li><span style=\"font-family: inherit; font-size: 1em;\">19 de desembre de 2025<\/span><\/li>\n<li><span style=\"font-family: inherit; font-size: 1em;\">del 8 al 19 de juny de 2026 (ambd\u00f3s inclosos)<\/span><\/li>\n<\/ul>\n<h4><strong>Fi de curs:<\/strong><\/h4>\n<ul>\n<li>19 de juny de 2026<\/li>\n<\/ul>\n<p>L\u2019<b>horari lectiu<\/b> del centre \u00e9s de <strong>9:00h a 12:30<\/strong> h i de <strong>15:00h a 16:30h<\/strong> per a tot l&#8217;alumnat del centre. El 19 de desembre de 2025 i a partir del 8 de juny de 2026 es realitza horari intensiu de 9 a 13h. L&#8217;alumnat que utilitza el servei de menjador surt a les 15:30h.<\/p>\n<p>Per a l&#8217;alumnat que inicien l\u2019escolaritzaci\u00f3 a i3 s\u2019organitza un breu per\u00edode d\u2019adaptaci\u00f3 que suposa una certa modificaci\u00f3 dels horaris dels primers dies de classe. Es fa saber a les fam\u00edlies en les reunions pr\u00e8vies corresponents.<\/p>\n","protected":false},"excerpt":{"rendered":"<p><a href=\"https:\/\/agora.xtec.cat\/escolaelisabadia\/wp-content\/uploads\/usu667\/2025\/07\/Calendari-2025-2026.pdf\">Calendari 2025-2026<\/a>\u00a0(Fes clic i descarrega el calendari)<br \/>\nInici de curs:<\/p>\n<ul>\n<li>8 de setembre de 2025<\/li>\n<\/ul>\n<p>Vacances:<\/p>\n<ul>\n<li>Del 22 de desembre de 2025 al 7 de gener de 2026 (ambd\u00f3s inclosos)<\/li>\n<li>Del 30 de mar\u00e7 al 6 d\u2019abril de 2026 (ambd\u00f3s inclosos)<\/li>\n<\/ul>\n<p>Dies festius de lliure disposici\u00f3:<\/p>\n<ul>\n<li>3 de novembre de 2025<\/li>\n<li>5&hellip;  <a href=\"https:\/\/agora.xtec.cat\/escolaelisabadia\/lescola\/calendari-del-curs\/\" title=\"Read Calendari del curs\">Llegeix m\u00e9s\u00bb<\/a><br \/>\n","protected":false},"author":1,"featured_media":0,"parent":22,"menu_order":50,"comment_status":"closed","ping_status":"closed","template":"page-templates\/side-menu.php","meta":{"_bbp_topic_count":0,"_bbp_reply_count":0,"_bbp_total_topic_count":0,"_bbp_total_reply_count":0,"_bbp_voice_count":0,"_bbp_anonymous_reply_count":0,"_bbp_topic_count_hidden":0,"_bbp_reply_count_hidden":0,"_bbp_forum_subforum_count":0,"footnotes":""},"class_list":["post-32","page","type-page","status-publish","hentry"],"post_mailing_queue_ids":[],"_links":{"self":[{"href":"https:\/\/agora.xtec.cat\/escolaelisabadia\/wp-json\/wp\/v2\/pages\/32","targetHints":{"allow":["GET"]}}],"collection":[{"href":"https:\/\/agora.xtec.cat\/escolaelisabadia\/wp-json\/wp\/v2\/pages"}],"about":[{"href":"https:\/\/agora.xtec.cat\/escolaelisabadia\/wp-json\/wp\/v2\/types\/page"}],"author":[{"embeddable":true,"href":"https:\/\/agora.xtec.cat\/escolaelisabadia\/wp-json\/wp\/v2\/users\/1"}],"replies":[{"embeddable":true,"href":"https:\/\/agora.xtec.cat\/escolaelisabadia\/wp-json\/wp\/v2\/comments?post=32"}],"version-history":[{"count":6,"href":"https:\/\/agora.xtec.cat\/escolaelisabadia\/wp-json\/wp\/v2\/pages\/32\/revisions"}],"predecessor-version":[{"id":7133,"href":"https:\/\/agora.xtec.cat\/escolaelisabadia\/wp-json\/wp\/v2\/pages\/32\/revisions\/7133"}],"up":[{"embeddable":true,"href":"https:\/\/agora.xtec.cat\/escolaelisabadia\/wp-json\/wp\/v2\/pages\/22"}],"wp:attachment":[{"href":"https:\/\/agora.xtec.cat\/escolaelisabadia\/wp-json\/wp\/v2\/media?parent=32"}],"curies":[{"name":"wp","href":"https:\/\/api.w.org\/{rel}","templated":true}]}}