{"id":6141,"date":"2026-01-26T13:16:19","date_gmt":"2026-01-26T12:16:19","guid":{"rendered":"https:\/\/agora.xtec.cat\/escolaelgarrofer\/?page_id=6141"},"modified":"2026-02-09T11:53:31","modified_gmt":"2026-02-09T10:53:31","slug":"aula-multisensorial","status":"publish","type":"page","link":"https:\/\/agora.xtec.cat\/escolaelgarrofer\/lescola\/instal%c2%b7lacions\/aula-multisensorial\/","title":{"rendered":"Aula Multisensorial"},"content":{"rendered":"\n<p>L\u2019<strong>Aula Multisensorial de l\u2019Escola El Garrofer<\/strong>  \u00e9s un entorn dissenyat per estimular els sentits i promoure el benestar emocional. \u00c9s un lloc on el temps s&#8217;atura per permetre que l&#8217;alumnat connecti amb les seves sensacions a trav\u00e9s de la descoberta i la relaxaci\u00f3.<\/p>\n\n\n\n<p>Aquests s\u00f3n els elements que fan d&#8217;aquesta aula un espai d&#8217;aprenentatge terap\u00e8utic:<\/p>\n\n\n\n<ul class=\"wp-block-list\">\n<li><strong>Estimulaci\u00f3 Visual:<\/strong> Mitjan\u00e7ant columnes de bombolles, projectors de colors i fibres \u00f2ptiques, l&#8217;aula crea una atmosfera visual relaxant que ajuda a treballar l&#8217;atenci\u00f3 focalitzada i el seguiment visual en un entorn segur.<\/li>\n\n\n\n<li><strong>M\u00f3n de Textures i Tacte:<\/strong> L&#8217;espai disposa de materials amb diferents relleus, pesos i temperatures que permeten als nens i nenes explorar el sentit del tacte de manera conscient, afavorint la integraci\u00f3 sensorial.<\/li>\n\n\n\n<li><strong>Entorn Ac\u00fastic i Olfactiu:<\/strong> L&#8217;aula est\u00e0 equipada per reproduir sons harm\u00f2nics o de la natura, es pot combinar amb l&#8217;\u00fas d&#8217;aromes suaus, que ajuden a reduir els nivells d&#8217;estr\u00e8s i a crear una experi\u00e8ncia d&#8217;aprenentatge immersiva.<\/li>\n\n\n\n<li><strong>Propiocepci\u00f3 i Calma:<\/strong> Amb l&#8217;\u00fas de coxins o mantes amb pes, l&#8217;alumnat pot experimentar una consci\u00e8ncia corporal m\u00e9s profunda, ideal per a moments de regulaci\u00f3 emocional o per a treballar amb infants amb necessitats educatives especials.<\/li>\n<\/ul>\n\n\n\n<div style=\"position: relative; width: 100%; height: 0; padding-top: 56.2500%;\n padding-bottom: 0; box-shadow: 0 2px 8px 0 rgba(63,69,81,0.16); margin-top: 1.6em; margin-bottom: 0.9em; overflow: hidden;\n border-radius: 8px; will-change: transform;\">\n  <iframe loading=\"lazy\" style=\"position: absolute; width: 100%; height: 100%; top: 0; left: 0; border: none; padding: 0;margin: 0;\"\n    src=\"https:\/\/www.canva.com\/design\/DAHA0LIdmdk\/z8RF63-N22af1R4aeXoPqw\/watch?embed\" allowfullscreen=\"allowfullscreen\" allow=\"fullscreen\">\n  <\/iframe>\n<\/div>\n<a href=\"https:&#x2F;&#x2F;www.canva.com&#x2F;design&#x2F;DAHA0LIdmdk&#x2F;z8RF63-N22af1R4aeXoPqw&#x2F;watch?utm_content=DAHA0LIdmdk&amp;utm_campaign=designshare&amp;utm_medium=embeds&amp;utm_source=link\" target=\"_blank\" rel=\"noopener\">\n","protected":false},"excerpt":{"rendered":"<p>L\u2019Aula Multisensorial de l\u2019Escola El Garrofer \u00e9s un entorn dissenyat per estimular els sentits i promoure el benestar emocional. \u00c9s un lloc on el temps s&#8217;atura per permetre que l&#8217;alumnat connecti amb les seves sensacions a trav\u00e9s de la descoberta i la relaxaci\u00f3. Aquests s\u00f3n els elements que fan d&#8217;aquesta aula un espai d&#8217;aprenentatge terap\u00e8utic:<\/p>\n","protected":false},"author":4,"featured_media":0,"parent":30,"menu_order":0,"comment_status":"closed","ping_status":"close","template":"","meta":{"_bbp_topic_count":0,"_bbp_reply_count":0,"_bbp_total_topic_count":0,"_bbp_total_reply_count":0,"_bbp_voice_count":0,"_bbp_anonymous_reply_count":0,"_bbp_topic_count_hidden":0,"_bbp_reply_count_hidden":0,"_bbp_forum_subforum_count":0,"site-sidebar-layout":"default","site-content-layout":"","ast-site-content-layout":"default","site-content-style":"default","site-sidebar-style":"default","ast-global-header-display":"","ast-banner-title-visibility":"","ast-main-header-display":"","ast-hfb-above-header-display":"","ast-hfb-below-header-display":"","ast-hfb-mobile-header-display":"","site-post-title":"","ast-breadcrumbs-content":"","ast-featured-img":"","footer-sml-layout":"","theme-transparent-header-meta":"","adv-header-id-meta":"","stick-header-meta":"","header-above-stick-meta":"","header-main-stick-meta":"","header-below-stick-meta":"","astra-migrate-meta-layouts":"set","ast-page-background-enabled":"default","ast-page-background-meta":{"desktop":{"background-color":"var(--ast-global-color-4)","background-image":"","background-repeat":"repeat","background-position":"center center","background-size":"auto","background-attachment":"scroll","background-type":"","background-media":"","overlay-type":"","overlay-color":"","overlay-opacity":"","overlay-gradient":""},"tablet":{"background-color":"","background-image":"","background-repeat":"repeat","background-position":"center center","background-size":"auto","background-attachment":"scroll","background-type":"","background-media":"","overlay-type":"","overlay-color":"","overlay-opacity":"","overlay-gradient":""},"mobile":{"background-color":"","background-image":"","background-repeat":"repeat","background-position":"center center","background-size":"auto","background-attachment":"scroll","background-type":"","background-media":"","overlay-type":"","overlay-color":"","overlay-opacity":"","overlay-gradient":""}},"ast-content-background-meta":{"desktop":{"background-color":"var(--ast-global-color-5)","background-image":"","background-repeat":"repeat","background-position":"center center","background-size":"auto","background-attachment":"scroll","background-type":"","background-media":"","overlay-type":"","overlay-color":"","overlay-opacity":"","overlay-gradient":""},"tablet":{"background-color":"var(--ast-global-color-5)","background-image":"","background-repeat":"repeat","background-position":"center center","background-size":"auto","background-attachment":"scroll","background-type":"","background-media":"","overlay-type":"","overlay-color":"","overlay-opacity":"","overlay-gradient":""},"mobile":{"background-color":"var(--ast-global-color-5)","background-image":"","background-repeat":"repeat","background-position":"center center","background-size":"auto","background-attachment":"scroll","background-type":"","background-media":"","overlay-type":"","overlay-color":"","overlay-opacity":"","overlay-gradient":""}},"footnotes":""},"class_list":["post-6141","page","type-page","status-publish","hentry"],"post_mailing_queue_ids":[],"_links":{"self":[{"href":"https:\/\/agora.xtec.cat\/escolaelgarrofer\/wp-json\/wp\/v2\/pages\/6141","targetHints":{"allow":["GET"]}}],"collection":[{"href":"https:\/\/agora.xtec.cat\/escolaelgarrofer\/wp-json\/wp\/v2\/pages"}],"about":[{"href":"https:\/\/agora.xtec.cat\/escolaelgarrofer\/wp-json\/wp\/v2\/types\/page"}],"author":[{"embeddable":true,"href":"https:\/\/agora.xtec.cat\/escolaelgarrofer\/wp-json\/wp\/v2\/users\/4"}],"replies":[{"embeddable":true,"href":"https:\/\/agora.xtec.cat\/escolaelgarrofer\/wp-json\/wp\/v2\/comments?post=6141"}],"version-history":[{"count":2,"href":"https:\/\/agora.xtec.cat\/escolaelgarrofer\/wp-json\/wp\/v2\/pages\/6141\/revisions"}],"predecessor-version":[{"id":6297,"href":"https:\/\/agora.xtec.cat\/escolaelgarrofer\/wp-json\/wp\/v2\/pages\/6141\/revisions\/6297"}],"up":[{"embeddable":true,"href":"https:\/\/agora.xtec.cat\/escolaelgarrofer\/wp-json\/wp\/v2\/pages\/30"}],"wp:attachment":[{"href":"https:\/\/agora.xtec.cat\/escolaelgarrofer\/wp-json\/wp\/v2\/media?parent=6141"}],"curies":[{"name":"wp","href":"https:\/\/api.w.org\/{rel}","templated":true}]}}