{"id":1305,"date":"2017-11-30T12:26:17","date_gmt":"2017-11-30T11:26:17","guid":{"rendered":"http:\/\/agora.xtec.cat\/escolaelgarrofer\/?page_id=1305"},"modified":"2026-02-23T12:29:32","modified_gmt":"2026-02-23T11:29:32","slug":"cartes-i-notes-informatives","status":"publish","type":"page","link":"https:\/\/agora.xtec.cat\/escolaelgarrofer\/families\/cartes-i-notes-informatives\/","title":{"rendered":"Notes informatives i autoritzacions"},"content":{"rendered":"\n<p class=\"has-ast-global-color-3-color has-text-color has-link-color has-medium-font-size wp-elements-6d10b5880eece02613dcdb6823d13760\"><a href=\"https:\/\/agora.xtec.cat\/escolaelgarrofer\/wp-content\/uploads\/usu580\/2026\/01\/criteris-no-assistencia-alumnat-escola-llar-infants-malalties-transmisibles-2025-2.pdf\">Criteris de no assist\u00e8ncia de l&#8217;alumnat a l&#8217;escola<\/a><\/p>\n\n\n\n<p class=\"has-ast-global-color-3-color has-text-color has-link-color has-medium-font-size wp-elements-41f90865a9ff4a15030278d4047b924c\"><a href=\"https:\/\/agora.xtec.cat\/escolaelgarrofer\/wp-content\/uploads\/usu580\/2022\/09\/autoritzacio-marxar-alumnes-sols-22-23.pdf\">Autoritzaci\u00f3 per marxar soles\/sols a casa<\/a><\/p>\n\n\n\n<p class=\"has-ast-global-color-3-color has-text-color has-link-color has-medium-font-size wp-elements-92742910a42601c64a34512f5abcd81b\"><a href=\"https:\/\/agora.xtec.cat\/escolaelgarrofer\/wp-content\/uploads\/usu580\/2020\/09\/Recollida-menors.pdf\">Autoritzaci\u00f3 recollida menors (germans\/es<\/a>)<\/p>\n\n\n\n<p class=\"has-ast-global-color-3-color has-text-color has-link-color has-medium-font-size wp-elements-266b3613240b26a00b1e926a04e6daa3\"><a href=\"https:\/\/agora.xtec.cat\/escolaelgarrofer\/wp-content\/uploads\/usu580\/2024\/02\/AUTORITZACIO-MEDICAMENTS.docx.pdf\">Autoritzaci\u00f3 d&#8217;administraci\u00f3 de medicaments<\/a><\/p>\n\n\n\n<p class=\"has-ast-global-color-3-color has-text-color has-link-color has-medium-font-size wp-elements-6ceb0ee0342100b043916a07ba9205c4\"><a href=\"http:\/\/agora.xtec.cat\/escolaelgarrofer\/wp-content\/uploads\/usu580\/2017\/06\/paracetamol.pdf\">Autoritzaci\u00f3 d&#8217;administraci\u00f3 de paracetamol<\/a><\/p>\n\n\n\n<p class=\"has-ast-global-color-3-color has-text-color has-link-color has-medium-font-size wp-elements-e3f666975919a5c048260ce4f8991b84\"><a href=\"http:\/\/agora.xtec.cat\/escolaelgarrofer\/wp-content\/uploads\/usu580\/2017\/06\/tels.pdf\">Autoritzaci\u00f3 d&#8217;\u00fas de tel\u00e8fon m\u00f2bil<\/a><\/p>\n\n\n\n<p><\/p>\n","protected":false},"excerpt":{"rendered":"<p>Criteris de no assist\u00e8ncia de l&#8217;alumnat a l&#8217;escola Autoritzaci\u00f3 per marxar soles\/sols a casa Autoritzaci\u00f3 recollida menors (germans\/es) Autoritzaci\u00f3 d&#8217;administraci\u00f3 de medicaments Autoritzaci\u00f3 d&#8217;administraci\u00f3 de paracetamol Autoritzaci\u00f3 d&#8217;\u00fas de tel\u00e8fon m\u00f2bil<\/p>\n","protected":false},"author":15,"featured_media":0,"parent":1051,"menu_order":-5,"comment_status":"closed","ping_status":"closed","template":"","meta":{"_bbp_topic_count":0,"_bbp_reply_count":0,"_bbp_total_topic_count":0,"_bbp_total_reply_count":0,"_bbp_voice_count":0,"_bbp_anonymous_reply_count":0,"_bbp_topic_count_hidden":0,"_bbp_reply_count_hidden":0,"_bbp_forum_subforum_count":0,"site-sidebar-layout":"default","site-content-layout":"","ast-site-content-layout":"default","site-content-style":"default","site-sidebar-style":"default","ast-global-header-display":"","ast-banner-title-visibility":"","ast-main-header-display":"","ast-hfb-above-header-display":"","ast-hfb-below-header-display":"","ast-hfb-mobile-header-display":"","site-post-title":"","ast-breadcrumbs-content":"","ast-featured-img":"","footer-sml-layout":"","theme-transparent-header-meta":"","adv-header-id-meta":"","stick-header-meta":"","header-above-stick-meta":"","header-main-stick-meta":"","header-below-stick-meta":"","astra-migrate-meta-layouts":"set","ast-page-background-enabled":"default","ast-page-background-meta":{"desktop":{"background-color":"var(--ast-global-color-4)","background-image":"","background-repeat":"repeat","background-position":"center center","background-size":"auto","background-attachment":"scroll","background-type":"","background-media":"","overlay-type":"","overlay-color":"","overlay-opacity":"","overlay-gradient":""},"tablet":{"background-color":"","background-image":"","background-repeat":"repeat","background-position":"center center","background-size":"auto","background-attachment":"scroll","background-type":"","background-media":"","overlay-type":"","overlay-color":"","overlay-opacity":"","overlay-gradient":""},"mobile":{"background-color":"","background-image":"","background-repeat":"repeat","background-position":"center center","background-size":"auto","background-attachment":"scroll","background-type":"","background-media":"","overlay-type":"","overlay-color":"","overlay-opacity":"","overlay-gradient":""}},"ast-content-background-meta":{"desktop":{"background-color":"var(--ast-global-color-5)","background-image":"","background-repeat":"repeat","background-position":"center center","background-size":"auto","background-attachment":"scroll","background-type":"","background-media":"","overlay-type":"","overlay-color":"","overlay-opacity":"","overlay-gradient":""},"tablet":{"background-color":"var(--ast-global-color-5)","background-image":"","background-repeat":"repeat","background-position":"center center","background-size":"auto","background-attachment":"scroll","background-type":"","background-media":"","overlay-type":"","overlay-color":"","overlay-opacity":"","overlay-gradient":""},"mobile":{"background-color":"var(--ast-global-color-5)","background-image":"","background-repeat":"repeat","background-position":"center center","background-size":"auto","background-attachment":"scroll","background-type":"","background-media":"","overlay-type":"","overlay-color":"","overlay-opacity":"","overlay-gradient":""}},"footnotes":""},"class_list":["post-1305","page","type-page","status-publish","hentry"],"post_mailing_queue_ids":[],"_links":{"self":[{"href":"https:\/\/agora.xtec.cat\/escolaelgarrofer\/wp-json\/wp\/v2\/pages\/1305","targetHints":{"allow":["GET"]}}],"collection":[{"href":"https:\/\/agora.xtec.cat\/escolaelgarrofer\/wp-json\/wp\/v2\/pages"}],"about":[{"href":"https:\/\/agora.xtec.cat\/escolaelgarrofer\/wp-json\/wp\/v2\/types\/page"}],"author":[{"embeddable":true,"href":"https:\/\/agora.xtec.cat\/escolaelgarrofer\/wp-json\/wp\/v2\/users\/15"}],"replies":[{"embeddable":true,"href":"https:\/\/agora.xtec.cat\/escolaelgarrofer\/wp-json\/wp\/v2\/comments?post=1305"}],"version-history":[{"count":6,"href":"https:\/\/agora.xtec.cat\/escolaelgarrofer\/wp-json\/wp\/v2\/pages\/1305\/revisions"}],"predecessor-version":[{"id":6198,"href":"https:\/\/agora.xtec.cat\/escolaelgarrofer\/wp-json\/wp\/v2\/pages\/1305\/revisions\/6198"}],"up":[{"embeddable":true,"href":"https:\/\/agora.xtec.cat\/escolaelgarrofer\/wp-json\/wp\/v2\/pages\/1051"}],"wp:attachment":[{"href":"https:\/\/agora.xtec.cat\/escolaelgarrofer\/wp-json\/wp\/v2\/media?parent=1305"}],"curies":[{"name":"wp","href":"https:\/\/api.w.org\/{rel}","templated":true}]}}