{"id":793,"date":"2018-11-19T15:34:13","date_gmt":"2018-11-19T14:34:13","guid":{"rendered":"https:\/\/agora.xtec.cat\/escolaelfar\/?page_id=793"},"modified":"2021-09-01T20:01:50","modified_gmt":"2021-09-01T18:01:50","slug":"projecte-de-convivencia","status":"publish","type":"page","link":"https:\/\/agora.xtec.cat\/escolaelfar\/projecte-educatiu\/projecte-de-convivencia\/","title":{"rendered":"Projecte de Conviv\u00e8ncia"},"content":{"rendered":"<p><a href=\"https:\/\/agora.xtec.cat\/escolaelfar\/wp-content\/uploads\/usu1878\/2018\/11\/projecte-de-conviv\u00e8ncia.jpg\"><img loading=\"lazy\" decoding=\"async\" class=\"alignnone size-full wp-image-850\" src=\"https:\/\/agora.xtec.cat\/escolaelfar\/wp-content\/uploads\/usu1878\/2018\/11\/projecte-de-conviv\u00e8ncia.jpg\" alt=\"\" width=\"435\" height=\"299\" srcset=\"https:\/\/agora.xtec.cat\/escolaelfar\/wp-content\/uploads\/usu1878\/2018\/11\/projecte-de-conviv\u00e8ncia.jpg 435w, https:\/\/agora.xtec.cat\/escolaelfar\/wp-content\/uploads\/usu1878\/2018\/11\/projecte-de-conviv\u00e8ncia-300x206.jpg 300w\" sizes=\"auto, (max-width: 435px) 100vw, 435px\" \/><\/a><\/p>\n<p>Conviure significa viure plegats i en bona relaci\u00f3. La conviv\u00e8ncia demana la formaci\u00f3 integral de la persona i es fonamenta en els valors de la pluralitat, la participaci\u00f3 democr\u00e0tica, la inclusi\u00f3 social, la igualtat d\u2019oportunitats, el respecte a la difer\u00e8ncia, la gesti\u00f3 positiva de conflictes i la cultura de pau. La conviv\u00e8ncia comporta una consci\u00e8ncia de la pr\u00f2pia identitat que implica l\u2019acceptaci\u00f3 de l\u2019altre i un sentit de pertinen\u00e7a i contribuci\u00f3 personal a la societat.<\/p>\n<p>El <strong>Projecte de conviv\u00e8ncia <\/strong>\u00e9s l\u2019instrument on es reflecteixen les accions que el centre docent desenvolupa per capacitar tot l&#8217;alumnat i la resta de la comunitat educativa per a la conviv\u00e8ncia i la gesti\u00f3 positiva dels conflictes.<\/p>\n<p><a href=\"https:\/\/agora.xtec.cat\/escolaelfar\/wp-content\/uploads\/usu1878\/2020\/06\/PLA-DE-CONVIV\u00c8NCIA-MAR\u00c7-20.pdf\">PROJECTE DE CONVIV\u00c8NCIA<\/a><\/p>\n<p>&nbsp;<\/p>\n<p>&nbsp;<\/p>\n","protected":false},"excerpt":{"rendered":"<p>Conviure significa viure plegats i en bona relaci\u00f3. La conviv\u00e8ncia demana la formaci\u00f3 integral de la persona i es fonamenta [&hellip;]<\/p>\n","protected":false},"author":80,"featured_media":0,"parent":64,"menu_order":3,"comment_status":"closed","ping_status":"closed","template":"","meta":{"_bbp_topic_count":0,"_bbp_reply_count":0,"_bbp_total_topic_count":0,"_bbp_total_reply_count":0,"_bbp_voice_count":0,"_bbp_anonymous_reply_count":0,"_bbp_topic_count_hidden":0,"_bbp_reply_count_hidden":0,"_bbp_forum_subforum_count":0,"site-sidebar-layout":"default","site-content-layout":"","ast-site-content-layout":"","site-content-style":"default","site-sidebar-style":"default","ast-global-header-display":"","ast-banner-title-visibility":"","ast-main-header-display":"","ast-hfb-above-header-display":"","ast-hfb-below-header-display":"","ast-hfb-mobile-header-display":"","site-post-title":"","ast-breadcrumbs-content":"","ast-featured-img":"","footer-sml-layout":"","theme-transparent-header-meta":"","adv-header-id-meta":"","stick-header-meta":"","header-above-stick-meta":"","header-main-stick-meta":"","header-below-stick-meta":"","astra-migrate-meta-layouts":"default","ast-page-background-enabled":"default","ast-page-background-meta":{"desktop":{"background-color":"var(--ast-global-color-4)","background-image":"","background-repeat":"repeat","background-position":"center center","background-size":"auto","background-attachment":"scroll","background-type":"","background-media":"","overlay-type":"","overlay-color":"","overlay-opacity":"","overlay-gradient":""},"tablet":{"background-color":"","background-image":"","background-repeat":"repeat","background-position":"center center","background-size":"auto","background-attachment":"scroll","background-type":"","background-media":"","overlay-type":"","overlay-color":"","overlay-opacity":"","overlay-gradient":""},"mobile":{"background-color":"","background-image":"","background-repeat":"repeat","background-position":"center center","background-size":"auto","background-attachment":"scroll","background-type":"","background-media":"","overlay-type":"","overlay-color":"","overlay-opacity":"","overlay-gradient":""}},"ast-content-background-meta":{"desktop":{"background-color":"var(--ast-global-color-5)","background-image":"","background-repeat":"repeat","background-position":"center center","background-size":"auto","background-attachment":"scroll","background-type":"","background-media":"","overlay-type":"","overlay-color":"","overlay-opacity":"","overlay-gradient":""},"tablet":{"background-color":"var(--ast-global-color-5)","background-image":"","background-repeat":"repeat","background-position":"center center","background-size":"auto","background-attachment":"scroll","background-type":"","background-media":"","overlay-type":"","overlay-color":"","overlay-opacity":"","overlay-gradient":""},"mobile":{"background-color":"var(--ast-global-color-5)","background-image":"","background-repeat":"repeat","background-position":"center center","background-size":"auto","background-attachment":"scroll","background-type":"","background-media":"","overlay-type":"","overlay-color":"","overlay-opacity":"","overlay-gradient":""}},"footnotes":""},"class_list":["post-793","page","type-page","status-publish","hentry"],"post_mailing_queue_ids":[],"_links":{"self":[{"href":"https:\/\/agora.xtec.cat\/escolaelfar\/wp-json\/wp\/v2\/pages\/793","targetHints":{"allow":["GET"]}}],"collection":[{"href":"https:\/\/agora.xtec.cat\/escolaelfar\/wp-json\/wp\/v2\/pages"}],"about":[{"href":"https:\/\/agora.xtec.cat\/escolaelfar\/wp-json\/wp\/v2\/types\/page"}],"author":[{"embeddable":true,"href":"https:\/\/agora.xtec.cat\/escolaelfar\/wp-json\/wp\/v2\/users\/80"}],"replies":[{"embeddable":true,"href":"https:\/\/agora.xtec.cat\/escolaelfar\/wp-json\/wp\/v2\/comments?post=793"}],"version-history":[{"count":3,"href":"https:\/\/agora.xtec.cat\/escolaelfar\/wp-json\/wp\/v2\/pages\/793\/revisions"}],"predecessor-version":[{"id":5070,"href":"https:\/\/agora.xtec.cat\/escolaelfar\/wp-json\/wp\/v2\/pages\/793\/revisions\/5070"}],"up":[{"embeddable":true,"href":"https:\/\/agora.xtec.cat\/escolaelfar\/wp-json\/wp\/v2\/pages\/64"}],"wp:attachment":[{"href":"https:\/\/agora.xtec.cat\/escolaelfar\/wp-json\/wp\/v2\/media?parent=793"}],"curies":[{"name":"wp","href":"https:\/\/api.w.org\/{rel}","templated":true}]}}

Projecte de Convivència

<p><a href="https://agora.xtec.cat/escolaelfar/wp-content/uploads/usu1878/2018/11/projecte-de-convivència.jpg"><img loading="lazy" decoding="async" class="alignnone size-full wp-image-850" src="https://agora.xtec.cat/escolaelfar/wp-content/uploads/usu1878/2018/11/projecte-de-convivència.jpg" alt="" width="435" height="299" srcset="https://agora.xtec.cat/escolaelfar/wp-content/uploads/usu1878/2018/11/projecte-de-convivència.jpg 435w, https://agora.xtec.cat/escolaelfar/wp-content/uploads/usu1878/2018/11/projecte-de-convivència-300x206.jpg 300w" sizes="auto, (max-width: 435px) 100vw, 435px" /></a></p>
<p>Conviure significa viure plegats i en bona relació. La convivència demana la formació integral de la persona i es fonamenta en els valors de la pluralitat, la participació democràtica, la inclusió social, la igualtat d’oportunitats, el respecte a la diferència, la gestió positiva de conflictes i la cultura de pau. La convivència comporta una consciència de la pròpia identitat que implica l’acceptació de l’altre i un sentit de pertinença i contribució personal a la societat.</p>
<p>El <strong>Projecte de convivència </strong>és l’instrument on es reflecteixen les accions que el centre docent desenvolupa per capacitar tot l&#8217;alumnat i la resta de la comunitat educativa per a la convivència i la gestió positiva dels conflictes.</p>
<p><a href="https://agora.xtec.cat/escolaelfar/wp-content/uploads/usu1878/2020/06/PLA-DE-CONVIVÈNCIA-MARÇ-20.pdf">PROJECTE DE CONVIVÈNCIA</a></p>
<p>&nbsp;</p>
<p>&nbsp;</p>

<p>Conviure significa viure plegats i en bona relació. La convivència demana la formació integral de la persona i es fonamenta [&hellip;]</p>
