{"id":791,"date":"2018-11-19T15:33:49","date_gmt":"2018-11-19T14:33:49","guid":{"rendered":"https:\/\/agora.xtec.cat\/escolaelfar\/?page_id=791"},"modified":"2021-09-01T20:01:32","modified_gmt":"2021-09-01T18:01:32","slug":"pla-tac","status":"publish","type":"page","link":"https:\/\/agora.xtec.cat\/escolaelfar\/projecte-educatiu\/pla-tac\/","title":{"rendered":"Pla TAC"},"content":{"rendered":"<p><a href=\"https:\/\/agora.xtec.cat\/escolaelfar\/wp-content\/uploads\/usu1878\/2020\/06\/Presentaci\u00f31.jpg\"><img loading=\"lazy\" decoding=\"async\" class=\"alignnone wp-image-5297\" src=\"https:\/\/agora.xtec.cat\/escolaelfar\/wp-content\/uploads\/usu1878\/2020\/06\/Presentaci\u00f31.jpg\" alt=\"\" width=\"499\" height=\"374\" srcset=\"https:\/\/agora.xtec.cat\/escolaelfar\/wp-content\/uploads\/usu1878\/2020\/06\/Presentaci\u00f31.jpg 960w, https:\/\/agora.xtec.cat\/escolaelfar\/wp-content\/uploads\/usu1878\/2020\/06\/Presentaci\u00f31-300x225.jpg 300w, https:\/\/agora.xtec.cat\/escolaelfar\/wp-content\/uploads\/usu1878\/2020\/06\/Presentaci\u00f31-768x576.jpg 768w, https:\/\/agora.xtec.cat\/escolaelfar\/wp-content\/uploads\/usu1878\/2020\/06\/Presentaci\u00f31-200x150.jpg 200w\" sizes=\"auto, (max-width: 499px) 100vw, 499px\" \/><\/a><\/p>\n<p><strong>El Pla TAC<\/strong> \u00e9s un instrument per formalitzar la governan\u00e7a de la tecnologia en el marc de l\u2019autonomia de centre i del Projecte Educatiu.<\/p>\n<p>La integraci\u00f3 plena de les tecnologies en un centre educatiu \u00e9s un proc\u00e9s d\u2019innovaci\u00f3 i gesti\u00f3 del canvi, que afecta, d\u2019una banda, tots els seus integrants i, de<br \/>\nl\u2019altra, aspectes de funcionament: pedag\u00f2gic, formatiu, organitzatiu i tecnol\u00f2gic. Per facilitar que aquest proc\u00e9s es desenvolupi de forma harm\u00f2nica, \u00e9s necessari un Pla TAC espec\u00edfic que formi part del projecte educatiu del centre.<\/p>\n<p><a href=\"https:\/\/agora.xtec.cat\/escolaelfar\/wp-content\/uploads\/usu1878\/2020\/06\/PLA-TAC-2020.pdf\" target=\"_blank\" rel=\"noopener noreferrer\">PLA TAC DE L&#8217;ESCOLA EL FAR\u00a0<\/a><\/p>\n","protected":false},"excerpt":{"rendered":"<p>El Pla TAC \u00e9s un instrument per formalitzar la governan\u00e7a de la tecnologia en el marc de l\u2019autonomia de centre [&hellip;]<\/p>\n","protected":false},"author":80,"featured_media":0,"parent":64,"menu_order":4,"comment_status":"closed","ping_status":"closed","template":"page-templates\/side-menu.php","meta":{"_bbp_topic_count":0,"_bbp_reply_count":0,"_bbp_total_topic_count":0,"_bbp_total_reply_count":0,"_bbp_voice_count":0,"_bbp_anonymous_reply_count":0,"_bbp_topic_count_hidden":0,"_bbp_reply_count_hidden":0,"_bbp_forum_subforum_count":0,"site-sidebar-layout":"default","site-content-layout":"","ast-site-content-layout":"","site-content-style":"default","site-sidebar-style":"default","ast-global-header-display":"","ast-banner-title-visibility":"","ast-main-header-display":"","ast-hfb-above-header-display":"","ast-hfb-below-header-display":"","ast-hfb-mobile-header-display":"","site-post-title":"","ast-breadcrumbs-content":"","ast-featured-img":"","footer-sml-layout":"","theme-transparent-header-meta":"","adv-header-id-meta":"","stick-header-meta":"","header-above-stick-meta":"","header-main-stick-meta":"","header-below-stick-meta":"","astra-migrate-meta-layouts":"default","ast-page-background-enabled":"default","ast-page-background-meta":{"desktop":{"background-color":"var(--ast-global-color-4)","background-image":"","background-repeat":"repeat","background-position":"center center","background-size":"auto","background-attachment":"scroll","background-type":"","background-media":"","overlay-type":"","overlay-color":"","overlay-opacity":"","overlay-gradient":""},"tablet":{"background-color":"","background-image":"","background-repeat":"repeat","background-position":"center center","background-size":"auto","background-attachment":"scroll","background-type":"","background-media":"","overlay-type":"","overlay-color":"","overlay-opacity":"","overlay-gradient":""},"mobile":{"background-color":"","background-image":"","background-repeat":"repeat","background-position":"center center","background-size":"auto","background-attachment":"scroll","background-type":"","background-media":"","overlay-type":"","overlay-color":"","overlay-opacity":"","overlay-gradient":""}},"ast-content-background-meta":{"desktop":{"background-color":"var(--ast-global-color-5)","background-image":"","background-repeat":"repeat","background-position":"center center","background-size":"auto","background-attachment":"scroll","background-type":"","background-media":"","overlay-type":"","overlay-color":"","overlay-opacity":"","overlay-gradient":""},"tablet":{"background-color":"var(--ast-global-color-5)","background-image":"","background-repeat":"repeat","background-position":"center center","background-size":"auto","background-attachment":"scroll","background-type":"","background-media":"","overlay-type":"","overlay-color":"","overlay-opacity":"","overlay-gradient":""},"mobile":{"background-color":"var(--ast-global-color-5)","background-image":"","background-repeat":"repeat","background-position":"center center","background-size":"auto","background-attachment":"scroll","background-type":"","background-media":"","overlay-type":"","overlay-color":"","overlay-opacity":"","overlay-gradient":""}},"footnotes":""},"class_list":["post-791","page","type-page","status-publish","hentry"],"post_mailing_queue_ids":[],"_links":{"self":[{"href":"https:\/\/agora.xtec.cat\/escolaelfar\/wp-json\/wp\/v2\/pages\/791","targetHints":{"allow":["GET"]}}],"collection":[{"href":"https:\/\/agora.xtec.cat\/escolaelfar\/wp-json\/wp\/v2\/pages"}],"about":[{"href":"https:\/\/agora.xtec.cat\/escolaelfar\/wp-json\/wp\/v2\/types\/page"}],"author":[{"embeddable":true,"href":"https:\/\/agora.xtec.cat\/escolaelfar\/wp-json\/wp\/v2\/users\/80"}],"replies":[{"embeddable":true,"href":"https:\/\/agora.xtec.cat\/escolaelfar\/wp-json\/wp\/v2\/comments?post=791"}],"version-history":[{"count":3,"href":"https:\/\/agora.xtec.cat\/escolaelfar\/wp-json\/wp\/v2\/pages\/791\/revisions"}],"predecessor-version":[{"id":19518,"href":"https:\/\/agora.xtec.cat\/escolaelfar\/wp-json\/wp\/v2\/pages\/791\/revisions\/19518"}],"up":[{"embeddable":true,"href":"https:\/\/agora.xtec.cat\/escolaelfar\/wp-json\/wp\/v2\/pages\/64"}],"wp:attachment":[{"href":"https:\/\/agora.xtec.cat\/escolaelfar\/wp-json\/wp\/v2\/media?parent=791"}],"curies":[{"name":"wp","href":"https:\/\/api.w.org\/{rel}","templated":true}]}}

<p><a href="https://agora.xtec.cat/escolaelfar/wp-content/uploads/usu1878/2020/06/Presentació1.jpg"><img loading="lazy" decoding="async" class="alignnone wp-image-5297" src="https://agora.xtec.cat/escolaelfar/wp-content/uploads/usu1878/2020/06/Presentació1.jpg" alt="" width="499" height="374" srcset="https://agora.xtec.cat/escolaelfar/wp-content/uploads/usu1878/2020/06/Presentació1.jpg 960w, https://agora.xtec.cat/escolaelfar/wp-content/uploads/usu1878/2020/06/Presentació1-300x225.jpg 300w, https://agora.xtec.cat/escolaelfar/wp-content/uploads/usu1878/2020/06/Presentació1-768x576.jpg 768w, https://agora.xtec.cat/escolaelfar/wp-content/uploads/usu1878/2020/06/Presentació1-200x150.jpg 200w" sizes="auto, (max-width: 499px) 100vw, 499px" /></a></p>
<p><strong>El Pla TAC</strong> és un instrument per formalitzar la governança de la tecnologia en el marc de l’autonomia de centre i del Projecte Educatiu.</p>
<p>La integració plena de les tecnologies en un centre educatiu és un procés d’innovació i gestió del canvi, que afecta, d’una banda, tots els seus integrants i, de<br />
l’altra, aspectes de funcionament: pedagògic, formatiu, organitzatiu i tecnològic. Per facilitar que aquest procés es desenvolupi de forma harmònica, és necessari un Pla TAC específic que formi part del projecte educatiu del centre.</p>
<p><a href="https://agora.xtec.cat/escolaelfar/wp-content/uploads/usu1878/2020/06/PLA-TAC-2020.pdf" target="_blank" rel="noopener noreferrer">PLA TAC DE L&#8217;ESCOLA EL FAR </a></p>

<p>El Pla TAC és un instrument per formalitzar la governança de la tecnologia en el marc de l’autonomia de centre [&hellip;]</p>
