{"id":785,"date":"2018-11-19T15:32:10","date_gmt":"2018-11-19T14:32:10","guid":{"rendered":"https:\/\/agora.xtec.cat\/escolaelfar\/?page_id=785"},"modified":"2021-09-01T20:01:58","modified_gmt":"2021-09-01T18:01:58","slug":"projecte-educatiu-2","status":"publish","type":"page","link":"https:\/\/agora.xtec.cat\/escolaelfar\/projecte-educatiu\/projecte-educatiu-2\/","title":{"rendered":"Projecte Educatiu de Centre (PEC)"},"content":{"rendered":"<p><span style=\"text-decoration: underline;\"><strong><a href=\"https:\/\/agora.xtec.cat\/escolaelfar\/wp-content\/uploads\/usu1878\/2021\/09\/PEC-2021.pdf\"><img loading=\"lazy\" decoding=\"async\" class=\"alignnone size-full wp-image-2922\" src=\"https:\/\/agora.xtec.cat\/escolaelfar\/wp-content\/uploads\/usu1878\/2020\/02\/compartir-il.lusions.jpg\" alt=\"\" width=\"960\" height=\"292\" srcset=\"https:\/\/agora.xtec.cat\/escolaelfar\/wp-content\/uploads\/usu1878\/2020\/02\/compartir-il.lusions.jpg 960w, https:\/\/agora.xtec.cat\/escolaelfar\/wp-content\/uploads\/usu1878\/2020\/02\/compartir-il.lusions-300x91.jpg 300w, https:\/\/agora.xtec.cat\/escolaelfar\/wp-content\/uploads\/usu1878\/2020\/02\/compartir-il.lusions-768x234.jpg 768w\" sizes=\"auto, (max-width: 960px) 100vw, 960px\" \/><\/a><\/strong><\/span><\/p>\n<p><strong>\u00a0<\/strong><\/p>\n<p>L\u2019escola EL FAR \u00e9s un <strong>centre de titularitat p\u00fablica<\/strong> que es defineix com a <strong>inclusiva<\/strong>, <strong>laica i respectuosa<\/strong> <strong>amb la pluralitat<\/strong>, trets definidors del seu car\u00e0cter propi i recull els principis rectors i de car\u00e0cter propis de l&#8217;escola publica catalana del sistema educatiu.<\/p>\n<p><strong>TRETS D\u2019IDENTITAT DEL PEC<\/strong><\/p>\n<p><strong>L\u2019Escola EL FAR<\/strong><\/p>\n<ol>\n<li>Forma persones aut\u00f2nomes, responsables, amb criteri propi i valors \u00e8tics<\/li>\n<li>Forma persones per conviure amb respecte, comprensi\u00f3, pau i harmonia amb tothom i amb l\u2019entorn<\/li>\n<li>Forma persones que aprenguin a con\u00e8ixer i a fer<\/li>\n<li>Protegeix l\u2019equitat, la inclusi\u00f3, l\u2019excel\u00b7l\u00e8ncia i la igualtat de g\u00e8nere<\/li>\n<li>5.Vetlla per la millora continua dels professionals<\/li>\n<li>Est\u00e0 al costat de les fam\u00edlies en l\u2019educaci\u00f3 dels seus fills<\/li>\n<\/ol>\n<p><strong>\u00a0 \u00a0 \u00a0 OBJECTIUS DEL PEC<\/strong><\/p>\n<p>1Actualitzar el Projecte educatiu del centre perqu\u00e8 la nostra escola esdevingui en els seus principis i a la pr\u00e0ctica una <strong>ESCOLA DEL SEGLE XXI<\/strong> i fer-ne la difusi\u00f3 a l\u2019entorn.<\/p>\n<ol start=\"2\">\n<li>Consolidar un <strong>Projecte pluriling\u00fce<\/strong> que tingui\u00a0 la llengua catalana com a llengua efectiva de comunicaci\u00f3 i l\u2019alumnat avanci el m\u00e0xim possible en els domini de les tres lleng\u00fces: Catal\u00e0, Castell\u00e0 i Angl\u00e8s<\/li>\n<li>Incrementar les <strong>vocacions cient\u00edfiques<\/strong> dels nostres alumnes aix\u00ed que l\u2019alumnat avanci en la comprensi\u00f3 i el respecte a <strong>l\u2019entorn natural i social<\/strong> \u00a0i a la sensibilitat art\u00edstica\u00a0 i sostenibilitat<\/li>\n<li>Dotar als nostre alumnat de la formaci\u00f3 necess\u00e0ria per utilitzar\u00a0 les <strong>noves tecnologies<\/strong> i el seus \u00fas responsable en col\u00b7laboraci\u00f3 amb les fam\u00edlies<\/li>\n<li>Ampliar els aprenentatges competencials de l\u2019alumnat amb l\u2019increment de l\u2019aprenentatge cooperatiu en el <strong>treball per\u00a0 projectes<\/strong> i les pr\u00e0ctiques <strong>d\u2019autoavaluaci\u00f3 i coavaluaci\u00f3<\/strong>.<\/li>\n<li>Avan\u00e7ar en la promoci\u00f3 de <strong style=\"font-family: inherit; font-size: 1em;\">l\u2019autonomia, educaci\u00f3 emocional, l\u2019emprenedoria \u00a0\u00a0i l\u2019autoestima de l\u2019alumnat<\/strong><span style=\"font-family: inherit; font-size: 1em;\">.<\/span><\/li>\n<li>Refor\u00e7ar les <strong style=\"font-family: inherit; font-size: 1em;\">pr\u00e0ctiques inclusives i el pensament cr\u00edtic <\/strong><span style=\"font-family: inherit; font-size: 1em;\">perqu\u00e8 cada alumne pugui donar al m\u00e0xim<\/span><\/li>\n<li>Augmentar els lligams de <strong style=\"font-family: inherit; font-size: 1em;\">conviv\u00e8ncia<\/strong><span style=\"font-family: inherit; font-size: 1em;\"> entre tots els membres de la comunitat escolar perqu\u00e8 les relacions humanes siguin gratificants.<\/span><\/li>\n<li><strong style=\"font-family: inherit; font-size: 1em;\">Col\u00b7laborar amb les fam\u00edlies<\/strong><span style=\"font-family: inherit; font-size: 1em;\"> fent-les sentir part\u00edcips dels aprenentatges dels seus fills<\/span><\/li>\n<li>Mantenir la <strong style=\"font-family: inherit; font-size: 1em;\">motivaci\u00f3 dels membres de la comunitat escolar<\/strong><span style=\"font-family: inherit; font-size: 1em;\"> (professorat, alumnat, fam\u00edlies, PAS, TEI, serveis,etc.) l\u2019obertura als nous reptes i oportunitats <\/span><strong style=\"font-family: inherit; font-size: 1em;\">d\u2019innovar i l\u2019avaluaci\u00f3<\/strong><span style=\"font-family: inherit; font-size: 1em;\"> per rectificar, sempre que calgui.<\/span><\/li>\n<\/ol>\n<p>Podeu accedir al document extens en aquest enlla\u00e7 , <a href=\"https:\/\/agora.xtec.cat\/escolaelfar\/wp-content\/uploads\/usu1878\/2021\/09\/PEC-2021.pdf\">PEC 2021 o clicant damunt l&#8217;imatge<\/a><\/p>\n","protected":false},"excerpt":{"rendered":"<p>\u00a0 L\u2019escola EL FAR \u00e9s un centre de titularitat p\u00fablica que es defineix com a inclusiva, laica i respectuosa amb [&hellip;]<\/p>\n","protected":false},"author":80,"featured_media":0,"parent":64,"menu_order":1,"comment_status":"closed","ping_status":"closed","template":"page-templates\/side-menu.php","meta":{"_bbp_topic_count":0,"_bbp_reply_count":0,"_bbp_total_topic_count":0,"_bbp_total_reply_count":0,"_bbp_voice_count":0,"_bbp_anonymous_reply_count":0,"_bbp_topic_count_hidden":0,"_bbp_reply_count_hidden":0,"_bbp_forum_subforum_count":0,"site-sidebar-layout":"default","site-content-layout":"","ast-site-content-layout":"","site-content-style":"default","site-sidebar-style":"default","ast-global-header-display":"","ast-banner-title-visibility":"","ast-main-header-display":"","ast-hfb-above-header-display":"","ast-hfb-below-header-display":"","ast-hfb-mobile-header-display":"","site-post-title":"","ast-breadcrumbs-content":"","ast-featured-img":"","footer-sml-layout":"","theme-transparent-header-meta":"","adv-header-id-meta":"","stick-header-meta":"","header-above-stick-meta":"","header-main-stick-meta":"","header-below-stick-meta":"","astra-migrate-meta-layouts":"default","ast-page-background-enabled":"default","ast-page-background-meta":{"desktop":{"background-color":"var(--ast-global-color-4)","background-image":"","background-repeat":"repeat","background-position":"center center","background-size":"auto","background-attachment":"scroll","background-type":"","background-media":"","overlay-type":"","overlay-color":"","overlay-opacity":"","overlay-gradient":""},"tablet":{"background-color":"","background-image":"","background-repeat":"repeat","background-position":"center center","background-size":"auto","background-attachment":"scroll","background-type":"","background-media":"","overlay-type":"","overlay-color":"","overlay-opacity":"","overlay-gradient":""},"mobile":{"background-color":"","background-image":"","background-repeat":"repeat","background-position":"center center","background-size":"auto","background-attachment":"scroll","background-type":"","background-media":"","overlay-type":"","overlay-color":"","overlay-opacity":"","overlay-gradient":""}},"ast-content-background-meta":{"desktop":{"background-color":"var(--ast-global-color-5)","background-image":"","background-repeat":"repeat","background-position":"center center","background-size":"auto","background-attachment":"scroll","background-type":"","background-media":"","overlay-type":"","overlay-color":"","overlay-opacity":"","overlay-gradient":""},"tablet":{"background-color":"var(--ast-global-color-5)","background-image":"","background-repeat":"repeat","background-position":"center center","background-size":"auto","background-attachment":"scroll","background-type":"","background-media":"","overlay-type":"","overlay-color":"","overlay-opacity":"","overlay-gradient":""},"mobile":{"background-color":"var(--ast-global-color-5)","background-image":"","background-repeat":"repeat","background-position":"center center","background-size":"auto","background-attachment":"scroll","background-type":"","background-media":"","overlay-type":"","overlay-color":"","overlay-opacity":"","overlay-gradient":""}},"footnotes":""},"class_list":["post-785","page","type-page","status-publish","hentry"],"post_mailing_queue_ids":[],"_links":{"self":[{"href":"https:\/\/agora.xtec.cat\/escolaelfar\/wp-json\/wp\/v2\/pages\/785","targetHints":{"allow":["GET"]}}],"collection":[{"href":"https:\/\/agora.xtec.cat\/escolaelfar\/wp-json\/wp\/v2\/pages"}],"about":[{"href":"https:\/\/agora.xtec.cat\/escolaelfar\/wp-json\/wp\/v2\/types\/page"}],"author":[{"embeddable":true,"href":"https:\/\/agora.xtec.cat\/escolaelfar\/wp-json\/wp\/v2\/users\/80"}],"replies":[{"embeddable":true,"href":"https:\/\/agora.xtec.cat\/escolaelfar\/wp-json\/wp\/v2\/comments?post=785"}],"version-history":[{"count":3,"href":"https:\/\/agora.xtec.cat\/escolaelfar\/wp-json\/wp\/v2\/pages\/785\/revisions"}],"predecessor-version":[{"id":20822,"href":"https:\/\/agora.xtec.cat\/escolaelfar\/wp-json\/wp\/v2\/pages\/785\/revisions\/20822"}],"up":[{"embeddable":true,"href":"https:\/\/agora.xtec.cat\/escolaelfar\/wp-json\/wp\/v2\/pages\/64"}],"wp:attachment":[{"href":"https:\/\/agora.xtec.cat\/escolaelfar\/wp-json\/wp\/v2\/media?parent=785"}],"curies":[{"name":"wp","href":"https:\/\/api.w.org\/{rel}","templated":true}]}}

<p><span style="text-decoration: underline;"><strong><a href="https://agora.xtec.cat/escolaelfar/wp-content/uploads/usu1878/2021/09/PEC-2021.pdf"><img loading="lazy" decoding="async" class="alignnone size-full wp-image-2922" src="https://agora.xtec.cat/escolaelfar/wp-content/uploads/usu1878/2020/02/compartir-il.lusions.jpg" alt="" width="960" height="292" srcset="https://agora.xtec.cat/escolaelfar/wp-content/uploads/usu1878/2020/02/compartir-il.lusions.jpg 960w, https://agora.xtec.cat/escolaelfar/wp-content/uploads/usu1878/2020/02/compartir-il.lusions-300x91.jpg 300w, https://agora.xtec.cat/escolaelfar/wp-content/uploads/usu1878/2020/02/compartir-il.lusions-768x234.jpg 768w" sizes="auto, (max-width: 960px) 100vw, 960px" /></a></strong></span></p>
<p><strong> </strong></p>
<p>L’escola EL FAR és un <strong>centre de titularitat pública</strong> que es defineix com a <strong>inclusiva</strong>, <strong>laica i respectuosa</strong> <strong>amb la pluralitat</strong>, trets definidors del seu caràcter propi i recull els principis rectors i de caràcter propis de l&#8217;escola publica catalana del sistema educatiu.</p>
<p><strong>TRETS D’IDENTITAT DEL PEC</strong></p>
<p><strong>L’Escola EL FAR</strong></p>
<ol>
<li>Forma persones autònomes, responsables, amb criteri propi i valors ètics</li>
<li>Forma persones per conviure amb respecte, comprensió, pau i harmonia amb tothom i amb l’entorn</li>
<li>Forma persones que aprenguin a conèixer i a fer</li>
<li>Protegeix l’equitat, la inclusió, l’excel·lència i la igualtat de gènere</li>
<li>5.Vetlla per la millora continua dels professionals</li>
<li>Està al costat de les famílies en l’educació dels seus fills</li>
</ol>
<p><strong>      OBJECTIUS DEL PEC</strong></p>
<p>1Actualitzar el Projecte educatiu del centre perquè la nostra escola esdevingui en els seus principis i a la pràctica una <strong>ESCOLA DEL SEGLE XXI</strong> i fer-ne la difusió a l’entorn.</p>
<ol start="2">
<li>Consolidar un <strong>Projecte plurilingüe</strong> que tingui  la llengua catalana com a llengua efectiva de comunicació i l’alumnat avanci el màxim possible en els domini de les tres llengües: Català, Castellà i Anglès</li>
<li>Incrementar les <strong>vocacions científiques</strong> dels nostres alumnes així que l’alumnat avanci en la comprensió i el respecte a <strong>l’entorn natural i social</strong>  i a la sensibilitat artística  i sostenibilitat</li>
<li>Dotar als nostre alumnat de la formació necessària per utilitzar  les <strong>noves tecnologies</strong> i el seus ús responsable en col·laboració amb les famílies</li>
<li>Ampliar els aprenentatges competencials de l’alumnat amb l’increment de l’aprenentatge cooperatiu en el <strong>treball per  projectes</strong> i les pràctiques <strong>d’autoavaluació i coavaluació</strong>.</li>
<li>Avançar en la promoció de <strong style="font-family: inherit; font-size: 1em;">l’autonomia, educació emocional, l’emprenedoria   i l’autoestima de l’alumnat</strong><span style="font-family: inherit; font-size: 1em;">.</span></li>
<li>Reforçar les <strong style="font-family: inherit; font-size: 1em;">pràctiques inclusives i el pensament crític </strong><span style="font-family: inherit; font-size: 1em;">perquè cada alumne pugui donar al màxim</span></li>
<li>Augmentar els lligams de <strong style="font-family: inherit; font-size: 1em;">convivència</strong><span style="font-family: inherit; font-size: 1em;"> entre tots els membres de la comunitat escolar perquè les relacions humanes siguin gratificants.</span></li>
<li><strong style="font-family: inherit; font-size: 1em;">Col·laborar amb les famílies</strong><span style="font-family: inherit; font-size: 1em;"> fent-les sentir partícips dels aprenentatges dels seus fills</span></li>
<li>Mantenir la <strong style="font-family: inherit; font-size: 1em;">motivació dels membres de la comunitat escolar</strong><span style="font-family: inherit; font-size: 1em;"> (professorat, alumnat, famílies, PAS, TEI, serveis,etc.) l’obertura als nous reptes i oportunitats </span><strong style="font-family: inherit; font-size: 1em;">d’innovar i l’avaluació</strong><span style="font-family: inherit; font-size: 1em;"> per rectificar, sempre que calgui.</span></li>
</ol>
<p>Podeu accedir al document extens en aquest enllaç , <a href="https://agora.xtec.cat/escolaelfar/wp-content/uploads/usu1878/2021/09/PEC-2021.pdf">PEC 2021 o clicant damunt l&#8217;imatge</a></p>

<p>  L’escola EL FAR és un centre de titularitat pública que es defineix com a inclusiva, laica i respectuosa amb [&hellip;]</p>
