{"id":28,"date":"2014-09-18T12:29:35","date_gmt":"2014-09-18T11:29:35","guid":{"rendered":"http:\/\/agora.xtec.cat\/escolaelfar\/?page_id=28"},"modified":"2026-04-13T11:04:40","modified_gmt":"2026-04-13T09:04:40","slug":"consell-escolar","status":"publish","type":"page","link":"https:\/\/agora.xtec.cat\/escolaelfar\/lescola\/consell-escolar\/","title":{"rendered":"Consell escolar"},"content":{"rendered":"\n<p>El <em><strong>Consell escolar<\/strong><\/em> &nbsp;\u00e9s l&#8217;\u00f2rgan col\u00b7legiat de participaci\u00f3 dels diferents sectors de la comunitat educativa en el govern dels centres.<\/p>\n\n\n\n<p>El formen els representants de tota la comunitat educativa, \u00e9s a dir, direcci\u00f3, professors, alumnes, fam\u00edlies, personal d&#8217;administraci\u00f3 i serveis, representant de l&#8217;administraci\u00f3 local i altres persones que el mateix consell consideri necess\u00e0ries.<\/p>\n\n\n\n<p>El consell escolar de cada centre ha de designar un dels membres com a responsable per impulsar les mesures educatives de foment de la igualtat real i efectiva entre homes i dones.<\/p>\n\n\n\n<p><strong><u>FUNCIONS CONSELL ESCOLAR<\/u><\/strong><\/p>\n\n\n\n<p>Corresponen al consell escolar les funcions seg\u00fcents:<\/p>\n\n\n\n<ul class=\"wp-block-list\">\n<li><strong>Aprovar el projecte educatiu (PEC)<\/strong>\u00a0i les modificacions corresponents per una majoria de tres cinquenes parts dels membres.<\/li>\n\n\n\n<li><strong>Aprovar la programaci\u00f3 general anual del centre (PGAC)<\/strong> i <strong>avaluar-ne el desenvolupament i els resultats<\/strong>.<\/li>\n\n\n\n<li>Aprovar les propostes d&#8217;acords de corresponsabilitat, convenis i altres acords de col\u00b7laboraci\u00f3 del centre amb entitats o institucions.<\/li>\n\n\n\n<li><strong>Aprovar les normes d&#8217;organitzaci\u00f3 i funcionament<\/strong> <strong>(NOFC)<\/strong> i les modificacions corresponents.<\/li>\n\n\n\n<li><strong>Aprovar la carta de comprom\u00eds educatiu<\/strong>.<\/li>\n\n\n\n<li><strong>Aprovar el pressupost del centre i el rendiment de comptes<\/strong>.<\/li>\n\n\n\n<li>Intervenir en el procediment d&#8217;<strong>admissi\u00f3 d&#8217;alumnes<\/strong>.<\/li>\n\n\n\n<li>Participar en el procediment de selecci\u00f3 i en la proposta de cessament del director o directora.<\/li>\n\n\n\n<li>Intervenir en la <strong>resoluci\u00f3 dels conflictes i, si escau, revisar les sancions als alumnes<\/strong>.<\/li>\n\n\n\n<li>Aprovar les directrius per a la programaci\u00f3 d&#8217;activitats <strong>escolars complement\u00e0ries i d&#8217;activitats extraescolars<\/strong>, i avaluar-ne el desenvolupament.<\/li>\n\n\n\n<li>Participar en les an\u00e0lisis i les avaluacions del funcionament general del centre i <strong>con\u00e8ixer l&#8217;evoluci\u00f3 del rendiment escolar<\/strong>.<\/li>\n\n\n\n<li><strong>Aprovar els criteris de col\u00b7laboraci\u00f3<\/strong> amb altres centres i amb l&#8217;entorn.<\/li>\n\n\n\n<li>Qualsevol altra que li sigui atribu\u00efda per les normes legals o reglament\u00e0ries.<\/li>\n<\/ul>\n\n\n\n<p><strong><span style=\"text-decoration: underline;\">MEMBRES CONSELL ESCOLAR ESCOLA EL FAR<\/span><\/strong><\/p>\n\n\n\n<figure class=\"wp-block-image size-full\"><a href=\"https:\/\/agora.xtec.cat\/escolaelfar\/wp-content\/uploads\/usu1878\/2026\/04\/image-1.png\"><img loading=\"lazy\" decoding=\"async\" width=\"894\" height=\"610\" src=\"https:\/\/agora.xtec.cat\/escolaelfar\/wp-content\/uploads\/usu1878\/2026\/04\/image-1.png\" alt=\"\" class=\"wp-image-24451\" srcset=\"https:\/\/agora.xtec.cat\/escolaelfar\/wp-content\/uploads\/usu1878\/2026\/04\/image-1.png 894w, https:\/\/agora.xtec.cat\/escolaelfar\/wp-content\/uploads\/usu1878\/2026\/04\/image-1-300x205.png 300w, https:\/\/agora.xtec.cat\/escolaelfar\/wp-content\/uploads\/usu1878\/2026\/04\/image-1-768x524.png 768w\" sizes=\"auto, (max-width: 894px) 100vw, 894px\" \/><\/a><\/figure>\n\n\n\n<p><span style=\"text-decoration: underline;\"><span style=\"font-weight: 400;\">Comissi\u00f3 de menjador escolar<\/span><\/span><span style=\"font-weight: 400;\">: (AFA) Fara CT, (sector mestres) Patricia OL,<\/span><\/p>\n\n\n\n<p><span style=\"font-weight: 400;\">(sector pares i mares) Juan Carlos RG, Equip Directiu i convidada la coordinadora de menjador.<\/span><\/p>\n\n\n\n<p><span style=\"text-decoration: underline;\"><span style=\"font-weight: 400;\">Comissi\u00f3 econ\u00f2mica<\/span><\/span><span style=\"font-weight: 400;\">: (sector mestres) Paqui EA, (sector pares i mares)<\/span><\/p>\n\n\n\n<p><span style=\"font-weight: 400;\">Monika S, secret\u00e0ria i directora.<\/span><\/p>\n\n\n\n<p><span style=\"text-decoration: underline;\"><span style=\"font-weight: 400;\">Comissi\u00f3 conviv\u00e8ncia<\/span><\/span><span style=\"font-weight: 400;\">: (AFA) Fara CT, (sector pares i mares) Eug\u00e8nia JM, (sector<\/span><\/p>\n\n\n\n<p><span style=\"font-weight: 400;\">mestres)Mar ML, (mestra atenci\u00f3 a la diversitat) Marina BP, cap d\u2019estudis i<\/span><\/p>\n\n\n\n<p><span style=\"font-weight: 400;\">directora.<\/span><\/p>\n\n\n\n<p><span style=\"text-decoration: underline;\"><span style=\"font-weight: 400;\">Representants al consell escolar municipal<\/span><\/span><span style=\"font-weight: 400;\">: (AFA) Fara CT, (sector mestres) S\u00edlvia<\/span><\/p>\n\n\n\n<p><span style=\"font-weight: 400;\">RF i equip directiu.<\/span><\/p>\n\n\n\n<p><span style=\"text-decoration: underline;\"><span style=\"font-weight: 400;\">NOVA Comissi\u00f3 permanent<\/span><\/span><span style=\"font-weight: 400;\">: (AFA) Fara CT, (sector mestres) S\u00edlvia RF,<\/span><\/p>\n\n\n\n<p><span style=\"font-weight: 400;\">(sector pares i mares) Griselda MM, (sector administraci\u00f3) Mariceli SV i<\/span><\/p>\n\n\n\n<p><span style=\"font-weight: 400;\">(sector PAS) Oscar UL i Equip Directiu.<\/span><\/p>\n\n\n\n<p><span style=\"text-decoration: underline;\"><span style=\"font-weight: 400;\">Responsable de coeducaci\u00f3<\/span><\/span><span style=\"font-weight: 400;\">: Marina Borr\u00e0s.<\/span><\/p>\n\n\n\n<p><span style=\"text-decoration: underline;\">CONSELL ESCOLAR CURS 25-26<\/span><\/p>\n\n\n\n<p><a href=\"https:\/\/agora.xtec.cat\/escolaelfar\/wp-content\/uploads\/usu1878\/2026\/04\/01_28-dOCTURE-de-2025.pdf\" target=\"_blank\" rel=\"noopener\">28 d&#8217;octubre<\/a><\/p>\n\n\n\n<p><a href=\"https:\/\/agora.xtec.cat\/escolaelfar\/wp-content\/uploads\/usu1878\/2026\/04\/02_9-de-DESEMBRE-de-2025.pdf\" target=\"_blank\" rel=\"noopener\">9 de desembre<\/a><\/p>\n\n\n\n<p><a href=\"https:\/\/agora.xtec.cat\/escolaelfar\/wp-content\/uploads\/usu1878\/2026\/04\/03_27-de-GENER-de-2026.pdf\" target=\"_blank\" rel=\"noopener\">27 de gener<\/a><\/p>\n\n\n\n<p><span style=\"text-decoration: underline;\">CONSELL ESCOLAR CURS 24-25<\/span><\/p>\n\n\n\n<p><strong><a href=\"https:\/\/drive.google.com\/file\/d\/1oMVnimaoIjS3TPn8f67gDeMxLJpAC3fn\/view?usp=drive_link\" target=\"_blank\" rel=\"noopener\">29 d&#8217;octubre<\/a><\/strong><\/p>\n\n\n\n<p><strong><a href=\"https:\/\/drive.google.com\/file\/d\/16V2wZSIe9TIZGvxfJSuUTPkITPCbqg1V\/view?usp=drive_link\" target=\"_blank\" rel=\"noopener\">28 de gener<\/a><\/strong><\/p>\n\n\n\n<p><strong><a href=\"https:\/\/drive.google.com\/file\/d\/1YAGCsy_sbh4zfNxuFzP7LL00AcDvAqkw\/view?usp=drive_link\">11 de mar\u00e7<\/a><\/strong><\/p>\n\n\n\n<p><span style=\"text-decoration: underline;\">CONSELL ESCOLAR CURS 23-24<\/span><\/p>\n\n\n\n<p><strong><a href=\"https:\/\/drive.google.com\/file\/d\/19ZLiSNRYZAkRRSrm8rUg1bKRLHE1CCli\/view?usp=drive_link\">12 de desembre<\/a><\/strong><\/p>\n\n\n\n<p><strong><a href=\"https:\/\/drive.google.com\/file\/d\/1Iqn-mfL2u_j3ryQ2hZaATBo84-sawzRG\/view?usp=drive_link\" target=\"_blank\" rel=\"noopener\">23 d&#8217;octubre<\/a><\/strong><\/p>\n\n\n\n<p><strong><a href=\"https:\/\/drive.google.com\/file\/d\/1jbWMeC8FJicDhiOqLa0TBpFdnsvMxNxi\/view?usp=drive_link\" target=\"_blank\" rel=\"noopener\">29 de gener<\/a><\/strong><\/p>\n\n\n\n<p><span style=\"text-decoration: underline;\">CONSELL ESCOLAR CURS 22-23<\/span><\/p>\n\n\n\n<p><strong><a href=\"https:\/\/drive.google.com\/file\/d\/1C41z6uZ0hdXbGY4oZfUhYvooaKyg2gKt\/view?usp=share_link\" target=\"_blank\" rel=\"noopener\">24 d&#8217;octubre<\/a><\/strong><\/p>\n\n\n\n<p><strong><a href=\"https:\/\/drive.google.com\/file\/d\/1aiaO59FHGQvz906cVB58yMANFDEcFOVh\/view?usp=share_link\" target=\"_blank\" rel=\"noopener\">13 de desembre<\/a><\/strong><\/p>\n\n\n\n<p><strong><a href=\"https:\/\/drive.google.com\/file\/d\/1x0kJ-EVZOSOCQg9XN6xNNDWJPuZ0rZe2\/view?usp=share_link\" target=\"_blank\" rel=\"noopener\">13 de mar\u00e7<\/a><\/strong><\/p>\n","protected":false},"excerpt":{"rendered":"<p>El Consell escolar &nbsp;\u00e9s l&#8217;\u00f2rgan col\u00b7legiat de participaci\u00f3 dels diferents sectors de la comunitat educativa en el govern dels centres. [&hellip;]<\/p>\n","protected":false},"author":1,"featured_media":0,"parent":22,"menu_order":30,"comment_status":"closed","ping_status":"closed","template":"","meta":{"_bbp_topic_count":0,"_bbp_reply_count":0,"_bbp_total_topic_count":0,"_bbp_total_reply_count":0,"_bbp_voice_count":0,"_bbp_anonymous_reply_count":0,"_bbp_topic_count_hidden":0,"_bbp_reply_count_hidden":0,"_bbp_forum_subforum_count":0,"site-sidebar-layout":"default","site-content-layout":"","ast-site-content-layout":"default","site-content-style":"default","site-sidebar-style":"default","ast-global-header-display":"","ast-banner-title-visibility":"","ast-main-header-display":"","ast-hfb-above-header-display":"","ast-hfb-below-header-display":"","ast-hfb-mobile-header-display":"","site-post-title":"","ast-breadcrumbs-content":"","ast-featured-img":"","footer-sml-layout":"","theme-transparent-header-meta":"","adv-header-id-meta":"","stick-header-meta":"","header-above-stick-meta":"","header-main-stick-meta":"","header-below-stick-meta":"","astra-migrate-meta-layouts":"set","ast-page-background-enabled":"default","ast-page-background-meta":{"desktop":{"background-color":"var(--ast-global-color-4)","background-image":"","background-repeat":"repeat","background-position":"center center","background-size":"auto","background-attachment":"scroll","background-type":"","background-media":"","overlay-type":"","overlay-color":"","overlay-opacity":"","overlay-gradient":""},"tablet":{"background-color":"","background-image":"","background-repeat":"repeat","background-position":"center center","background-size":"auto","background-attachment":"scroll","background-type":"","background-media":"","overlay-type":"","overlay-color":"","overlay-opacity":"","overlay-gradient":""},"mobile":{"background-color":"","background-image":"","background-repeat":"repeat","background-position":"center center","background-size":"auto","background-attachment":"scroll","background-type":"","background-media":"","overlay-type":"","overlay-color":"","overlay-opacity":"","overlay-gradient":""}},"ast-content-background-meta":{"desktop":{"background-color":"var(--ast-global-color-5)","background-image":"","background-repeat":"repeat","background-position":"center center","background-size":"auto","background-attachment":"scroll","background-type":"","background-media":"","overlay-type":"","overlay-color":"","overlay-opacity":"","overlay-gradient":""},"tablet":{"background-color":"var(--ast-global-color-5)","background-image":"","background-repeat":"repeat","background-position":"center center","background-size":"auto","background-attachment":"scroll","background-type":"","background-media":"","overlay-type":"","overlay-color":"","overlay-opacity":"","overlay-gradient":""},"mobile":{"background-color":"var(--ast-global-color-5)","background-image":"","background-repeat":"repeat","background-position":"center center","background-size":"auto","background-attachment":"scroll","background-type":"","background-media":"","overlay-type":"","overlay-color":"","overlay-opacity":"","overlay-gradient":""}},"footnotes":""},"class_list":["post-28","page","type-page","status-publish","hentry"],"post_mailing_queue_ids":[],"_links":{"self":[{"href":"https:\/\/agora.xtec.cat\/escolaelfar\/wp-json\/wp\/v2\/pages\/28","targetHints":{"allow":["GET"]}}],"collection":[{"href":"https:\/\/agora.xtec.cat\/escolaelfar\/wp-json\/wp\/v2\/pages"}],"about":[{"href":"https:\/\/agora.xtec.cat\/escolaelfar\/wp-json\/wp\/v2\/types\/page"}],"author":[{"embeddable":true,"href":"https:\/\/agora.xtec.cat\/escolaelfar\/wp-json\/wp\/v2\/users\/1"}],"replies":[{"embeddable":true,"href":"https:\/\/agora.xtec.cat\/escolaelfar\/wp-json\/wp\/v2\/comments?post=28"}],"version-history":[{"count":6,"href":"https:\/\/agora.xtec.cat\/escolaelfar\/wp-json\/wp\/v2\/pages\/28\/revisions"}],"predecessor-version":[{"id":24452,"href":"https:\/\/agora.xtec.cat\/escolaelfar\/wp-json\/wp\/v2\/pages\/28\/revisions\/24452"}],"up":[{"embeddable":true,"href":"https:\/\/agora.xtec.cat\/escolaelfar\/wp-json\/wp\/v2\/pages\/22"}],"wp:attachment":[{"href":"https:\/\/agora.xtec.cat\/escolaelfar\/wp-json\/wp\/v2\/media?parent=28"}],"curies":[{"name":"wp","href":"https:\/\/api.w.org\/{rel}","templated":true}]}}

<p>El <em><strong>Consell escolar</strong></em> &nbsp;és l&#8217;òrgan col·legiat de participació dels diferents sectors de la comunitat educativa en el govern dels centres.</p>



<p>El formen els representants de tota la comunitat educativa, és a dir, direcció, professors, alumnes, famílies, personal d&#8217;administració i serveis, representant de l&#8217;administració local i altres persones que el mateix consell consideri necessàries.</p>



<p>El consell escolar de cada centre ha de designar un dels membres com a responsable per impulsar les mesures educatives de foment de la igualtat real i efectiva entre homes i dones.</p>



<p><strong><u>FUNCIONS CONSELL ESCOLAR</u></strong></p>



<p>Corresponen al consell escolar les funcions següents:</p>



<ul class="wp-block-list">
<li><strong>Aprovar el projecte educatiu (PEC)</strong> i les modificacions corresponents per una majoria de tres cinquenes parts dels membres.</li>



<li><strong>Aprovar la programació general anual del centre (PGAC)</strong> i <strong>avaluar-ne el desenvolupament i els resultats</strong>.</li>



<li>Aprovar les propostes d&#8217;acords de corresponsabilitat, convenis i altres acords de col·laboració del centre amb entitats o institucions.</li>



<li><strong>Aprovar les normes d&#8217;organització i funcionament</strong> <strong>(NOFC)</strong> i les modificacions corresponents.</li>



<li><strong>Aprovar la carta de compromís educatiu</strong>.</li>



<li><strong>Aprovar el pressupost del centre i el rendiment de comptes</strong>.</li>



<li>Intervenir en el procediment d&#8217;<strong>admissió d&#8217;alumnes</strong>.</li>



<li>Participar en el procediment de selecció i en la proposta de cessament del director o directora.</li>



<li>Intervenir en la <strong>resolució dels conflictes i, si escau, revisar les sancions als alumnes</strong>.</li>



<li>Aprovar les directrius per a la programació d&#8217;activitats <strong>escolars complementàries i d&#8217;activitats extraescolars</strong>, i avaluar-ne el desenvolupament.</li>



<li>Participar en les anàlisis i les avaluacions del funcionament general del centre i <strong>conèixer l&#8217;evolució del rendiment escolar</strong>.</li>



<li><strong>Aprovar els criteris de col·laboració</strong> amb altres centres i amb l&#8217;entorn.</li>



<li>Qualsevol altra que li sigui atribuïda per les normes legals o reglamentàries.</li>
</ul>



<p><strong><span style="text-decoration: underline;">MEMBRES CONSELL ESCOLAR ESCOLA EL FAR</span></strong></p>



<figure class="wp-block-image size-full"><a href="https://agora.xtec.cat/escolaelfar/wp-content/uploads/usu1878/2026/04/image-1.png"><img loading="lazy" decoding="async" width="894" height="610" src="https://agora.xtec.cat/escolaelfar/wp-content/uploads/usu1878/2026/04/image-1.png" alt="" class="wp-image-24451" srcset="https://agora.xtec.cat/escolaelfar/wp-content/uploads/usu1878/2026/04/image-1.png 894w, https://agora.xtec.cat/escolaelfar/wp-content/uploads/usu1878/2026/04/image-1-300x205.png 300w, https://agora.xtec.cat/escolaelfar/wp-content/uploads/usu1878/2026/04/image-1-768x524.png 768w" sizes="auto, (max-width: 894px) 100vw, 894px" /></a></figure>



<p><span style="text-decoration: underline;"><span style="font-weight: 400;">Comissió de menjador escolar</span></span><span style="font-weight: 400;">: (AFA) Fara CT, (sector mestres) Patricia OL,</span></p>



<p><span style="font-weight: 400;">(sector pares i mares) Juan Carlos RG, Equip Directiu i convidada la coordinadora de menjador.</span></p>



<p><span style="text-decoration: underline;"><span style="font-weight: 400;">Comissió econòmica</span></span><span style="font-weight: 400;">: (sector mestres) Paqui EA, (sector pares i mares)</span></p>



<p><span style="font-weight: 400;">Monika S, secretària i directora.</span></p>



<p><span style="text-decoration: underline;"><span style="font-weight: 400;">Comissió convivència</span></span><span style="font-weight: 400;">: (AFA) Fara CT, (sector pares i mares) Eugènia JM, (sector</span></p>



<p><span style="font-weight: 400;">mestres)Mar ML, (mestra atenció a la diversitat) Marina BP, cap d’estudis i</span></p>



<p><span style="font-weight: 400;">directora.</span></p>



<p><span style="text-decoration: underline;"><span style="font-weight: 400;">Representants al consell escolar municipal</span></span><span style="font-weight: 400;">: (AFA) Fara CT, (sector mestres) Sílvia</span></p>



<p><span style="font-weight: 400;">RF i equip directiu.</span></p>



<p><span style="text-decoration: underline;"><span style="font-weight: 400;">NOVA Comissió permanent</span></span><span style="font-weight: 400;">: (AFA) Fara CT, (sector mestres) Sílvia RF,</span></p>



<p><span style="font-weight: 400;">(sector pares i mares) Griselda MM, (sector administració) Mariceli SV i</span></p>



<p><span style="font-weight: 400;">(sector PAS) Oscar UL i Equip Directiu.</span></p>



<p><span style="text-decoration: underline;"><span style="font-weight: 400;">Responsable de coeducació</span></span><span style="font-weight: 400;">: Marina Borràs.</span></p>



<p><span style="text-decoration: underline;">CONSELL ESCOLAR CURS 25-26</span></p>



<p><a href="https://agora.xtec.cat/escolaelfar/wp-content/uploads/usu1878/2026/04/01_28-dOCTURE-de-2025.pdf" target="_blank" rel="noopener">28 d&#8217;octubre</a></p>



<p><a href="https://agora.xtec.cat/escolaelfar/wp-content/uploads/usu1878/2026/04/02_9-de-DESEMBRE-de-2025.pdf" target="_blank" rel="noopener">9 de desembre</a></p>



<p><a href="https://agora.xtec.cat/escolaelfar/wp-content/uploads/usu1878/2026/04/03_27-de-GENER-de-2026.pdf" target="_blank" rel="noopener">27 de gener</a></p>



<p><span style="text-decoration: underline;">CONSELL ESCOLAR CURS 24-25</span></p>



<p><strong><a href="https://drive.google.com/file/d/1oMVnimaoIjS3TPn8f67gDeMxLJpAC3fn/view?usp=drive_link" target="_blank" rel="noopener">29 d&#8217;octubre</a></strong></p>



<p><strong><a href="https://drive.google.com/file/d/16V2wZSIe9TIZGvxfJSuUTPkITPCbqg1V/view?usp=drive_link" target="_blank" rel="noopener">28 de gener</a></strong></p>



<p><strong><a href="https://drive.google.com/file/d/1YAGCsy_sbh4zfNxuFzP7LL00AcDvAqkw/view?usp=drive_link">11 de març</a></strong></p>



<p><span style="text-decoration: underline;">CONSELL ESCOLAR CURS 23-24</span></p>



<p><strong><a href="https://drive.google.com/file/d/19ZLiSNRYZAkRRSrm8rUg1bKRLHE1CCli/view?usp=drive_link">12 de desembre</a></strong></p>



<p><strong><a href="https://drive.google.com/file/d/1Iqn-mfL2u_j3ryQ2hZaATBo84-sawzRG/view?usp=drive_link" target="_blank" rel="noopener">23 d&#8217;octubre</a></strong></p>



<p><strong><a href="https://drive.google.com/file/d/1jbWMeC8FJicDhiOqLa0TBpFdnsvMxNxi/view?usp=drive_link" target="_blank" rel="noopener">29 de gener</a></strong></p>



<p><span style="text-decoration: underline;">CONSELL ESCOLAR CURS 22-23</span></p>



<p><strong><a href="https://drive.google.com/file/d/1C41z6uZ0hdXbGY4oZfUhYvooaKyg2gKt/view?usp=share_link" target="_blank" rel="noopener">24 d&#8217;octubre</a></strong></p>



<p><strong><a href="https://drive.google.com/file/d/1aiaO59FHGQvz906cVB58yMANFDEcFOVh/view?usp=share_link" target="_blank" rel="noopener">13 de desembre</a></strong></p>



<p><strong><a href="https://drive.google.com/file/d/1x0kJ-EVZOSOCQg9XN6xNNDWJPuZ0rZe2/view?usp=share_link" target="_blank" rel="noopener">13 de març</a></strong></p>

<p>El Consell escolar &nbsp;és l&#8217;òrgan col·legiat de participació dels diferents sectors de la comunitat educativa en el govern dels centres. [&hellip;]</p>
