{"id":26,"date":"2014-09-18T12:24:32","date_gmt":"2014-09-18T11:24:32","guid":{"rendered":"http:\/\/agora.xtec.cat\/escolaelfar\/?page_id=26"},"modified":"2026-03-26T13:19:29","modified_gmt":"2026-03-26T12:19:29","slug":"historia","status":"publish","type":"page","link":"https:\/\/agora.xtec.cat\/escolaelfar\/lescola\/historia\/","title":{"rendered":"Hist\u00f2ria"},"content":{"rendered":"<p>L\u2019escola El Far que t\u00e9 el seu\u00a0<u>origen<\/u> com ampliaci\u00f3 de l\u2019\u00fanica escola p\u00fablica aleshores del municipi \u201cLa Minerva\u201d i que en el curs 1974-75 es constitueix amb autonomia i nom propis (Escola Doctor Carles Salicr\u00fa), en un edifici provisional, situat a la Riera de Capaspre.<\/p>\n<p>La situaci\u00f3 de l\u2019escola aleshores era\u00a0<u>lluny del nucli urb\u00e0<\/u>, a difer\u00e8ncia de les altres escoles de\u00a0 Calella ubicades a prop de la poblaci\u00f3. Una escola al inici d\u2019una l\u00ednia que va convertir-se en dues amb la conseq\u00fcent p\u00e8rdua d\u2019espais comuns com el gimn\u00e0s, biblioteca, espais per professorat i de gesti\u00f3 i atenci\u00f3 a les fam\u00edlies.<\/p>\n<p>La comunitat educativa de l\u2019escola, va reclamar durant molt temps insistentment a l\u2019administraci\u00f3 una soluci\u00f3. Soluci\u00f3 que va iniciar-se amb la not\u00edcia que la nova escola s\u2019ubicaria en un edifici emblem\u00e0tic de la ciutat de Calella com \u00e9s \u201cLa f\u00e0brica Llobet i Guri\u201d. Ara fa uns 4 anys.<\/p>\n<p>Avui gaudim d\u2019un nou espai per la nostra escola El Far, amb unes boniques instal\u00b7lacions, amplies i en el centre urb\u00e0 molt m\u00e9s a prop d\u2019altres depend\u00e8ncies municipals.<\/p>\n","protected":false},"excerpt":{"rendered":"<p>L\u2019escola El Far que t\u00e9 el seu\u00a0origen com ampliaci\u00f3 de l\u2019\u00fanica escola p\u00fablica aleshores del municipi \u201cLa Minerva\u201d i que [&hellip;]<\/p>\n","protected":false},"author":1,"featured_media":0,"parent":22,"menu_order":20,"comment_status":"closed","ping_status":"closed","template":"","meta":{"_bbp_topic_count":0,"_bbp_reply_count":0,"_bbp_total_topic_count":0,"_bbp_total_reply_count":0,"_bbp_voice_count":0,"_bbp_anonymous_reply_count":0,"_bbp_topic_count_hidden":0,"_bbp_reply_count_hidden":0,"_bbp_forum_subforum_count":0,"site-sidebar-layout":"default","site-content-layout":"","ast-site-content-layout":"default","site-content-style":"default","site-sidebar-style":"default","ast-global-header-display":"","ast-banner-title-visibility":"","ast-main-header-display":"","ast-hfb-above-header-display":"","ast-hfb-below-header-display":"","ast-hfb-mobile-header-display":"","site-post-title":"","ast-breadcrumbs-content":"","ast-featured-img":"","footer-sml-layout":"","theme-transparent-header-meta":"","adv-header-id-meta":"","stick-header-meta":"","header-above-stick-meta":"","header-main-stick-meta":"","header-below-stick-meta":"","astra-migrate-meta-layouts":"set","ast-page-background-enabled":"default","ast-page-background-meta":{"desktop":{"background-color":"var(--ast-global-color-4)","background-image":"","background-repeat":"repeat","background-position":"center center","background-size":"auto","background-attachment":"scroll","background-type":"","background-media":"","overlay-type":"","overlay-color":"","overlay-opacity":"","overlay-gradient":""},"tablet":{"background-color":"","background-image":"","background-repeat":"repeat","background-position":"center center","background-size":"auto","background-attachment":"scroll","background-type":"","background-media":"","overlay-type":"","overlay-color":"","overlay-opacity":"","overlay-gradient":""},"mobile":{"background-color":"","background-image":"","background-repeat":"repeat","background-position":"center center","background-size":"auto","background-attachment":"scroll","background-type":"","background-media":"","overlay-type":"","overlay-color":"","overlay-opacity":"","overlay-gradient":""}},"ast-content-background-meta":{"desktop":{"background-color":"var(--ast-global-color-5)","background-image":"","background-repeat":"repeat","background-position":"center center","background-size":"auto","background-attachment":"scroll","background-type":"","background-media":"","overlay-type":"","overlay-color":"","overlay-opacity":"","overlay-gradient":""},"tablet":{"background-color":"var(--ast-global-color-5)","background-image":"","background-repeat":"repeat","background-position":"center center","background-size":"auto","background-attachment":"scroll","background-type":"","background-media":"","overlay-type":"","overlay-color":"","overlay-opacity":"","overlay-gradient":""},"mobile":{"background-color":"var(--ast-global-color-5)","background-image":"","background-repeat":"repeat","background-position":"center center","background-size":"auto","background-attachment":"scroll","background-type":"","background-media":"","overlay-type":"","overlay-color":"","overlay-opacity":"","overlay-gradient":""}},"footnotes":""},"class_list":["post-26","page","type-page","status-publish","hentry"],"post_mailing_queue_ids":[],"_links":{"self":[{"href":"https:\/\/agora.xtec.cat\/escolaelfar\/wp-json\/wp\/v2\/pages\/26","targetHints":{"allow":["GET"]}}],"collection":[{"href":"https:\/\/agora.xtec.cat\/escolaelfar\/wp-json\/wp\/v2\/pages"}],"about":[{"href":"https:\/\/agora.xtec.cat\/escolaelfar\/wp-json\/wp\/v2\/types\/page"}],"author":[{"embeddable":true,"href":"https:\/\/agora.xtec.cat\/escolaelfar\/wp-json\/wp\/v2\/users\/1"}],"replies":[{"embeddable":true,"href":"https:\/\/agora.xtec.cat\/escolaelfar\/wp-json\/wp\/v2\/comments?post=26"}],"version-history":[{"count":3,"href":"https:\/\/agora.xtec.cat\/escolaelfar\/wp-json\/wp\/v2\/pages\/26\/revisions"}],"predecessor-version":[{"id":24389,"href":"https:\/\/agora.xtec.cat\/escolaelfar\/wp-json\/wp\/v2\/pages\/26\/revisions\/24389"}],"up":[{"embeddable":true,"href":"https:\/\/agora.xtec.cat\/escolaelfar\/wp-json\/wp\/v2\/pages\/22"}],"wp:attachment":[{"href":"https:\/\/agora.xtec.cat\/escolaelfar\/wp-json\/wp\/v2\/media?parent=26"}],"curies":[{"name":"wp","href":"https:\/\/api.w.org\/{rel}","templated":true}]}}