{"id":24031,"date":"2025-11-24T12:01:52","date_gmt":"2025-11-24T11:01:52","guid":{"rendered":"https:\/\/agora.xtec.cat\/escolaelfar\/?page_id=24031"},"modified":"2025-11-24T12:07:20","modified_gmt":"2025-11-24T11:07:20","slug":"pla-de-digitalitzacio-responsable","status":"publish","type":"page","link":"https:\/\/agora.xtec.cat\/escolaelfar\/projecte-educatiu\/estrategia-digital-de-centre\/pla-de-digitalitzacio-responsable\/","title":{"rendered":"Pla de digitalitzaci\u00f3 responsable"},"content":{"rendered":"\n<p>En aquesta guia trobareu recomanacions sobre com gestionar de manera saludable els dispositius a casa. La guia forma part de la campanya \u00ab<a href=\"https:\/\/educacio.gencat.cat\/ca\/departament\/publicacions\/campanyes\/menys-pantalla-mes-vida\/\" data-type=\"link\" data-id=\"https:\/\/educacio.gencat.cat\/ca\/departament\/publicacions\/campanyes\/menys-pantalla-mes-vida\/\">Menys pantalla, m\u00e9s vida<\/a>\u00bb  impulsada pel Departament d\u2019Educaci\u00f3 i Formaci\u00f3 Professional vinculada al Pla de digitalitzaci\u00f3 responsable.<\/p>\n\n\n\n<div data-wp-interactive=\"core\/file\" class=\"wp-block-file\" style=\"padding-top:0;padding-right:0;padding-bottom:0;padding-left:0\"><object data-wp-bind--hidden=\"!state.hasPdfPreview\" hidden class=\"wp-block-file__embed\" data=\"https:\/\/agora.xtec.cat\/escolaelfar\/wp-content\/uploads\/usu1878\/2025\/11\/menys-pantalla-mes-vida.pdf\" type=\"application\/pdf\" style=\"width:100%;height:600px\" aria-label=\"Incrustaci\u00f3 del fitxer menys pantalla, m\u00e9s vida!.\"><\/object><a id=\"wp-block-file--media-23a0aa64-5dd5-4062-8786-18fa9eebb360\" href=\"https:\/\/agora.xtec.cat\/escolaelfar\/wp-content\/uploads\/usu1878\/2025\/11\/menys-pantalla-mes-vida.pdf\">menys pantalla, m\u00e9s vida!<\/a><a href=\"https:\/\/agora.xtec.cat\/escolaelfar\/wp-content\/uploads\/usu1878\/2025\/11\/menys-pantalla-mes-vida.pdf\" class=\"wp-block-file__button wp-element-button\" download aria-describedby=\"wp-block-file--media-23a0aa64-5dd5-4062-8786-18fa9eebb360\">Baixa<\/a><\/div>\n","protected":false},"excerpt":{"rendered":"<p>En aquesta guia trobareu recomanacions sobre com gestionar de manera saludable els dispositius a casa. La guia forma part de [&hellip;]<\/p>\n","protected":false},"author":117,"featured_media":24034,"parent":22369,"menu_order":0,"comment_status":"closed","ping_status":"close","template":"","meta":{"_bbp_topic_count":0,"_bbp_reply_count":0,"_bbp_total_topic_count":0,"_bbp_total_reply_count":0,"_bbp_voice_count":0,"_bbp_anonymous_reply_count":0,"_bbp_topic_count_hidden":0,"_bbp_reply_count_hidden":0,"_bbp_forum_subforum_count":0,"site-sidebar-layout":"default","site-content-layout":"","ast-site-content-layout":"default","site-content-style":"default","site-sidebar-style":"default","ast-global-header-display":"","ast-banner-title-visibility":"","ast-main-header-display":"","ast-hfb-above-header-display":"","ast-hfb-below-header-display":"","ast-hfb-mobile-header-display":"","site-post-title":"","ast-breadcrumbs-content":"","ast-featured-img":"","footer-sml-layout":"","theme-transparent-header-meta":"","adv-header-id-meta":"","stick-header-meta":"","header-above-stick-meta":"","header-main-stick-meta":"","header-below-stick-meta":"","astra-migrate-meta-layouts":"set","ast-page-background-enabled":"default","ast-page-background-meta":{"desktop":{"background-color":"var(--ast-global-color-4)","background-image":"","background-repeat":"repeat","background-position":"center center","background-size":"auto","background-attachment":"scroll","background-type":"","background-media":"","overlay-type":"","overlay-color":"","overlay-opacity":"","overlay-gradient":""},"tablet":{"background-color":"","background-image":"","background-repeat":"repeat","background-position":"center center","background-size":"auto","background-attachment":"scroll","background-type":"","background-media":"","overlay-type":"","overlay-color":"","overlay-opacity":"","overlay-gradient":""},"mobile":{"background-color":"","background-image":"","background-repeat":"repeat","background-position":"center center","background-size":"auto","background-attachment":"scroll","background-type":"","background-media":"","overlay-type":"","overlay-color":"","overlay-opacity":"","overlay-gradient":""}},"ast-content-background-meta":{"desktop":{"background-color":"var(--ast-global-color-5)","background-image":"","background-repeat":"repeat","background-position":"center center","background-size":"auto","background-attachment":"scroll","background-type":"","background-media":"","overlay-type":"","overlay-color":"","overlay-opacity":"","overlay-gradient":""},"tablet":{"background-color":"var(--ast-global-color-5)","background-image":"","background-repeat":"repeat","background-position":"center center","background-size":"auto","background-attachment":"scroll","background-type":"","background-media":"","overlay-type":"","overlay-color":"","overlay-opacity":"","overlay-gradient":""},"mobile":{"background-color":"var(--ast-global-color-5)","background-image":"","background-repeat":"repeat","background-position":"center center","background-size":"auto","background-attachment":"scroll","background-type":"","background-media":"","overlay-type":"","overlay-color":"","overlay-opacity":"","overlay-gradient":""}},"footnotes":""},"class_list":["post-24031","page","type-page","status-publish","has-post-thumbnail","hentry"],"post_mailing_queue_ids":[],"_links":{"self":[{"href":"https:\/\/agora.xtec.cat\/escolaelfar\/wp-json\/wp\/v2\/pages\/24031","targetHints":{"allow":["GET"]}}],"collection":[{"href":"https:\/\/agora.xtec.cat\/escolaelfar\/wp-json\/wp\/v2\/pages"}],"about":[{"href":"https:\/\/agora.xtec.cat\/escolaelfar\/wp-json\/wp\/v2\/types\/page"}],"author":[{"embeddable":true,"href":"https:\/\/agora.xtec.cat\/escolaelfar\/wp-json\/wp\/v2\/users\/117"}],"replies":[{"embeddable":true,"href":"https:\/\/agora.xtec.cat\/escolaelfar\/wp-json\/wp\/v2\/comments?post=24031"}],"version-history":[{"count":1,"href":"https:\/\/agora.xtec.cat\/escolaelfar\/wp-json\/wp\/v2\/pages\/24031\/revisions"}],"predecessor-version":[{"id":24036,"href":"https:\/\/agora.xtec.cat\/escolaelfar\/wp-json\/wp\/v2\/pages\/24031\/revisions\/24036"}],"up":[{"embeddable":true,"href":"https:\/\/agora.xtec.cat\/escolaelfar\/wp-json\/wp\/v2\/pages\/22369"}],"wp:featuredmedia":[{"embeddable":true,"href":"https:\/\/agora.xtec.cat\/escolaelfar\/wp-json\/wp\/v2\/media\/24034"}],"wp:attachment":[{"href":"https:\/\/agora.xtec.cat\/escolaelfar\/wp-json\/wp\/v2\/media?parent=24031"}],"curies":[{"name":"wp","href":"https:\/\/api.w.org\/{rel}","templated":true}]}}

Pla de digitalització responsable

<p>En aquesta guia trobareu recomanacions sobre com gestionar de manera saludable els dispositius a casa. La guia forma part de la campanya «<a href="https://educacio.gencat.cat/ca/departament/publicacions/campanyes/menys-pantalla-mes-vida/" data-type="link" data-id="https://educacio.gencat.cat/ca/departament/publicacions/campanyes/menys-pantalla-mes-vida/">Menys pantalla, més vida</a>»  impulsada pel Departament d’Educació i Formació Professional vinculada al Pla de digitalització responsable.</p>



<div data-wp-interactive="core/file" class="wp-block-file" style="padding-top:0;padding-right:0;padding-bottom:0;padding-left:0"><object data-wp-bind--hidden="!state.hasPdfPreview" hidden class="wp-block-file__embed" data="https://agora.xtec.cat/escolaelfar/wp-content/uploads/usu1878/2025/11/menys-pantalla-mes-vida.pdf" type="application/pdf" style="width:100%;height:600px" aria-label="Incrustació del fitxer menys pantalla, més vida!."></object><a id="wp-block-file--media-23a0aa64-5dd5-4062-8786-18fa9eebb360" href="https://agora.xtec.cat/escolaelfar/wp-content/uploads/usu1878/2025/11/menys-pantalla-mes-vida.pdf">menys pantalla, més vida!</a><a href="https://agora.xtec.cat/escolaelfar/wp-content/uploads/usu1878/2025/11/menys-pantalla-mes-vida.pdf" class="wp-block-file__button wp-element-button" download aria-describedby="wp-block-file--media-23a0aa64-5dd5-4062-8786-18fa9eebb360">Baixa</a></div>
