{"id":709,"date":"2020-10-14T13:42:37","date_gmt":"2020-10-14T11:42:37","guid":{"rendered":"https:\/\/agora.xtec.cat\/escolaeldofi\/?page_id=709"},"modified":"2020-10-28T19:09:42","modified_gmt":"2020-10-28T18:09:42","slug":"programa-dhabilitats-parentals","status":"publish","type":"page","link":"https:\/\/agora.xtec.cat\/escolaeldofi\/projectes\/programa-dhabilitats-parentals\/","title":{"rendered":"Formaci\u00f3 fam\u00edlies"},"content":{"rendered":"<p><span style=\"text-decoration: underline; color: #3366ff;\"><strong>Programa d&#8217;habilitats parentals<\/strong><\/span><\/p>\n<p style=\"text-align: justify;\">El curs 2019-2020, una tarda a la setmana de 15.00 a 16.30,\u00a0 vam realitzar\u00a0 un curs per desenvolupar el Programa d&#8217;habilitats parentals per a les fam\u00edlies dels alumnes de l&#8217;escola.<\/p>\n<p style=\"text-align: justify;\">Aquest programa\u00a0 t\u00e9 l&#8217;objectiu millorar les compet\u00e8ncies de crian\u00e7a i habilitats dels pares i mares perqu\u00e8 puguin construir una din\u00e0mica familiar positiva i desenvolupament\u00a0 models parentals a<img loading=\"lazy\" decoding=\"async\" class=\"alignleft\" src=\"https:\/\/agora.xtec.cat\/escolalavilapalamos\/wp-content\/uploads\/usu897\/2017\/03\/familia.jpg\" alt=\"Curs d'habilitats parentals | Escola La Vila\" width=\"438\" height=\"163\" \/>dequats.<\/p>\n<p style=\"text-align: justify;\">La metodologia del curs es va basar en l\u2019experi\u00e8ncia i va ser molt participativa. Es van tractar \u00a0diversos temes\u00a0 durant les 9 sessions d&#8217;una hora i mitja.<\/p>\n<p style=\"text-align: justify;\">Va ser una experi\u00e8ncia molt enriquidora p<span style=\"font-family: inherit; font-size: 1em; text-align: justify;\">er a tothom que esperem poder repetir.<\/span><\/p>\n<p>&nbsp;<\/p>\n<p><span style=\"text-decoration: underline;\"><span style=\"color: #3366ff;\"><strong>Curs eines digitals<\/strong><\/span><\/span><\/p>\n<p>Amb el Suport de la Taula d&#8217;inclusi\u00f3 i la Diversitat de l&#8217;Ajuntament de Premi\u00e0 de Mar aquest curs hem realitzat un curs d&#8217;eines digitals b\u00e0siques per a fam\u00edlies.<\/p>\n<p>L&#8217;empresa Codelern ha estat la responsable d&#8217;impartir les classes i han facilitat a les fam\u00edlies a l&#8217;acc\u00e9s\u00a0 al correu electr\u00f2nic, a eines<\/p>\n<p><span style=\"text-decoration: underline;\"><span style=\"color: #3366ff;\"><strong>Xerrades<\/strong><\/span><\/span><\/p>\n<p>Organitzem xerrades al llarg de curs de temes d&#8217;inter\u00e8s general: educaci\u00f3 emocional, alimentaci\u00f3&#8230;.<\/p>\n","protected":false},"excerpt":{"rendered":"<p>Programa d&#8217;habilitats parentals<br \/>\nEl curs 2019-2020, una tarda a la setmana de 15.00 a 16.30,\u00a0 vam realitzar\u00a0 un curs per desenvolupar el Programa d&#8217;habilitats parentals per a les fam\u00edlies dels alumnes de l&#8217;escola.<br \/>\nAquest programa\u00a0 t\u00e9 l&#8217;objectiu millorar les compet\u00e8ncies de crian\u00e7a i habilitats dels pares i&hellip;  <a href=\"https:\/\/agora.xtec.cat\/escolaeldofi\/projectes\/programa-dhabilitats-parentals\/\" title=\"Read Formaci\u00f3 fam\u00edlies\">Llegeix m\u00e9s\u00bb<\/a><\/p>\n","protected":false},"author":5,"featured_media":0,"parent":669,"menu_order":120,"comment_status":"closed","ping_status":"closed","template":"","meta":{"_bbp_topic_count":0,"_bbp_reply_count":0,"_bbp_total_topic_count":0,"_bbp_total_reply_count":0,"_bbp_voice_count":0,"_bbp_anonymous_reply_count":0,"_bbp_topic_count_hidden":0,"_bbp_reply_count_hidden":0,"_bbp_forum_subforum_count":0,"footnotes":""},"class_list":["post-709","page","type-page","status-publish","hentry"],"post_mailing_queue_ids":[],"_links":{"self":[{"href":"https:\/\/agora.xtec.cat\/escolaeldofi\/wp-json\/wp\/v2\/pages\/709","targetHints":{"allow":["GET"]}}],"collection":[{"href":"https:\/\/agora.xtec.cat\/escolaeldofi\/wp-json\/wp\/v2\/pages"}],"about":[{"href":"https:\/\/agora.xtec.cat\/escolaeldofi\/wp-json\/wp\/v2\/types\/page"}],"author":[{"embeddable":true,"href":"https:\/\/agora.xtec.cat\/escolaeldofi\/wp-json\/wp\/v2\/users\/5"}],"replies":[{"embeddable":true,"href":"https:\/\/agora.xtec.cat\/escolaeldofi\/wp-json\/wp\/v2\/comments?post=709"}],"version-history":[{"count":3,"href":"https:\/\/agora.xtec.cat\/escolaeldofi\/wp-json\/wp\/v2\/pages\/709\/revisions"}],"predecessor-version":[{"id":1099,"href":"https:\/\/agora.xtec.cat\/escolaeldofi\/wp-json\/wp\/v2\/pages\/709\/revisions\/1099"}],"up":[{"embeddable":true,"href":"https:\/\/agora.xtec.cat\/escolaeldofi\/wp-json\/wp\/v2\/pages\/669"}],"wp:attachment":[{"href":"https:\/\/agora.xtec.cat\/escolaeldofi\/wp-json\/wp\/v2\/media?parent=709"}],"curies":[{"name":"wp","href":"https:\/\/api.w.org\/{rel}","templated":true}]}}