{"id":695,"date":"2020-10-14T13:37:19","date_gmt":"2020-10-14T11:37:19","guid":{"rendered":"https:\/\/agora.xtec.cat\/escolaeldofi\/?page_id=695"},"modified":"2020-10-30T17:51:50","modified_gmt":"2020-10-30T16:51:50","slug":"clil-content-and-language-integrated-learning","status":"publish","type":"page","link":"https:\/\/agora.xtec.cat\/escolaeldofi\/projectes\/clil-content-and-language-integrated-learning\/","title":{"rendered":"Metodologia CLIL\/AICLE"},"content":{"rendered":"<p style=\"text-align: justify;\"><span style=\"font-family: inherit; font-size: 1em;\"><a href=\"https:\/\/agora.xtec.cat\/escolaeldofi\/wp-content\/uploads\/usu2141\/2020\/10\/IMG_4782.jpg222.jpg\"><img loading=\"lazy\" decoding=\"async\" class=\"wp-image-1196 alignleft\" src=\"https:\/\/agora.xtec.cat\/escolaeldofi\/wp-content\/uploads\/usu2141\/2020\/10\/IMG_4782.jpg222.jpg\" alt=\"\" width=\"253\" height=\"189\" srcset=\"https:\/\/agora.xtec.cat\/escolaeldofi\/wp-content\/uploads\/usu2141\/2020\/10\/IMG_4782.jpg222.jpg 750w, https:\/\/agora.xtec.cat\/escolaeldofi\/wp-content\/uploads\/usu2141\/2020\/10\/IMG_4782.jpg222-300x225.jpg 300w, https:\/\/agora.xtec.cat\/escolaeldofi\/wp-content\/uploads\/usu2141\/2020\/10\/IMG_4782.jpg222-200x150.jpg 200w\" sizes=\"auto, (max-width: 253px) 100vw, 253px\" \/><\/a>La metodologia <\/span><strong style=\"font-family: inherit; font-size: 1em;\">AICLE<\/strong><span style=\"font-family: inherit; font-size: 1em;\">\u00a0(Aprenentatge integrat de Continguts i Lleng\u00fces Estrangeres, en angl\u00e8s\u00a0<\/span><i style=\"font-family: inherit; font-size: 1em;\">Content Language Integrated Learning<\/i><span style=\"font-family: inherit; font-size: 1em;\">,\u00a0<\/span><strong style=\"font-family: inherit; font-size: 1em;\">CLIL<\/strong><span style=\"font-family: inherit; font-size: 1em;\">)<\/span><b style=\"font-family: inherit; font-size: 1em;\">,\u00a0<\/b><span style=\"font-family: inherit; font-size: 1em;\">consisteix en l\u2019ensenyament integrat d\u2019una mat\u00e8ria no ling\u00fc\u00edstica, en el nostre cas l&#8217;\u00e0rea de medi natural, i\u00a0 la llengua anglesa. Aquesta combinaci\u00f3\u00a0 permet a l\u2019alumne adquirir\u00a0 coneixements del curr\u00edculum de medi i incrementar a l&#8217;hora el contacte amb la lleng<\/span><span style=\"font-family: inherit; font-size: 1em;\">ua estrangera,\u00a0 tot potenciant les seves compet\u00e8ncies en aquest camp.<\/span><\/p>\n<p style=\"text-align: justify;\">A l&#8217;escola apliquem aquesta metodologia des del curs 13-14 al curs de 3r i estem molt satisfets ja que est\u00e0 demostrat que existeix un major \u00e8xit en l\u2019aprenentatge de les lleng\u00fces estrangeres quan es fan servir aquestes lleng\u00fces per ensenyar mat\u00e8ries comunes com les ci\u00e8ncies, l\u2019educaci\u00f3 f\u00edsica, o art\u00edstica que per mitj\u00e0 dels curr\u00edculums funcionals que tracten aquestes lleng\u00fces com a assignatures independents.<\/p>\n<p>&nbsp;<\/p>\n<p>&nbsp;<\/p>\n","protected":false},"excerpt":{"rendered":"<p><a href=\"https:\/\/agora.xtec.cat\/escolaeldofi\/wp-content\/uploads\/usu2141\/2020\/10\/IMG_4782.jpg222.jpg\"><\/a>La metodologia AICLE\u00a0(Aprenentatge integrat de Continguts i Lleng\u00fces Estrangeres, en angl\u00e8s\u00a0Content Language Integrated Learning,\u00a0CLIL),\u00a0consisteix en l\u2019ensenyament integrat d\u2019una mat\u00e8ria no ling\u00fc\u00edstica, en el nostre cas l&#8217;\u00e0rea de medi natural, i\u00a0 la llengua anglesa. Aquesta combinaci\u00f3\u00a0 permet a l\u2019alumne adquirir\u00a0 coneixements del curr\u00edculum de medi&hellip;  <a href=\"https:\/\/agora.xtec.cat\/escolaeldofi\/projectes\/clil-content-and-language-integrated-learning\/\" title=\"Read Metodologia CLIL\/AICLE\">Llegeix m\u00e9s\u00bb<\/a><\/p>\n","protected":false},"author":5,"featured_media":0,"parent":669,"menu_order":90,"comment_status":"closed","ping_status":"closed","template":"","meta":{"_bbp_topic_count":0,"_bbp_reply_count":0,"_bbp_total_topic_count":0,"_bbp_total_reply_count":0,"_bbp_voice_count":0,"_bbp_anonymous_reply_count":0,"_bbp_topic_count_hidden":0,"_bbp_reply_count_hidden":0,"_bbp_forum_subforum_count":0,"footnotes":""},"class_list":["post-695","page","type-page","status-publish","hentry"],"post_mailing_queue_ids":[],"_links":{"self":[{"href":"https:\/\/agora.xtec.cat\/escolaeldofi\/wp-json\/wp\/v2\/pages\/695","targetHints":{"allow":["GET"]}}],"collection":[{"href":"https:\/\/agora.xtec.cat\/escolaeldofi\/wp-json\/wp\/v2\/pages"}],"about":[{"href":"https:\/\/agora.xtec.cat\/escolaeldofi\/wp-json\/wp\/v2\/types\/page"}],"author":[{"embeddable":true,"href":"https:\/\/agora.xtec.cat\/escolaeldofi\/wp-json\/wp\/v2\/users\/5"}],"replies":[{"embeddable":true,"href":"https:\/\/agora.xtec.cat\/escolaeldofi\/wp-json\/wp\/v2\/comments?post=695"}],"version-history":[{"count":3,"href":"https:\/\/agora.xtec.cat\/escolaeldofi\/wp-json\/wp\/v2\/pages\/695\/revisions"}],"predecessor-version":[{"id":1199,"href":"https:\/\/agora.xtec.cat\/escolaeldofi\/wp-json\/wp\/v2\/pages\/695\/revisions\/1199"}],"up":[{"embeddable":true,"href":"https:\/\/agora.xtec.cat\/escolaeldofi\/wp-json\/wp\/v2\/pages\/669"}],"wp:attachment":[{"href":"https:\/\/agora.xtec.cat\/escolaeldofi\/wp-json\/wp\/v2\/media?parent=695"}],"curies":[{"name":"wp","href":"https:\/\/api.w.org\/{rel}","templated":true}]}}