{"id":682,"date":"2020-10-14T13:34:51","date_gmt":"2020-10-14T11:34:51","guid":{"rendered":"https:\/\/agora.xtec.cat\/escolaeldofi\/?page_id=682"},"modified":"2023-11-16T16:47:10","modified_gmt":"2023-11-16T15:47:10","slug":"radio-premia-de-mar","status":"publish","type":"page","link":"https:\/\/agora.xtec.cat\/escolaeldofi\/projectes\/radio-premia-de-mar\/","title":{"rendered":"R\u00e0dio Premi\u00e0 de Mar"},"content":{"rendered":"<p>L&#8217;escola participa al projecte &#8220;Escoles a la r\u00e0dio&#8221; que \u00e9s un projecte que es fa amb la col\u00b7laboraci\u00f3 de R\u00e0dio Premi\u00e0 de Mar.<\/p>\n<p>Durant tot el curs, un dimecres al mes, un parell d&#8217;alumnes i\/o un mestre\/a\u00a0 participa al programa &#8220;Escoles a la r\u00e0dio&#8221; on es tracten temes d&#8217;actualitat educativa.<\/p>\n<p><img loading=\"lazy\" decoding=\"async\" class=\"size-full wp-image-804 alignleft\" src=\"https:\/\/agora.xtec.cat\/escolaeldofi\/wp-content\/uploads\/usu2141\/2020\/10\/dit.png\" alt=\"\" width=\"67\" height=\"40\" \/><\/p>\n<p><a href=\"https:\/\/agora.xtec.cat\/escolaeldofi\/wp-content\/uploads\/usu2141\/2020\/10\/escolescoviddofi20200929-radiopremiamar-ivoox57177442.mp3\"><img loading=\"lazy\" decoding=\"async\" class=\"wp-image-934 alignleft\" src=\"https:\/\/agora.xtec.cat\/escolaeldofi\/wp-content\/uploads\/usu2141\/2020\/10\/radio.png\" alt=\"\" width=\"254\" height=\"95\" srcset=\"https:\/\/agora.xtec.cat\/escolaeldofi\/wp-content\/uploads\/usu2141\/2020\/10\/radio.png 793w, https:\/\/agora.xtec.cat\/escolaeldofi\/wp-content\/uploads\/usu2141\/2020\/10\/radio-300x112.png 300w, https:\/\/agora.xtec.cat\/escolaeldofi\/wp-content\/uploads\/usu2141\/2020\/10\/radio-768x287.png 768w\" sizes=\"auto, (max-width: 254px) 100vw, 254px\" \/><\/a><\/p>\n<p>&nbsp;<\/p>\n<p>&nbsp;<\/p>\n<p>&nbsp;<\/p>\n","protected":false},"excerpt":{"rendered":"<p>L&#8217;escola participa al projecte &#8220;Escoles a la r\u00e0dio&#8221; que \u00e9s un projecte que es fa amb la col\u00b7laboraci\u00f3 de R\u00e0dio Premi\u00e0 de Mar.<br \/>\nDurant tot el curs, un dimecres al mes, un parell d&#8217;alumnes i\/o un mestre\/a\u00a0 participa al programa &#8220;Escoles a la r\u00e0dio&#8221; on es&hellip;  <a href=\"https:\/\/agora.xtec.cat\/escolaeldofi\/projectes\/radio-premia-de-mar\/\" title=\"Read R\u00e0dio Premi\u00e0 de Mar\">Llegeix m\u00e9s\u00bb<\/a><\/p>\n","protected":false},"author":5,"featured_media":0,"parent":669,"menu_order":60,"comment_status":"closed","ping_status":"closed","template":"","meta":{"_bbp_topic_count":0,"_bbp_reply_count":0,"_bbp_total_topic_count":0,"_bbp_total_reply_count":0,"_bbp_voice_count":0,"_bbp_anonymous_reply_count":0,"_bbp_topic_count_hidden":0,"_bbp_reply_count_hidden":0,"_bbp_forum_subforum_count":0,"footnotes":""},"class_list":["post-682","page","type-page","status-publish","hentry"],"post_mailing_queue_ids":[],"_links":{"self":[{"href":"https:\/\/agora.xtec.cat\/escolaeldofi\/wp-json\/wp\/v2\/pages\/682","targetHints":{"allow":["GET"]}}],"collection":[{"href":"https:\/\/agora.xtec.cat\/escolaeldofi\/wp-json\/wp\/v2\/pages"}],"about":[{"href":"https:\/\/agora.xtec.cat\/escolaeldofi\/wp-json\/wp\/v2\/types\/page"}],"author":[{"embeddable":true,"href":"https:\/\/agora.xtec.cat\/escolaeldofi\/wp-json\/wp\/v2\/users\/5"}],"replies":[{"embeddable":true,"href":"https:\/\/agora.xtec.cat\/escolaeldofi\/wp-json\/wp\/v2\/comments?post=682"}],"version-history":[{"count":5,"href":"https:\/\/agora.xtec.cat\/escolaeldofi\/wp-json\/wp\/v2\/pages\/682\/revisions"}],"predecessor-version":[{"id":6316,"href":"https:\/\/agora.xtec.cat\/escolaeldofi\/wp-json\/wp\/v2\/pages\/682\/revisions\/6316"}],"up":[{"embeddable":true,"href":"https:\/\/agora.xtec.cat\/escolaeldofi\/wp-json\/wp\/v2\/pages\/669"}],"wp:attachment":[{"href":"https:\/\/agora.xtec.cat\/escolaeldofi\/wp-json\/wp\/v2\/media?parent=682"}],"curies":[{"name":"wp","href":"https:\/\/api.w.org\/{rel}","templated":true}]}}