{"id":679,"date":"2020-10-14T13:33:57","date_gmt":"2020-10-14T11:33:57","guid":{"rendered":"https:\/\/agora.xtec.cat\/escolaeldofi\/?page_id=679"},"modified":"2020-10-28T15:44:22","modified_gmt":"2020-10-28T14:44:22","slug":"araart","status":"publish","type":"page","link":"https:\/\/agora.xtec.cat\/escolaeldofi\/projectes\/araart\/","title":{"rendered":"AraArt &#8211; Mar de guitarres"},"content":{"rendered":"<p>El projecte \u201cmardeguitarres\u201d \u00e9s un projecte que s\u2019emmarca en el programa\u00a0 d\u2019innovaci\u00f3 araART i que iniciem aquest curs en col\u00b7laboraci\u00f3 amb <a href=\"https:\/\/agora.xtec.cat\/escolaeldofi\/wp-content\/uploads\/usu2141\/2020\/10\/PHOTO-2020-10-24-20-36-28.jpg\"><img loading=\"lazy\" decoding=\"async\" class=\"wp-image-875 alignleft\" src=\"https:\/\/agora.xtec.cat\/escolaeldofi\/wp-content\/uploads\/usu2141\/2020\/10\/PHOTO-2020-10-24-20-36-28-1024x768.jpg\" alt=\"\" width=\"308\" height=\"231\" srcset=\"https:\/\/agora.xtec.cat\/escolaeldofi\/wp-content\/uploads\/usu2141\/2020\/10\/PHOTO-2020-10-24-20-36-28.jpg 1024w, https:\/\/agora.xtec.cat\/escolaeldofi\/wp-content\/uploads\/usu2141\/2020\/10\/PHOTO-2020-10-24-20-36-28-300x225.jpg 300w, https:\/\/agora.xtec.cat\/escolaeldofi\/wp-content\/uploads\/usu2141\/2020\/10\/PHOTO-2020-10-24-20-36-28-768x576.jpg 768w, https:\/\/agora.xtec.cat\/escolaeldofi\/wp-content\/uploads\/usu2141\/2020\/10\/PHOTO-2020-10-24-20-36-28-200x150.jpg 200w\" sizes=\"auto, (max-width: 308px) 100vw, 308px\" \/><\/a>l\u2019escola municipal de m\u00fasica de Premi\u00e0 de Mar.<\/p>\n<p>El projecte pret\u00e9n donar acc\u00e9s i formaci\u00f3 musical a tots els sectors de la poblaci\u00f3 i que els alumnes s\u2019inici\u00efn en l\u2019aprenentatge de tocar la guitarra.<\/p>\n<p>El Projecte va adre\u00e7at als alumnes de 3r d\u2019EP i els alumnes fan una hora de guitarra a la setmana en horari lectiu. L&#8217;escola de m\u00fasica posa a la nostra disposici\u00f3 una guitarra per a cada alumne i els professors de l&#8217;escola de m\u00fasica s\u00f3n els encarregats d&#8217;impartir les classes.<\/p>\n<p>&nbsp;<\/p>\n","protected":false},"excerpt":{"rendered":"<p>El projecte \u201cmardeguitarres\u201d \u00e9s un projecte que s\u2019emmarca en el programa\u00a0 d\u2019innovaci\u00f3 araART i que iniciem aquest curs en col\u00b7laboraci\u00f3 amb <a href=\"https:\/\/agora.xtec.cat\/escolaeldofi\/wp-content\/uploads\/usu2141\/2020\/10\/PHOTO-2020-10-24-20-36-28.jpg\"><\/a>l\u2019escola municipal de m\u00fasica de Premi\u00e0 de Mar.<br \/>\nEl projecte pret\u00e9n donar acc\u00e9s i formaci\u00f3 musical a tots els sectors de la poblaci\u00f3 i&hellip;  <a href=\"https:\/\/agora.xtec.cat\/escolaeldofi\/projectes\/araart\/\" title=\"Read AraArt &#8211; Mar de guitarres\">Llegeix m\u00e9s\u00bb<\/a><\/p>\n","protected":false},"author":5,"featured_media":0,"parent":669,"menu_order":50,"comment_status":"closed","ping_status":"closed","template":"","meta":{"_bbp_topic_count":0,"_bbp_reply_count":0,"_bbp_total_topic_count":0,"_bbp_total_reply_count":0,"_bbp_voice_count":0,"_bbp_anonymous_reply_count":0,"_bbp_topic_count_hidden":0,"_bbp_reply_count_hidden":0,"_bbp_forum_subforum_count":0,"footnotes":""},"class_list":["post-679","page","type-page","status-publish","hentry"],"post_mailing_queue_ids":[],"_links":{"self":[{"href":"https:\/\/agora.xtec.cat\/escolaeldofi\/wp-json\/wp\/v2\/pages\/679","targetHints":{"allow":["GET"]}}],"collection":[{"href":"https:\/\/agora.xtec.cat\/escolaeldofi\/wp-json\/wp\/v2\/pages"}],"about":[{"href":"https:\/\/agora.xtec.cat\/escolaeldofi\/wp-json\/wp\/v2\/types\/page"}],"author":[{"embeddable":true,"href":"https:\/\/agora.xtec.cat\/escolaeldofi\/wp-json\/wp\/v2\/users\/5"}],"replies":[{"embeddable":true,"href":"https:\/\/agora.xtec.cat\/escolaeldofi\/wp-json\/wp\/v2\/comments?post=679"}],"version-history":[{"count":4,"href":"https:\/\/agora.xtec.cat\/escolaeldofi\/wp-json\/wp\/v2\/pages\/679\/revisions"}],"predecessor-version":[{"id":1042,"href":"https:\/\/agora.xtec.cat\/escolaeldofi\/wp-json\/wp\/v2\/pages\/679\/revisions\/1042"}],"up":[{"embeddable":true,"href":"https:\/\/agora.xtec.cat\/escolaeldofi\/wp-json\/wp\/v2\/pages\/669"}],"wp:attachment":[{"href":"https:\/\/agora.xtec.cat\/escolaeldofi\/wp-json\/wp\/v2\/media?parent=679"}],"curies":[{"name":"wp","href":"https:\/\/api.w.org\/{rel}","templated":true}]}}