{"id":594,"date":"2020-10-07T13:29:21","date_gmt":"2020-10-07T11:29:21","guid":{"rendered":"https:\/\/agora.xtec.cat\/escolaeldofi\/?page_id=594"},"modified":"2020-10-28T12:55:06","modified_gmt":"2020-10-28T11:55:06","slug":"historia","status":"publish","type":"page","link":"https:\/\/agora.xtec.cat\/escolaeldofi\/escola\/historia\/","title":{"rendered":"Hist\u00f2ria"},"content":{"rendered":"<p>L\u2019escola p\u00fablica El Dof\u00ed va n\u00e9ixer el curs 1970-71 per la voluntat d\u2019unes fam\u00edlies i mestres que volien per als seus fills i filles una escola catalana, p\u00fablica, democr\u00e0tica, laica i gratu\u00efta.<br \/>\nEs va iniciar com a cooperativa de mestres, formant part del CEPE<a href=\"http:\/\/blocs.xtec.cat\/escolaeldofi\/files\/2011\/11\/20160201_133023_b.jpg\"><img loading=\"lazy\" decoding=\"async\" class=\"wp-image-3242 alignright\" src=\"http:\/\/blocs.xtec.cat\/escolaeldofi\/files\/2011\/11\/20160201_133023_b-1024x576.jpg\" alt=\"\" width=\"326\" height=\"183\" \/><\/a>PC (Col\u00b7lectiu d\u2019Escoles per l\u2019Escola P\u00fablica Catalana) amb l\u2019objectiu d\u2019integrar-se a la xarxa d\u2019escoles p\u00fabliques de Catalunya, fet que es va aconseguir el febrer de 1988.<br \/>\nEl juny de 1992 va acollir-se al Pla d\u2019Escoles Associades de la UNESCO, tot comprometent-se a treballar en l\u2019educaci\u00f3 per a la Cooperaci\u00f3 i la Pau, potenciant la projecci\u00f3 humana i europeista dels nostres alumnes.<\/p>\n<p>&nbsp;<\/p>\n<p>Des del primer moment, l\u2019escola ha treballat i treballa per ser una escola integradora. Acollim<a href=\"http:\/\/blocs.xtec.cat\/escolaeldofi\/files\/2020\/03\/DSCF0206.jpg\"><img loading=\"lazy\" decoding=\"async\" class=\"wp-image-10942 alignleft\" src=\"http:\/\/blocs.xtec.cat\/escolaeldofi\/files\/2020\/03\/DSCF0206-1024x682.jpg\" alt=\"\" width=\"203\" height=\"135\" \/><\/a>\u00a0una gran diversitat de nens i nenes i treballem respectant el ritme de cadasc\u00fa, i amb un objectiu clar: desenvolupar al m\u00e0xim les capacitats intel\u00b7lectuals, emocionals i socials per poder formar part de la societat d\u2019una forma activa, lliure i responsable.<\/p>\n<p>&nbsp;<\/p>\n","protected":false},"excerpt":{"rendered":"<p>L\u2019escola p\u00fablica El Dof\u00ed va n\u00e9ixer el curs 1970-71 per la voluntat d\u2019unes fam\u00edlies i mestres que volien per als seus fills i filles una escola catalana, p\u00fablica, democr\u00e0tica, laica i gratu\u00efta.<br \/>\nEs va iniciar com a cooperativa de mestres, formant part del CEPE<a href=\"http:\/\/blocs.xtec.cat\/escolaeldofi\/files\/2011\/11\/20160201_133023_b.jpg\"><\/a>PC (Col\u00b7lectiu&hellip;  <a href=\"https:\/\/agora.xtec.cat\/escolaeldofi\/escola\/historia\/\" title=\"Read Hist\u00f2ria\">Llegeix m\u00e9s\u00bb<\/a><\/p>\n","protected":false},"author":5,"featured_media":0,"parent":592,"menu_order":10,"comment_status":"closed","ping_status":"closed","template":"","meta":{"_bbp_topic_count":0,"_bbp_reply_count":0,"_bbp_total_topic_count":0,"_bbp_total_reply_count":0,"_bbp_voice_count":0,"_bbp_anonymous_reply_count":0,"_bbp_topic_count_hidden":0,"_bbp_reply_count_hidden":0,"_bbp_forum_subforum_count":0,"footnotes":""},"class_list":["post-594","page","type-page","status-publish","hentry"],"post_mailing_queue_ids":[],"_links":{"self":[{"href":"https:\/\/agora.xtec.cat\/escolaeldofi\/wp-json\/wp\/v2\/pages\/594","targetHints":{"allow":["GET"]}}],"collection":[{"href":"https:\/\/agora.xtec.cat\/escolaeldofi\/wp-json\/wp\/v2\/pages"}],"about":[{"href":"https:\/\/agora.xtec.cat\/escolaeldofi\/wp-json\/wp\/v2\/types\/page"}],"author":[{"embeddable":true,"href":"https:\/\/agora.xtec.cat\/escolaeldofi\/wp-json\/wp\/v2\/users\/5"}],"replies":[{"embeddable":true,"href":"https:\/\/agora.xtec.cat\/escolaeldofi\/wp-json\/wp\/v2\/comments?post=594"}],"version-history":[{"count":4,"href":"https:\/\/agora.xtec.cat\/escolaeldofi\/wp-json\/wp\/v2\/pages\/594\/revisions"}],"predecessor-version":[{"id":602,"href":"https:\/\/agora.xtec.cat\/escolaeldofi\/wp-json\/wp\/v2\/pages\/594\/revisions\/602"}],"up":[{"embeddable":true,"href":"https:\/\/agora.xtec.cat\/escolaeldofi\/wp-json\/wp\/v2\/pages\/592"}],"wp:attachment":[{"href":"https:\/\/agora.xtec.cat\/escolaeldofi\/wp-json\/wp\/v2\/media?parent=594"}],"curies":[{"name":"wp","href":"https:\/\/api.w.org\/{rel}","templated":true}]}}