{"id":6828,"date":"2026-04-22T15:48:27","date_gmt":"2026-04-22T13:48:27","guid":{"rendered":"https:\/\/agora.xtec.cat\/escolaelcorb\/?page_id=6828"},"modified":"2026-04-23T16:07:29","modified_gmt":"2026-04-23T14:07:29","slug":"llengues-a-primaria","status":"publish","type":"page","link":"https:\/\/agora.xtec.cat\/escolaelcorb\/llengues-a-primaria\/","title":{"rendered":"Lleng\u00fces a Prim\u00e0ria"},"content":{"rendered":"\n<h2 class=\"wp-block-heading\">M\u00e9s que paraules: Connectem a trav\u00e9s del llenguatge<\/h2>\n\n\n\n<blockquote class=\"wp-block-quote is-layout-flow wp-block-quote-is-layout-flow\">\n<p>Dominar una llengua \u00e9s obrir una porta al pensament i a la relaci\u00f3 amb els altres. A la nostra escola, el catal\u00e0 i el castell\u00e0 es viuen de manera integrada, posant l&#8217;accent en la capacitat de l&#8217;alumne per expressar-se amb seguretat i gaudir de la literatura.<\/p>\n<\/blockquote>\n\n\n\n<div class=\"wp-block-columns is-layout-flex wp-container-core-columns-is-layout-1 wp-block-columns-is-layout-flex\">\n<div class=\"wp-block-column is-layout-flow wp-block-column-is-layout-flow\">\n<h4 class=\"wp-block-heading\">Metodologia Tekman i m\u00e9s enll\u00e0<\/h4>\n\n\n\n<p>Utilitzem un material estructurat i competencial que adaptem al ritme de cada infant. Complementem aquesta base amb un treball profund de <strong>comprensi\u00f3 lectora i oral<\/strong>, garantint que els alumnes no nom\u00e9s llegeixin, sin\u00f3 que entenguin i gaudeixin del que escolten.<\/p>\n<\/div>\n\n\n\n<div class=\"wp-block-column is-layout-flow wp-block-column-is-layout-flow\">\n<figure class=\"wp-block-image aligncenter size-large is-resized\"><a href=\"https:\/\/agora.xtec.cat\/escolaelcorb\/wp-content\/uploads\/usu852\/2026\/04\/WhatsApp-Image-2026-04-22-at-15.41.44-2.jpeg\"><img loading=\"lazy\" decoding=\"async\" width=\"1024\" height=\"768\" src=\"https:\/\/agora.xtec.cat\/escolaelcorb\/wp-content\/uploads\/usu852\/2026\/04\/WhatsApp-Image-2026-04-22-at-15.41.44-2-1024x768.jpeg\" alt=\"\" class=\"wp-image-6831\" style=\"width:396px;height:auto\" srcset=\"https:\/\/agora.xtec.cat\/escolaelcorb\/wp-content\/uploads\/usu852\/2026\/04\/WhatsApp-Image-2026-04-22-at-15.41.44-2-1024x768.jpeg 1024w, https:\/\/agora.xtec.cat\/escolaelcorb\/wp-content\/uploads\/usu852\/2026\/04\/WhatsApp-Image-2026-04-22-at-15.41.44-2-300x225.jpeg 300w, https:\/\/agora.xtec.cat\/escolaelcorb\/wp-content\/uploads\/usu852\/2026\/04\/WhatsApp-Image-2026-04-22-at-15.41.44-2-768x576.jpeg 768w, https:\/\/agora.xtec.cat\/escolaelcorb\/wp-content\/uploads\/usu852\/2026\/04\/WhatsApp-Image-2026-04-22-at-15.41.44-2-1536x1152.jpeg 1536w, https:\/\/agora.xtec.cat\/escolaelcorb\/wp-content\/uploads\/usu852\/2026\/04\/WhatsApp-Image-2026-04-22-at-15.41.44-2.jpeg 1600w\" sizes=\"auto, (max-width: 1024px) 100vw, 1024px\" \/><\/a><\/figure>\n<\/div>\n<\/div>\n\n\n\n<div class=\"wp-block-columns is-layout-flex wp-container-core-columns-is-layout-2 wp-block-columns-is-layout-flex\">\n<div class=\"wp-block-column is-layout-flow wp-block-column-is-layout-flow\">\n<figure class=\"wp-block-image size-large\"><a href=\"https:\/\/agora.xtec.cat\/escolaelcorb\/wp-content\/uploads\/usu852\/2026\/04\/WhatsApp-Image-2026-04-22-at-15.41.44-4.jpeg\"><img loading=\"lazy\" decoding=\"async\" width=\"1024\" height=\"768\" src=\"https:\/\/agora.xtec.cat\/escolaelcorb\/wp-content\/uploads\/usu852\/2026\/04\/WhatsApp-Image-2026-04-22-at-15.41.44-4-1024x768.jpeg\" alt=\"\" class=\"wp-image-6832\" srcset=\"https:\/\/agora.xtec.cat\/escolaelcorb\/wp-content\/uploads\/usu852\/2026\/04\/WhatsApp-Image-2026-04-22-at-15.41.44-4-1024x768.jpeg 1024w, https:\/\/agora.xtec.cat\/escolaelcorb\/wp-content\/uploads\/usu852\/2026\/04\/WhatsApp-Image-2026-04-22-at-15.41.44-4-300x225.jpeg 300w, https:\/\/agora.xtec.cat\/escolaelcorb\/wp-content\/uploads\/usu852\/2026\/04\/WhatsApp-Image-2026-04-22-at-15.41.44-4-768x576.jpeg 768w, https:\/\/agora.xtec.cat\/escolaelcorb\/wp-content\/uploads\/usu852\/2026\/04\/WhatsApp-Image-2026-04-22-at-15.41.44-4-1536x1152.jpeg 1536w, https:\/\/agora.xtec.cat\/escolaelcorb\/wp-content\/uploads\/usu852\/2026\/04\/WhatsApp-Image-2026-04-22-at-15.41.44-4.jpeg 1600w\" sizes=\"auto, (max-width: 1024px) 100vw, 1024px\" \/><\/a><\/figure>\n<\/div>\n\n\n\n<div class=\"wp-block-column is-layout-flow wp-block-column-is-layout-flow\">\n<h4 class=\"wp-block-heading\">Passi\u00f3 per la lectura<\/h4>\n\n\n\n<p>La lectura \u00e9s el cor de la nostra escola. Dediquem <strong>30 minuts diaris<\/strong> al Pla Lector, fomentant un h\u00e0bit que els acompanyar\u00e0 tota la vida. A m\u00e9s, els nostres alumnes de 5\u00e8 viuen l&#8217;emocionant experi\u00e8ncia de ser <strong>Padrins Lectors<\/strong> dels nens i nenes d&#8217;I5, creant un vincle d&#8217;aprenentatge i afecte a trav\u00e9s dels contes.<\/p>\n<\/div>\n<\/div>\n\n\n\n<div class=\"wp-block-columns is-layout-flex wp-container-core-columns-is-layout-3 wp-block-columns-is-layout-flex\">\n<div class=\"wp-block-column is-layout-flow wp-block-column-is-layout-flow\">\n<h4 class=\"wp-block-heading\">Escriptors i Oradors<\/h4>\n\n\n\n<p>Des de les redaccions de cap de setmana a Cicle Superior, fins a les exposicions orals en totes les mat\u00e8ries, ajudem els infants a perdre la por a parlar en p\u00fablic i a gaudir de l&#8217;escriptura creativa.<\/p>\n<\/div>\n\n\n\n<div class=\"wp-block-column is-layout-flow wp-block-column-is-layout-flow\">\n<figure class=\"wp-block-image aligncenter size-large is-resized\"><a href=\"https:\/\/agora.xtec.cat\/escolaelcorb\/wp-content\/uploads\/usu852\/2026\/04\/WhatsApp-Image-2026-04-22-at-15.41.44-1.jpeg\"><img loading=\"lazy\" decoding=\"async\" width=\"1024\" height=\"768\" src=\"https:\/\/agora.xtec.cat\/escolaelcorb\/wp-content\/uploads\/usu852\/2026\/04\/WhatsApp-Image-2026-04-22-at-15.41.44-1-1024x768.jpeg\" alt=\"\" class=\"wp-image-6833\" style=\"width:417px;height:auto\" srcset=\"https:\/\/agora.xtec.cat\/escolaelcorb\/wp-content\/uploads\/usu852\/2026\/04\/WhatsApp-Image-2026-04-22-at-15.41.44-1-1024x768.jpeg 1024w, https:\/\/agora.xtec.cat\/escolaelcorb\/wp-content\/uploads\/usu852\/2026\/04\/WhatsApp-Image-2026-04-22-at-15.41.44-1-300x225.jpeg 300w, https:\/\/agora.xtec.cat\/escolaelcorb\/wp-content\/uploads\/usu852\/2026\/04\/WhatsApp-Image-2026-04-22-at-15.41.44-1-768x576.jpeg 768w, https:\/\/agora.xtec.cat\/escolaelcorb\/wp-content\/uploads\/usu852\/2026\/04\/WhatsApp-Image-2026-04-22-at-15.41.44-1-1536x1152.jpeg 1536w, https:\/\/agora.xtec.cat\/escolaelcorb\/wp-content\/uploads\/usu852\/2026\/04\/WhatsApp-Image-2026-04-22-at-15.41.44-1.jpeg 1600w\" sizes=\"auto, (max-width: 1024px) 100vw, 1024px\" \/><\/a><\/figure>\n<\/div>\n<\/div>\n\n\n\n<div class=\"wp-block-columns is-layout-flex wp-container-core-columns-is-layout-4 wp-block-columns-is-layout-flex\">\n<div class=\"wp-block-column is-layout-flow wp-block-column-is-layout-flow\">\n<figure class=\"wp-block-image size-large\"><a href=\"https:\/\/agora.xtec.cat\/escolaelcorb\/wp-content\/uploads\/usu852\/2026\/04\/WhatsApp-Image-2026-04-22-at-15.41.44-3.jpeg\"><img loading=\"lazy\" decoding=\"async\" width=\"1024\" height=\"768\" src=\"https:\/\/agora.xtec.cat\/escolaelcorb\/wp-content\/uploads\/usu852\/2026\/04\/WhatsApp-Image-2026-04-22-at-15.41.44-3-1024x768.jpeg\" alt=\"\" class=\"wp-image-6834\" srcset=\"https:\/\/agora.xtec.cat\/escolaelcorb\/wp-content\/uploads\/usu852\/2026\/04\/WhatsApp-Image-2026-04-22-at-15.41.44-3-1024x768.jpeg 1024w, https:\/\/agora.xtec.cat\/escolaelcorb\/wp-content\/uploads\/usu852\/2026\/04\/WhatsApp-Image-2026-04-22-at-15.41.44-3-300x225.jpeg 300w, https:\/\/agora.xtec.cat\/escolaelcorb\/wp-content\/uploads\/usu852\/2026\/04\/WhatsApp-Image-2026-04-22-at-15.41.44-3-768x576.jpeg 768w, https:\/\/agora.xtec.cat\/escolaelcorb\/wp-content\/uploads\/usu852\/2026\/04\/WhatsApp-Image-2026-04-22-at-15.41.44-3-1536x1152.jpeg 1536w, https:\/\/agora.xtec.cat\/escolaelcorb\/wp-content\/uploads\/usu852\/2026\/04\/WhatsApp-Image-2026-04-22-at-15.41.44-3.jpeg 1600w\" sizes=\"auto, (max-width: 1024px) 100vw, 1024px\" \/><\/a><\/figure>\n<\/div>\n\n\n\n<div class=\"wp-block-column is-layout-flow wp-block-column-is-layout-flow\">\n<h4 class=\"wp-block-heading\">Avaluaci\u00f3 Formativa<\/h4>\n\n\n\n<p>Les proves no s\u00f3n un final, sin\u00f3 part del cam\u00ed. Les plantegem com una activitat m\u00e9s per valorar el progr\u00e9s i ajudar cada alumne a millorar dia a dia.<\/p>\n<\/div>\n<\/div>\n","protected":false},"excerpt":{"rendered":"<p>M\u00e9s que paraules: Connectem a trav\u00e9s del llenguatge Dominar una llengua \u00e9s obrir una porta al pensament i a la relaci\u00f3 amb els altres. A la nostra escola, el catal\u00e0 i el castell\u00e0 es viuen de manera integrada, posant l&#8217;accent en la capacitat de l&#8217;alumne per expressar-se amb seguretat i gaudir de la literatura. Metodologia [&hellip;]<\/p>\n","protected":false},"author":20,"featured_media":0,"parent":0,"menu_order":0,"comment_status":"closed","ping_status":"close","template":"","meta":{"site-sidebar-layout":"default","site-content-layout":"","ast-site-content-layout":"default","site-content-style":"default","site-sidebar-style":"default","ast-global-header-display":"","ast-banner-title-visibility":"","ast-main-header-display":"","ast-hfb-above-header-display":"","ast-hfb-below-header-display":"","ast-hfb-mobile-header-display":"","site-post-title":"disabled","ast-breadcrumbs-content":"","ast-featured-img":"","footer-sml-layout":"","theme-transparent-header-meta":"","adv-header-id-meta":"","stick-header-meta":"","header-above-stick-meta":"","header-main-stick-meta":"","header-below-stick-meta":"","astra-migrate-meta-layouts":"set","ast-page-background-enabled":"default","ast-page-background-meta":{"desktop":{"background-color":"var(--ast-global-color-4)","background-image":"","background-repeat":"repeat","background-position":"center center","background-size":"auto","background-attachment":"scroll","background-type":"","background-media":"","overlay-type":"","overlay-color":"","overlay-opacity":"","overlay-gradient":""},"tablet":{"background-color":"","background-image":"","background-repeat":"repeat","background-position":"center center","background-size":"auto","background-attachment":"scroll","background-type":"","background-media":"","overlay-type":"","overlay-color":"","overlay-opacity":"","overlay-gradient":""},"mobile":{"background-color":"","background-image":"","background-repeat":"repeat","background-position":"center center","background-size":"auto","background-attachment":"scroll","background-type":"","background-media":"","overlay-type":"","overlay-color":"","overlay-opacity":"","overlay-gradient":""}},"ast-content-background-meta":{"desktop":{"background-color":"var(--ast-global-color-5)","background-image":"","background-repeat":"repeat","background-position":"center center","background-size":"auto","background-attachment":"scroll","background-type":"","background-media":"","overlay-type":"","overlay-color":"","overlay-opacity":"","overlay-gradient":""},"tablet":{"background-color":"var(--ast-global-color-5)","background-image":"","background-repeat":"repeat","background-position":"center center","background-size":"auto","background-attachment":"scroll","background-type":"","background-media":"","overlay-type":"","overlay-color":"","overlay-opacity":"","overlay-gradient":""},"mobile":{"background-color":"var(--ast-global-color-5)","background-image":"","background-repeat":"repeat","background-position":"center center","background-size":"auto","background-attachment":"scroll","background-type":"","background-media":"","overlay-type":"","overlay-color":"","overlay-opacity":"","overlay-gradient":""}},"footnotes":""},"class_list":["post-6828","page","type-page","status-publish","hentry"],"post_mailing_queue_ids":[],"_links":{"self":[{"href":"https:\/\/agora.xtec.cat\/escolaelcorb\/wp-json\/wp\/v2\/pages\/6828","targetHints":{"allow":["GET"]}}],"collection":[{"href":"https:\/\/agora.xtec.cat\/escolaelcorb\/wp-json\/wp\/v2\/pages"}],"about":[{"href":"https:\/\/agora.xtec.cat\/escolaelcorb\/wp-json\/wp\/v2\/types\/page"}],"author":[{"embeddable":true,"href":"https:\/\/agora.xtec.cat\/escolaelcorb\/wp-json\/wp\/v2\/users\/20"}],"replies":[{"embeddable":true,"href":"https:\/\/agora.xtec.cat\/escolaelcorb\/wp-json\/wp\/v2\/comments?post=6828"}],"version-history":[{"count":1,"href":"https:\/\/agora.xtec.cat\/escolaelcorb\/wp-json\/wp\/v2\/pages\/6828\/revisions"}],"predecessor-version":[{"id":6835,"href":"https:\/\/agora.xtec.cat\/escolaelcorb\/wp-json\/wp\/v2\/pages\/6828\/revisions\/6835"}],"wp:attachment":[{"href":"https:\/\/agora.xtec.cat\/escolaelcorb\/wp-json\/wp\/v2\/media?parent=6828"}],"curies":[{"name":"wp","href":"https:\/\/api.w.org\/{rel}","templated":true}]}}