{"id":6600,"date":"2026-03-18T15:21:21","date_gmt":"2026-03-18T14:21:21","guid":{"rendered":"https:\/\/agora.xtec.cat\/escolaelcorb\/?page_id=6600"},"modified":"2026-03-23T12:37:24","modified_gmt":"2026-03-23T11:37:24","slug":"familia-escola","status":"publish","type":"page","link":"https:\/\/agora.xtec.cat\/escolaelcorb\/familia-escola\/","title":{"rendered":"Fam\u00edlia &#8211; Escola"},"content":{"rendered":"\n<div class=\"wp-block-cover is-light\" style=\"border-style:none;border-width:0px;border-radius:0px\"><span aria-hidden=\"true\" class=\"wp-block-cover__background has-background-dim\" style=\"background-color:#a68e69\"><\/span><img loading=\"lazy\" decoding=\"async\" width=\"2124\" height=\"2560\" class=\"wp-block-cover__image-background wp-image-6484\" alt=\"\" src=\"https:\/\/agora.xtec.cat\/escolaelcorb\/wp-content\/uploads\/usu852\/2026\/03\/IMG_0964-scaled.jpg\" data-object-fit=\"cover\" srcset=\"https:\/\/agora.xtec.cat\/escolaelcorb\/wp-content\/uploads\/usu852\/2026\/03\/IMG_0964-scaled.jpg 2124w, https:\/\/agora.xtec.cat\/escolaelcorb\/wp-content\/uploads\/usu852\/2026\/03\/IMG_0964-249x300.jpg 249w, https:\/\/agora.xtec.cat\/escolaelcorb\/wp-content\/uploads\/usu852\/2026\/03\/IMG_0964-850x1024.jpg 850w, https:\/\/agora.xtec.cat\/escolaelcorb\/wp-content\/uploads\/usu852\/2026\/03\/IMG_0964-768x926.jpg 768w, https:\/\/agora.xtec.cat\/escolaelcorb\/wp-content\/uploads\/usu852\/2026\/03\/IMG_0964-1274x1536.jpg 1274w, https:\/\/agora.xtec.cat\/escolaelcorb\/wp-content\/uploads\/usu852\/2026\/03\/IMG_0964-1699x2048.jpg 1699w\" sizes=\"auto, (max-width: 2124px) 100vw, 2124px\" \/><div class=\"wp-block-cover__inner-container is-layout-constrained wp-block-cover-is-layout-constrained\">\n<p class=\"has-text-align-center has-white-color has-text-color has-link-color has-large-font-size wp-elements-40da8f9882988c0ce86b38ff19a6a6d1\">Fam\u00edlia i Escola: Caminant Junts<\/p>\n<\/div><\/div>\n\n\n\n<p>Entenem que, per oferir el millor acompanyament als infants, cal que l&#8217;escola i la fam\u00edlia estiguin connectades en un mateix projecte de vida.<\/p>\n\n\n\n<div class=\"wp-block-columns is-layout-flex wp-container-core-columns-is-layout-1 wp-block-columns-is-layout-flex\">\n<div class=\"wp-block-column is-layout-flow wp-block-column-is-layout-flow\">\n<h4 class=\"wp-block-heading\">Comunicaci\u00f3 i acompanyament fluids<\/h4>\n\n\n\n<p>Cuidem els canals de contacte per construir una relaci\u00f3 de confian\u00e7a. Valorem la <strong>comunicaci\u00f3 di\u00e0ria<\/strong> a les entrades i sortides i realitzem <strong>tutories personalitzades<\/strong> per compartir l&#8217;evoluci\u00f3 integral de cada infant i caminar amb un objectiu com\u00fa.<\/p>\n<\/div>\n\n\n\n<div class=\"wp-block-column is-layout-flow wp-block-column-is-layout-flow\">\n<figure class=\"wp-block-image size-large has-custom-border\"><a href=\"https:\/\/agora.xtec.cat\/escolaelcorb\/wp-content\/uploads\/usu852\/2026\/03\/IMG_1149-1-scaled.jpg\"><img loading=\"lazy\" decoding=\"async\" width=\"1024\" height=\"595\" src=\"https:\/\/agora.xtec.cat\/escolaelcorb\/wp-content\/uploads\/usu852\/2026\/03\/IMG_1149-1-1024x595.jpg\" alt=\"\" class=\"wp-image-6640\" style=\"border-radius:26px\" srcset=\"https:\/\/agora.xtec.cat\/escolaelcorb\/wp-content\/uploads\/usu852\/2026\/03\/IMG_1149-1-1024x595.jpg 1024w, https:\/\/agora.xtec.cat\/escolaelcorb\/wp-content\/uploads\/usu852\/2026\/03\/IMG_1149-1-300x174.jpg 300w, https:\/\/agora.xtec.cat\/escolaelcorb\/wp-content\/uploads\/usu852\/2026\/03\/IMG_1149-1-768x446.jpg 768w, https:\/\/agora.xtec.cat\/escolaelcorb\/wp-content\/uploads\/usu852\/2026\/03\/IMG_1149-1-1536x893.jpg 1536w, https:\/\/agora.xtec.cat\/escolaelcorb\/wp-content\/uploads\/usu852\/2026\/03\/IMG_1149-1-2048x1190.jpg 2048w\" sizes=\"auto, (max-width: 1024px) 100vw, 1024px\" \/><\/a><\/figure>\n<\/div>\n<\/div>\n\n\n\n<div class=\"wp-block-group has-background is-layout-constrained wp-block-group-is-layout-constrained\" style=\"background:linear-gradient(135deg,rgba(7,227,220,0.98) 0%,rgba(5,250,250,0.05) 26%,rgb(81,171,224) 100%)\">\n<div class=\"wp-block-columns is-layout-flex wp-container-core-columns-is-layout-2 wp-block-columns-is-layout-flex\">\n<div class=\"wp-block-column is-layout-flow wp-block-column-is-layout-flow\">\n<h5 class=\"wp-block-heading has-text-align-center\">I3: Els primers vincles<\/h5>\n\n\n\n<figure class=\"wp-block-image size-full has-custom-border\" style=\"margin-top:3rem;margin-bottom:3rem\"><a href=\"https:\/\/agora.xtec.cat\/escolaelcorb\/wp-content\/uploads\/usu852\/2026\/03\/IMG_7715-1-scaled.jpeg\"><img loading=\"lazy\" decoding=\"async\" width=\"1920\" height=\"2560\" src=\"https:\/\/agora.xtec.cat\/escolaelcorb\/wp-content\/uploads\/usu852\/2026\/03\/IMG_7715-1-edited-scaled.jpeg\" alt=\"\" class=\"wp-image-6612\" style=\"border-radius:26px;aspect-ratio:16\/9;object-fit:cover\" srcset=\"https:\/\/agora.xtec.cat\/escolaelcorb\/wp-content\/uploads\/usu852\/2026\/03\/IMG_7715-1-edited-scaled.jpeg 1920w, https:\/\/agora.xtec.cat\/escolaelcorb\/wp-content\/uploads\/usu852\/2026\/03\/IMG_7715-1-edited-225x300.jpeg 225w, https:\/\/agora.xtec.cat\/escolaelcorb\/wp-content\/uploads\/usu852\/2026\/03\/IMG_7715-1-edited-768x1024.jpeg 768w, https:\/\/agora.xtec.cat\/escolaelcorb\/wp-content\/uploads\/usu852\/2026\/03\/IMG_7715-1-edited-1152x1536.jpeg 1152w, https:\/\/agora.xtec.cat\/escolaelcorb\/wp-content\/uploads\/usu852\/2026\/03\/IMG_7715-1-edited-1536x2048.jpeg 1536w\" sizes=\"auto, (max-width: 1920px) 100vw, 1920px\" \/><\/a><\/figure>\n\n\n\n<p>Constru\u00efm la identitat del grup amb el projecte del <strong>protagonista de la setmana<\/strong> i la <strong>mascota viatgera<\/strong>, que porta les viv\u00e8ncies de casa a l&#8217;escola.<\/p>\n<\/div>\n\n\n\n<div class=\"wp-block-column is-layout-flow wp-block-column-is-layout-flow\">\n<h5 class=\"wp-block-heading has-text-align-center\">I4: Compartint moments<\/h5>\n\n\n\n<figure class=\"wp-block-image aligncenter size-medium is-resized has-custom-border\" style=\"margin-top:3rem;margin-right:0;margin-bottom:3rem;margin-left:0\"><a href=\"https:\/\/agora.xtec.cat\/escolaelcorb\/wp-content\/uploads\/usu852\/2026\/03\/IMG_7171-1-1-scaled.jpg\"><img loading=\"lazy\" decoding=\"async\" width=\"225\" height=\"300\" src=\"https:\/\/agora.xtec.cat\/escolaelcorb\/wp-content\/uploads\/usu852\/2026\/03\/IMG_7171-1-1-225x300.jpg\" alt=\"\" class=\"wp-image-6609\" style=\"border-radius:26px;aspect-ratio:1.7777777777777777;object-fit:cover;width:380px;height:auto\" srcset=\"https:\/\/agora.xtec.cat\/escolaelcorb\/wp-content\/uploads\/usu852\/2026\/03\/IMG_7171-1-1-225x300.jpg 225w, https:\/\/agora.xtec.cat\/escolaelcorb\/wp-content\/uploads\/usu852\/2026\/03\/IMG_7171-1-1-768x1024.jpg 768w, https:\/\/agora.xtec.cat\/escolaelcorb\/wp-content\/uploads\/usu852\/2026\/03\/IMG_7171-1-1-1152x1536.jpg 1152w, https:\/\/agora.xtec.cat\/escolaelcorb\/wp-content\/uploads\/usu852\/2026\/03\/IMG_7171-1-1-1536x2048.jpg 1536w, https:\/\/agora.xtec.cat\/escolaelcorb\/wp-content\/uploads\/usu852\/2026\/03\/IMG_7171-1-1-scaled.jpg 1920w\" sizes=\"auto, (max-width: 225px) 100vw, 225px\" \/><\/a><\/figure>\n\n\n\n<p>Obrim les portes amb la <strong>tarda de fam\u00edlies<\/strong> i el <strong>conte viatger<\/strong>, on cada llar aporta la seva creativitat per compartir-la amb la resta de la classe.<\/p>\n<\/div>\n\n\n\n<div class=\"wp-block-column is-layout-flow wp-block-column-is-layout-flow\">\n<h5 class=\"wp-block-heading has-text-align-center\">I5: L&#8217;infant com a expert<\/h5>\n\n\n\n<figure class=\"wp-block-image aligncenter size-large is-resized has-custom-border\" style=\"margin-top:3rem;margin-bottom:3rem\"><a href=\"https:\/\/agora.xtec.cat\/escolaelcorb\/wp-content\/uploads\/usu852\/2026\/03\/WhatsApp-Image-2026-03-20-at-10.31.31-1.jpeg\"><img loading=\"lazy\" decoding=\"async\" width=\"1024\" height=\"856\" src=\"https:\/\/agora.xtec.cat\/escolaelcorb\/wp-content\/uploads\/usu852\/2026\/03\/WhatsApp-Image-2026-03-20-at-10.31.31-1-1024x856.jpeg\" alt=\"\" class=\"wp-image-6670\" style=\"border-radius:26px;aspect-ratio:1.7777777777777777;object-fit:cover;width:372px;height:auto\" srcset=\"https:\/\/agora.xtec.cat\/escolaelcorb\/wp-content\/uploads\/usu852\/2026\/03\/WhatsApp-Image-2026-03-20-at-10.31.31-1-1024x856.jpeg 1024w, https:\/\/agora.xtec.cat\/escolaelcorb\/wp-content\/uploads\/usu852\/2026\/03\/WhatsApp-Image-2026-03-20-at-10.31.31-1-300x251.jpeg 300w, https:\/\/agora.xtec.cat\/escolaelcorb\/wp-content\/uploads\/usu852\/2026\/03\/WhatsApp-Image-2026-03-20-at-10.31.31-1-768x642.jpeg 768w, https:\/\/agora.xtec.cat\/escolaelcorb\/wp-content\/uploads\/usu852\/2026\/03\/WhatsApp-Image-2026-03-20-at-10.31.31-1.jpeg 1200w\" sizes=\"auto, (max-width: 1024px) 100vw, 1024px\" \/><\/a><\/figure>\n\n\n\n<p>Col\u00b7laboreu ajudant l&#8217;infant a preparar el seu <strong>projecte d&#8217;expert<\/strong>. Tamb\u00e9 participeu activament en la lecto amb la <strong>llibreta de les endevinalles<\/strong>.<\/p>\n<\/div>\n<\/div>\n<\/div>\n\n\n\n<p><\/p>\n\n\n\n<h3 class=\"wp-block-heading\"><strong>Una escola viva<\/strong><\/h3>\n\n\n\n<div class=\"wp-block-columns is-layout-flex wp-container-core-columns-is-layout-3 wp-block-columns-is-layout-flex\">\n<div class=\"wp-block-column is-layout-flow wp-block-column-is-layout-flow\">\n<div class=\"wp-block-getwid-images-slider has-arrows-inside has-dots-inside has-images-center has-fitted-images has-fixed-height\"><div class=\"wp-block-getwid-images-slider__wrapper\" data-effect=\"slide\" data-slides-show=\"1\" data-slides-show-laptop=\"1\" data-slides-show-tablet=\"1\" data-slides-show-mobile=\"1\" data-slides-scroll=\"1\" data-autoplay=\"false\" data-pause-hover=\"false\" data-autoplay-speed=\"6000\" data-infinite=\"true\" data-animation-speed=\"800\" data-center-mode=\"false\" data-variable-width=\"false\" data-arrows=\"inside\" data-dots=\"inside\" data-spacing=\"none\"><div class=\"wp-block-getwid-images-slider__item\" style=\"height:400px\"><figure><img loading=\"lazy\" decoding=\"async\" width=\"2048\" height=\"1774\" src=\"https:\/\/agora.xtec.cat\/escolaelcorb\/wp-content\/uploads\/usu852\/2026\/03\/20211225_140752-2048x1774.jpg\" data-id=\"6615\" data-link=\"https:\/\/agora.xtec.cat\/escolaelcorb\/familia-escola\/attachment\/20211225_140752\/\" data-original-link=\"https:\/\/agora.xtec.cat\/escolaelcorb\/wp-content\/uploads\/usu852\/2026\/03\/20211225_140752-2048x1774.jpg\" class=\"wp-block-getwid-images-slider__image wp-image-6615\" srcset=\"https:\/\/agora.xtec.cat\/escolaelcorb\/wp-content\/uploads\/usu852\/2026\/03\/20211225_140752-2048x1774.jpg 2048w, https:\/\/agora.xtec.cat\/escolaelcorb\/wp-content\/uploads\/usu852\/2026\/03\/20211225_140752-300x260.jpg 300w, https:\/\/agora.xtec.cat\/escolaelcorb\/wp-content\/uploads\/usu852\/2026\/03\/20211225_140752-1024x887.jpg 1024w, https:\/\/agora.xtec.cat\/escolaelcorb\/wp-content\/uploads\/usu852\/2026\/03\/20211225_140752-768x665.jpg 768w, https:\/\/agora.xtec.cat\/escolaelcorb\/wp-content\/uploads\/usu852\/2026\/03\/20211225_140752-1536x1331.jpg 1536w\" sizes=\"auto, (max-width: 2048px) 100vw, 2048px\" \/><\/figure><\/div><div class=\"wp-block-getwid-images-slider__item\" style=\"height:400px\"><figure><img loading=\"lazy\" decoding=\"async\" width=\"1059\" height=\"2048\" src=\"https:\/\/agora.xtec.cat\/escolaelcorb\/wp-content\/uploads\/usu852\/2026\/03\/20220311_120037-1059x2048.jpg\" data-id=\"6616\" data-link=\"https:\/\/agora.xtec.cat\/escolaelcorb\/familia-escola\/attachment\/20220311_120037\/\" data-original-link=\"https:\/\/agora.xtec.cat\/escolaelcorb\/wp-content\/uploads\/usu852\/2026\/03\/20220311_120037-1059x2048.jpg\" class=\"wp-block-getwid-images-slider__image wp-image-6616\" srcset=\"https:\/\/agora.xtec.cat\/escolaelcorb\/wp-content\/uploads\/usu852\/2026\/03\/20220311_120037-1059x2048.jpg 1059w, https:\/\/agora.xtec.cat\/escolaelcorb\/wp-content\/uploads\/usu852\/2026\/03\/20220311_120037-155x300.jpg 155w, https:\/\/agora.xtec.cat\/escolaelcorb\/wp-content\/uploads\/usu852\/2026\/03\/20220311_120037-530x1024.jpg 530w, https:\/\/agora.xtec.cat\/escolaelcorb\/wp-content\/uploads\/usu852\/2026\/03\/20220311_120037-768x1485.jpg 768w, https:\/\/agora.xtec.cat\/escolaelcorb\/wp-content\/uploads\/usu852\/2026\/03\/20220311_120037-794x1536.jpg 794w, https:\/\/agora.xtec.cat\/escolaelcorb\/wp-content\/uploads\/usu852\/2026\/03\/20220311_120037-scaled.jpg 1324w\" sizes=\"auto, (max-width: 1059px) 100vw, 1059px\" \/><\/figure><\/div><div class=\"wp-block-getwid-images-slider__item\" style=\"height:400px\"><figure><img loading=\"lazy\" decoding=\"async\" width=\"1920\" height=\"2560\" src=\"https:\/\/agora.xtec.cat\/escolaelcorb\/wp-content\/uploads\/usu852\/2026\/03\/IMG20241129095451-scaled.jpg\" data-id=\"6618\" data-link=\"https:\/\/agora.xtec.cat\/escolaelcorb\/familia-escola\/attachment\/oplus_32\/\" data-original-link=\"https:\/\/agora.xtec.cat\/escolaelcorb\/wp-content\/uploads\/usu852\/2026\/03\/IMG20241129095451-scaled.jpg\" class=\"wp-block-getwid-images-slider__image wp-image-6618\" srcset=\"https:\/\/agora.xtec.cat\/escolaelcorb\/wp-content\/uploads\/usu852\/2026\/03\/IMG20241129095451-scaled.jpg 1920w, https:\/\/agora.xtec.cat\/escolaelcorb\/wp-content\/uploads\/usu852\/2026\/03\/IMG20241129095451-225x300.jpg 225w, https:\/\/agora.xtec.cat\/escolaelcorb\/wp-content\/uploads\/usu852\/2026\/03\/IMG20241129095451-768x1024.jpg 768w, https:\/\/agora.xtec.cat\/escolaelcorb\/wp-content\/uploads\/usu852\/2026\/03\/IMG20241129095451-1152x1536.jpg 1152w, https:\/\/agora.xtec.cat\/escolaelcorb\/wp-content\/uploads\/usu852\/2026\/03\/IMG20241129095451-1536x2048.jpg 1536w\" sizes=\"auto, (max-width: 1920px) 100vw, 1920px\" \/><figcaption class=\"wp-block-getwid-images-slider__caption\">oplus_32<\/figcaption><\/figure><\/div><div class=\"wp-block-getwid-images-slider__item\" style=\"height:400px\"><figure><img loading=\"lazy\" decoding=\"async\" width=\"1928\" height=\"2560\" src=\"https:\/\/agora.xtec.cat\/escolaelcorb\/wp-content\/uploads\/usu852\/2026\/03\/1734771323732-1-1-scaled.jpg\" data-id=\"6620\" data-link=\"https:\/\/agora.xtec.cat\/escolaelcorb\/familia-escola\/attachment\/1734771323732-1-1\/\" data-original-link=\"https:\/\/agora.xtec.cat\/escolaelcorb\/wp-content\/uploads\/usu852\/2026\/03\/1734771323732-1-1-scaled.jpg\" class=\"wp-block-getwid-images-slider__image wp-image-6620\" srcset=\"https:\/\/agora.xtec.cat\/escolaelcorb\/wp-content\/uploads\/usu852\/2026\/03\/1734771323732-1-1-scaled.jpg 1928w, https:\/\/agora.xtec.cat\/escolaelcorb\/wp-content\/uploads\/usu852\/2026\/03\/1734771323732-1-1-226x300.jpg 226w, https:\/\/agora.xtec.cat\/escolaelcorb\/wp-content\/uploads\/usu852\/2026\/03\/1734771323732-1-1-771x1024.jpg 771w, https:\/\/agora.xtec.cat\/escolaelcorb\/wp-content\/uploads\/usu852\/2026\/03\/1734771323732-1-1-768x1020.jpg 768w, https:\/\/agora.xtec.cat\/escolaelcorb\/wp-content\/uploads\/usu852\/2026\/03\/1734771323732-1-1-1157x1536.jpg 1157w, https:\/\/agora.xtec.cat\/escolaelcorb\/wp-content\/uploads\/usu852\/2026\/03\/1734771323732-1-1-1542x2048.jpg 1542w\" sizes=\"auto, (max-width: 1928px) 100vw, 1928px\" \/><\/figure><\/div><div class=\"wp-block-getwid-images-slider__item\" style=\"height:400px\"><figure><img loading=\"lazy\" decoding=\"async\" width=\"2560\" height=\"1791\" src=\"https:\/\/agora.xtec.cat\/escolaelcorb\/wp-content\/uploads\/usu852\/2026\/03\/IMG_8079-1-scaled.jpg\" data-id=\"6621\" data-link=\"https:\/\/agora.xtec.cat\/escolaelcorb\/familia-escola\/attachment\/img_8079-1\/\" data-original-link=\"https:\/\/agora.xtec.cat\/escolaelcorb\/wp-content\/uploads\/usu852\/2026\/03\/IMG_8079-1-scaled.jpg\" class=\"wp-block-getwid-images-slider__image wp-image-6621\" srcset=\"https:\/\/agora.xtec.cat\/escolaelcorb\/wp-content\/uploads\/usu852\/2026\/03\/IMG_8079-1-scaled.jpg 2560w, https:\/\/agora.xtec.cat\/escolaelcorb\/wp-content\/uploads\/usu852\/2026\/03\/IMG_8079-1-300x210.jpg 300w, https:\/\/agora.xtec.cat\/escolaelcorb\/wp-content\/uploads\/usu852\/2026\/03\/IMG_8079-1-1024x717.jpg 1024w, https:\/\/agora.xtec.cat\/escolaelcorb\/wp-content\/uploads\/usu852\/2026\/03\/IMG_8079-1-768x537.jpg 768w, https:\/\/agora.xtec.cat\/escolaelcorb\/wp-content\/uploads\/usu852\/2026\/03\/IMG_8079-1-1536x1075.jpg 1536w, https:\/\/agora.xtec.cat\/escolaelcorb\/wp-content\/uploads\/usu852\/2026\/03\/IMG_8079-1-2048x1433.jpg 2048w\" sizes=\"auto, (max-width: 2560px) 100vw, 2560px\" \/><\/figure><\/div><div class=\"wp-block-getwid-images-slider__item\" style=\"height:400px\"><figure><img loading=\"lazy\" decoding=\"async\" width=\"1190\" height=\"2560\" src=\"https:\/\/agora.xtec.cat\/escolaelcorb\/wp-content\/uploads\/usu852\/2026\/03\/IMG_1618-1-scaled.jpg\" data-id=\"6622\" data-link=\"https:\/\/agora.xtec.cat\/escolaelcorb\/familia-escola\/attachment\/img_1618-1\/\" data-original-link=\"https:\/\/agora.xtec.cat\/escolaelcorb\/wp-content\/uploads\/usu852\/2026\/03\/IMG_1618-1-scaled.jpg\" class=\"wp-block-getwid-images-slider__image wp-image-6622\" srcset=\"https:\/\/agora.xtec.cat\/escolaelcorb\/wp-content\/uploads\/usu852\/2026\/03\/IMG_1618-1-scaled.jpg 1190w, https:\/\/agora.xtec.cat\/escolaelcorb\/wp-content\/uploads\/usu852\/2026\/03\/IMG_1618-1-139x300.jpg 139w, https:\/\/agora.xtec.cat\/escolaelcorb\/wp-content\/uploads\/usu852\/2026\/03\/IMG_1618-1-476x1024.jpg 476w, https:\/\/agora.xtec.cat\/escolaelcorb\/wp-content\/uploads\/usu852\/2026\/03\/IMG_1618-1-768x1653.jpg 768w, https:\/\/agora.xtec.cat\/escolaelcorb\/wp-content\/uploads\/usu852\/2026\/03\/IMG_1618-1-714x1536.jpg 714w, https:\/\/agora.xtec.cat\/escolaelcorb\/wp-content\/uploads\/usu852\/2026\/03\/IMG_1618-1-952x2048.jpg 952w\" sizes=\"auto, (max-width: 1190px) 100vw, 1190px\" \/><\/figure><\/div><div class=\"wp-block-getwid-images-slider__item\" style=\"height:400px\"><figure><img loading=\"lazy\" decoding=\"async\" width=\"2560\" height=\"1145\" src=\"https:\/\/agora.xtec.cat\/escolaelcorb\/wp-content\/uploads\/usu852\/2026\/03\/IMG20250228151547-1-scaled.jpg\" data-id=\"6635\" data-link=\"https:\/\/agora.xtec.cat\/escolaelcorb\/familia-escola\/attachment\/img20250228151547-1\/\" data-original-link=\"https:\/\/agora.xtec.cat\/escolaelcorb\/wp-content\/uploads\/usu852\/2026\/03\/IMG20250228151547-1-scaled.jpg\" class=\"wp-block-getwid-images-slider__image wp-image-6635\" srcset=\"https:\/\/agora.xtec.cat\/escolaelcorb\/wp-content\/uploads\/usu852\/2026\/03\/IMG20250228151547-1-scaled.jpg 2560w, https:\/\/agora.xtec.cat\/escolaelcorb\/wp-content\/uploads\/usu852\/2026\/03\/IMG20250228151547-1-300x134.jpg 300w, https:\/\/agora.xtec.cat\/escolaelcorb\/wp-content\/uploads\/usu852\/2026\/03\/IMG20250228151547-1-1024x458.jpg 1024w, https:\/\/agora.xtec.cat\/escolaelcorb\/wp-content\/uploads\/usu852\/2026\/03\/IMG20250228151547-1-768x343.jpg 768w, https:\/\/agora.xtec.cat\/escolaelcorb\/wp-content\/uploads\/usu852\/2026\/03\/IMG20250228151547-1-1536x687.jpg 1536w, https:\/\/agora.xtec.cat\/escolaelcorb\/wp-content\/uploads\/usu852\/2026\/03\/IMG20250228151547-1-2048x916.jpg 2048w\" sizes=\"auto, (max-width: 2560px) 100vw, 2560px\" \/><\/figure><\/div><div class=\"wp-block-getwid-images-slider__item\" style=\"height:400px\"><figure><img loading=\"lazy\" decoding=\"async\" width=\"2560\" height=\"2287\" src=\"https:\/\/agora.xtec.cat\/escolaelcorb\/wp-content\/uploads\/usu852\/2026\/03\/IMG20241120120915-scaled.jpg\" data-id=\"6636\" data-link=\"https:\/\/agora.xtec.cat\/escolaelcorb\/familia-escola\/attachment\/img20241120120915\/\" data-original-link=\"https:\/\/agora.xtec.cat\/escolaelcorb\/wp-content\/uploads\/usu852\/2026\/03\/IMG20241120120915-scaled.jpg\" class=\"wp-block-getwid-images-slider__image wp-image-6636\" srcset=\"https:\/\/agora.xtec.cat\/escolaelcorb\/wp-content\/uploads\/usu852\/2026\/03\/IMG20241120120915-scaled.jpg 2560w, https:\/\/agora.xtec.cat\/escolaelcorb\/wp-content\/uploads\/usu852\/2026\/03\/IMG20241120120915-300x268.jpg 300w, https:\/\/agora.xtec.cat\/escolaelcorb\/wp-content\/uploads\/usu852\/2026\/03\/IMG20241120120915-1024x915.jpg 1024w, https:\/\/agora.xtec.cat\/escolaelcorb\/wp-content\/uploads\/usu852\/2026\/03\/IMG20241120120915-768x686.jpg 768w, https:\/\/agora.xtec.cat\/escolaelcorb\/wp-content\/uploads\/usu852\/2026\/03\/IMG20241120120915-1536x1372.jpg 1536w, https:\/\/agora.xtec.cat\/escolaelcorb\/wp-content\/uploads\/usu852\/2026\/03\/IMG20241120120915-2048x1830.jpg 2048w\" sizes=\"auto, (max-width: 2560px) 100vw, 2560px\" \/><\/figure><\/div><div class=\"wp-block-getwid-images-slider__item\" style=\"height:400px\"><figure><img loading=\"lazy\" decoding=\"async\" width=\"1920\" height=\"2560\" src=\"https:\/\/agora.xtec.cat\/escolaelcorb\/wp-content\/uploads\/usu852\/2026\/03\/IMG20241120121429-1-scaled.jpg\" data-id=\"6638\" data-link=\"https:\/\/agora.xtec.cat\/escolaelcorb\/familia-escola\/attachment\/img20241120121429-1\/\" data-original-link=\"https:\/\/agora.xtec.cat\/escolaelcorb\/wp-content\/uploads\/usu852\/2026\/03\/IMG20241120121429-1-scaled.jpg\" class=\"wp-block-getwid-images-slider__image wp-image-6638\" srcset=\"https:\/\/agora.xtec.cat\/escolaelcorb\/wp-content\/uploads\/usu852\/2026\/03\/IMG20241120121429-1-scaled.jpg 1920w, https:\/\/agora.xtec.cat\/escolaelcorb\/wp-content\/uploads\/usu852\/2026\/03\/IMG20241120121429-1-225x300.jpg 225w, https:\/\/agora.xtec.cat\/escolaelcorb\/wp-content\/uploads\/usu852\/2026\/03\/IMG20241120121429-1-768x1024.jpg 768w, https:\/\/agora.xtec.cat\/escolaelcorb\/wp-content\/uploads\/usu852\/2026\/03\/IMG20241120121429-1-1152x1536.jpg 1152w, https:\/\/agora.xtec.cat\/escolaelcorb\/wp-content\/uploads\/usu852\/2026\/03\/IMG20241120121429-1-1536x2048.jpg 1536w\" sizes=\"auto, (max-width: 1920px) 100vw, 1920px\" \/><\/figure><\/div><\/div><\/div>\n<\/div>\n<\/div>\n\n\n\n<p>Les fam\u00edlies tenen un paper actiu i essencial en la vida del centre. Participar en les nostres festes i celebracions \u00e9s la millor manera de fer comunitat.<\/p>\n\n\n\n<p><\/p>\n","protected":false},"excerpt":{"rendered":"<p>Entenem que, per oferir el millor acompanyament als infants, cal que l&#8217;escola i la fam\u00edlia estiguin connectades en un mateix projecte de vida. Comunicaci\u00f3 i acompanyament fluids Cuidem els canals de contacte per construir una relaci\u00f3 de confian\u00e7a. Valorem la comunicaci\u00f3 di\u00e0ria a les entrades i sortides i realitzem tutories personalitzades per compartir l&#8217;evoluci\u00f3 integral [&hellip;]<\/p>\n","protected":false},"author":20,"featured_media":0,"parent":0,"menu_order":0,"comment_status":"closed","ping_status":"close","template":"","meta":{"site-sidebar-layout":"no-sidebar","site-content-layout":"","ast-site-content-layout":"default","site-content-style":"default","site-sidebar-style":"default","ast-global-header-display":"","ast-banner-title-visibility":"","ast-main-header-display":"","ast-hfb-above-header-display":"","ast-hfb-below-header-display":"","ast-hfb-mobile-header-display":"","site-post-title":"","ast-breadcrumbs-content":"","ast-featured-img":"","footer-sml-layout":"","theme-transparent-header-meta":"","adv-header-id-meta":"","stick-header-meta":"","header-above-stick-meta":"","header-main-stick-meta":"","header-below-stick-meta":"","astra-migrate-meta-layouts":"set","ast-page-background-enabled":"default","ast-page-background-meta":{"desktop":{"background-color":"var(--ast-global-color-4)","background-image":"","background-repeat":"repeat","background-position":"center center","background-size":"auto","background-attachment":"scroll","background-type":"","background-media":"","overlay-type":"","overlay-color":"","overlay-opacity":"","overlay-gradient":""},"tablet":{"background-color":"","background-image":"","background-repeat":"repeat","background-position":"center center","background-size":"auto","background-attachment":"scroll","background-type":"","background-media":"","overlay-type":"","overlay-color":"","overlay-opacity":"","overlay-gradient":""},"mobile":{"background-color":"","background-image":"","background-repeat":"repeat","background-position":"center center","background-size":"auto","background-attachment":"scroll","background-type":"","background-media":"","overlay-type":"","overlay-color":"","overlay-opacity":"","overlay-gradient":""}},"ast-content-background-meta":{"desktop":{"background-color":"var(--ast-global-color-5)","background-image":"","background-repeat":"repeat","background-position":"center center","background-size":"auto","background-attachment":"scroll","background-type":"","background-media":"","overlay-type":"","overlay-color":"","overlay-opacity":"","overlay-gradient":""},"tablet":{"background-color":"var(--ast-global-color-5)","background-image":"","background-repeat":"repeat","background-position":"center center","background-size":"auto","background-attachment":"scroll","background-type":"","background-media":"","overlay-type":"","overlay-color":"","overlay-opacity":"","overlay-gradient":""},"mobile":{"background-color":"var(--ast-global-color-5)","background-image":"","background-repeat":"repeat","background-position":"center center","background-size":"auto","background-attachment":"scroll","background-type":"","background-media":"","overlay-type":"","overlay-color":"","overlay-opacity":"","overlay-gradient":""}},"footnotes":""},"class_list":["post-6600","page","type-page","status-publish","hentry"],"post_mailing_queue_ids":[],"_links":{"self":[{"href":"https:\/\/agora.xtec.cat\/escolaelcorb\/wp-json\/wp\/v2\/pages\/6600","targetHints":{"allow":["GET"]}}],"collection":[{"href":"https:\/\/agora.xtec.cat\/escolaelcorb\/wp-json\/wp\/v2\/pages"}],"about":[{"href":"https:\/\/agora.xtec.cat\/escolaelcorb\/wp-json\/wp\/v2\/types\/page"}],"author":[{"embeddable":true,"href":"https:\/\/agora.xtec.cat\/escolaelcorb\/wp-json\/wp\/v2\/users\/20"}],"replies":[{"embeddable":true,"href":"https:\/\/agora.xtec.cat\/escolaelcorb\/wp-json\/wp\/v2\/comments?post=6600"}],"version-history":[{"count":6,"href":"https:\/\/agora.xtec.cat\/escolaelcorb\/wp-json\/wp\/v2\/pages\/6600\/revisions"}],"predecessor-version":[{"id":6693,"href":"https:\/\/agora.xtec.cat\/escolaelcorb\/wp-json\/wp\/v2\/pages\/6600\/revisions\/6693"}],"wp:attachment":[{"href":"https:\/\/agora.xtec.cat\/escolaelcorb\/wp-json\/wp\/v2\/media?parent=6600"}],"curies":[{"name":"wp","href":"https:\/\/api.w.org\/{rel}","templated":true}]}}