{"id":6372,"date":"2026-03-06T12:00:23","date_gmt":"2026-03-06T11:00:23","guid":{"rendered":"https:\/\/agora.xtec.cat\/escolaelcorb\/?page_id=6372"},"modified":"2026-03-23T12:49:05","modified_gmt":"2026-03-23T11:49:05","slug":"psicomotricitat-el-valor-del-moviment","status":"publish","type":"page","link":"https:\/\/agora.xtec.cat\/escolaelcorb\/psicomotricitat-el-valor-del-moviment\/","title":{"rendered":"Psicomotricitat &#8211; El valor del moviment"},"content":{"rendered":"\n<div class=\"wp-block-media-text alignfull is-stacked-on-mobile is-vertically-aligned-center\"><figure class=\"wp-block-media-text__media\"><img loading=\"lazy\" decoding=\"async\" width=\"1024\" height=\"706\" src=\"https:\/\/agora.xtec.cat\/escolaelcorb\/wp-content\/uploads\/usu852\/2026\/03\/ce0b1a8a-1949-430b-a0d5-eca90040dd0c1-1-1024x706.jpg\" alt=\"\" class=\"wp-image-6387 size-full\" srcset=\"https:\/\/agora.xtec.cat\/escolaelcorb\/wp-content\/uploads\/usu852\/2026\/03\/ce0b1a8a-1949-430b-a0d5-eca90040dd0c1-1-1024x706.jpg 1024w, https:\/\/agora.xtec.cat\/escolaelcorb\/wp-content\/uploads\/usu852\/2026\/03\/ce0b1a8a-1949-430b-a0d5-eca90040dd0c1-1-300x207.jpg 300w, https:\/\/agora.xtec.cat\/escolaelcorb\/wp-content\/uploads\/usu852\/2026\/03\/ce0b1a8a-1949-430b-a0d5-eca90040dd0c1-1-768x529.jpg 768w, https:\/\/agora.xtec.cat\/escolaelcorb\/wp-content\/uploads\/usu852\/2026\/03\/ce0b1a8a-1949-430b-a0d5-eca90040dd0c1-1-1536x1058.jpg 1536w, https:\/\/agora.xtec.cat\/escolaelcorb\/wp-content\/uploads\/usu852\/2026\/03\/ce0b1a8a-1949-430b-a0d5-eca90040dd0c1-1-2048x1411.jpg 2048w\" sizes=\"auto, (max-width: 1024px) 100vw, 1024px\" \/><\/figure><div class=\"wp-block-media-text__content\">\n<h1 class=\"wp-block-heading has-text-align-center has-text-color\" style=\"color:#000000\"><strong>La Psicomotricitat a Infantil: cr\u00e9ixer <\/strong>a trav\u00e9s del cos.<\/h1>\n\n\n\n<p>A l&#8217;etapa d&#8217;Infantil, el moviment \u00e9s la base de tot aprenentatge. Un espai vital on el cos i el joc esdevenen el motor per cr\u00e9ixer amb seguretat i autonomia.<\/p>\n<\/div><\/div>\n\n\n\n<div class=\"wp-block-columns is-layout-flex wp-container-core-columns-is-layout-1 wp-block-columns-is-layout-flex\">\n<div class=\"wp-block-column is-layout-flow wp-block-column-is-layout-flow\">\n<p><strong>Dues sessions setmanals.<\/strong> El moviment constant \u00e9s clau per al desenvolupament motor.<\/p>\n<\/div>\n\n\n\n<div class=\"wp-block-column is-layout-flow wp-block-column-is-layout-flow\">\n<p><strong>Grups desdoblats.<\/strong> Sessions en petit grup per garantir una mirada atenta i una intervenci\u00f3 individualitzada.<\/p>\n<\/div>\n<\/div>\n\n\n\n<div class=\"wp-block-group has-pale-ocean-gradient-background has-background is-layout-constrained wp-block-group-is-layout-constrained\">\n<div class=\"wp-block-columns is-layout-flex wp-container-core-columns-is-layout-2 wp-block-columns-is-layout-flex\">\n<div class=\"wp-block-column is-layout-flow wp-block-column-is-layout-flow\">\n<figure class=\"wp-block-gallery has-nested-images columns-default is-cropped wp-block-gallery-1 is-layout-flex wp-block-gallery-is-layout-flex\">\n<figure class=\"wp-block-image size-large\"><a href=\"https:\/\/agora.xtec.cat\/escolaelcorb\/wp-content\/uploads\/usu852\/2026\/03\/7fd1a32c-a70c-49bf-8baf-b219aae8dc921-1-scaled.jpg\"><img loading=\"lazy\" decoding=\"async\" width=\"1024\" height=\"767\" src=\"https:\/\/agora.xtec.cat\/escolaelcorb\/wp-content\/uploads\/usu852\/2026\/03\/7fd1a32c-a70c-49bf-8baf-b219aae8dc921-1-1024x767.jpg\" alt=\"\" class=\"wp-image-6388\" srcset=\"https:\/\/agora.xtec.cat\/escolaelcorb\/wp-content\/uploads\/usu852\/2026\/03\/7fd1a32c-a70c-49bf-8baf-b219aae8dc921-1-1024x767.jpg 1024w, https:\/\/agora.xtec.cat\/escolaelcorb\/wp-content\/uploads\/usu852\/2026\/03\/7fd1a32c-a70c-49bf-8baf-b219aae8dc921-1-300x225.jpg 300w, https:\/\/agora.xtec.cat\/escolaelcorb\/wp-content\/uploads\/usu852\/2026\/03\/7fd1a32c-a70c-49bf-8baf-b219aae8dc921-1-768x575.jpg 768w, https:\/\/agora.xtec.cat\/escolaelcorb\/wp-content\/uploads\/usu852\/2026\/03\/7fd1a32c-a70c-49bf-8baf-b219aae8dc921-1-1536x1151.jpg 1536w, https:\/\/agora.xtec.cat\/escolaelcorb\/wp-content\/uploads\/usu852\/2026\/03\/7fd1a32c-a70c-49bf-8baf-b219aae8dc921-1-2048x1535.jpg 2048w\" sizes=\"auto, (max-width: 1024px) 100vw, 1024px\" \/><\/a><\/figure>\n<\/figure>\n\n\n\n<p>L&#8217;infant transita des del joc lliure espontani per expressar les seves emocions i necessitats.<\/p>\n<\/div>\n\n\n\n<div class=\"wp-block-column is-layout-flow wp-block-column-is-layout-flow\">\n<figure class=\"wp-block-gallery has-nested-images columns-default is-cropped wp-block-gallery-2 is-layout-flex wp-block-gallery-is-layout-flex\">\n<figure class=\"wp-block-image size-large\"><a href=\"https:\/\/agora.xtec.cat\/escolaelcorb\/wp-content\/uploads\/usu852\/2026\/03\/WhatsApp-Image-2026-03-06-at-08.46.42.jpeg\"><img loading=\"lazy\" decoding=\"async\" width=\"1024\" height=\"768\" src=\"https:\/\/agora.xtec.cat\/escolaelcorb\/wp-content\/uploads\/usu852\/2026\/03\/WhatsApp-Image-2026-03-06-at-08.46.42-1024x768.jpeg\" alt=\"\" class=\"wp-image-6389\" srcset=\"https:\/\/agora.xtec.cat\/escolaelcorb\/wp-content\/uploads\/usu852\/2026\/03\/WhatsApp-Image-2026-03-06-at-08.46.42-1024x768.jpeg 1024w, https:\/\/agora.xtec.cat\/escolaelcorb\/wp-content\/uploads\/usu852\/2026\/03\/WhatsApp-Image-2026-03-06-at-08.46.42-300x225.jpeg 300w, https:\/\/agora.xtec.cat\/escolaelcorb\/wp-content\/uploads\/usu852\/2026\/03\/WhatsApp-Image-2026-03-06-at-08.46.42-768x576.jpeg 768w, https:\/\/agora.xtec.cat\/escolaelcorb\/wp-content\/uploads\/usu852\/2026\/03\/WhatsApp-Image-2026-03-06-at-08.46.42-1536x1152.jpeg 1536w, https:\/\/agora.xtec.cat\/escolaelcorb\/wp-content\/uploads\/usu852\/2026\/03\/WhatsApp-Image-2026-03-06-at-08.46.42.jpeg 1600w\" sizes=\"auto, (max-width: 1024px) 100vw, 1024px\" \/><\/a><\/figure>\n<\/figure>\n\n\n\n<p>Aprenem a respectar el material i a fer la transici\u00f3 cap a la calma.<\/p>\n<\/div>\n\n\n\n<div class=\"wp-block-column is-layout-flow wp-block-column-is-layout-flow\">\n<figure class=\"wp-block-gallery has-nested-images columns-default is-cropped wp-block-gallery-3 is-layout-flex wp-block-gallery-is-layout-flex\">\n<figure class=\"wp-block-image size-large\"><a href=\"https:\/\/agora.xtec.cat\/escolaelcorb\/wp-content\/uploads\/usu852\/2026\/03\/image-1-1.png\"><img loading=\"lazy\" decoding=\"async\" width=\"610\" height=\"458\" src=\"https:\/\/agora.xtec.cat\/escolaelcorb\/wp-content\/uploads\/usu852\/2026\/03\/image-1-1-edited-1.png\" alt=\"\" class=\"wp-image-6398\" srcset=\"https:\/\/agora.xtec.cat\/escolaelcorb\/wp-content\/uploads\/usu852\/2026\/03\/image-1-1-edited-1.png 610w, https:\/\/agora.xtec.cat\/escolaelcorb\/wp-content\/uploads\/usu852\/2026\/03\/image-1-1-edited-1-300x225.png 300w\" sizes=\"auto, (max-width: 610px) 100vw, 610px\" \/><\/a><\/figure>\n<\/figure>\n\n\n\n<p>Afavorim la maduraci\u00f3 emocional passant de l&#8217;acci\u00f3 al pensament a trav\u00e9s del dibuix o les construccions.<\/p>\n<\/div>\n<\/div>\n<\/div>\n\n\n\n<p><\/p>\n\n\n<h3 class=\"wp-block-post-title\">Psicomotricitat &#8211; El valor del moviment<\/h3>\n\n\n<p><\/p>\n\n\n\n<p>Combinem l&#8217;enfocament Aucouturier amb sessions estructurades per potenciar la coordinaci\u00f3, l&#8217;equilibri i el respecte a les normes.<\/p>\n\n\n\n<div class=\"wp-block-getwid-images-slider has-arrows-inside has-dots-inside has-images-center has-cropped-images has-fixed-height\"><div class=\"wp-block-getwid-images-slider__wrapper\" data-effect=\"slide\" data-slides-show=\"1\" data-slides-show-laptop=\"1\" data-slides-show-tablet=\"1\" data-slides-show-mobile=\"1\" data-slides-scroll=\"1\" data-autoplay=\"true\" data-pause-hover=\"false\" data-autoplay-speed=\"6000\" data-infinite=\"true\" data-animation-speed=\"800\" data-center-mode=\"false\" data-variable-width=\"false\" data-arrows=\"inside\" data-dots=\"inside\" data-spacing=\"none\"><div class=\"wp-block-getwid-images-slider__item getwid-reset-height-tablet getwid-reset-height-mobile\" style=\"height:500px\"><figure><img loading=\"lazy\" decoding=\"async\" width=\"2560\" height=\"2274\" src=\"https:\/\/agora.xtec.cat\/escolaelcorb\/wp-content\/uploads\/usu852\/2026\/03\/cfa285ea-4fba-4d97-8aec-a6543cb106da1-2-scaled.jpg\" data-id=\"6432\" data-link=\"https:\/\/agora.xtec.cat\/escolaelcorb\/psicomotricitat-el-valor-del-moviment\/attachment\/cfa285ea-4fba-4d97-8aec-a6543cb106da1-2\/\" data-original-link=\"https:\/\/agora.xtec.cat\/escolaelcorb\/wp-content\/uploads\/usu852\/2026\/03\/cfa285ea-4fba-4d97-8aec-a6543cb106da1-2-scaled.jpg\" class=\"wp-block-getwid-images-slider__image wp-image-6432\" srcset=\"https:\/\/agora.xtec.cat\/escolaelcorb\/wp-content\/uploads\/usu852\/2026\/03\/cfa285ea-4fba-4d97-8aec-a6543cb106da1-2-scaled.jpg 2560w, https:\/\/agora.xtec.cat\/escolaelcorb\/wp-content\/uploads\/usu852\/2026\/03\/cfa285ea-4fba-4d97-8aec-a6543cb106da1-2-300x266.jpg 300w, https:\/\/agora.xtec.cat\/escolaelcorb\/wp-content\/uploads\/usu852\/2026\/03\/cfa285ea-4fba-4d97-8aec-a6543cb106da1-2-1024x910.jpg 1024w, https:\/\/agora.xtec.cat\/escolaelcorb\/wp-content\/uploads\/usu852\/2026\/03\/cfa285ea-4fba-4d97-8aec-a6543cb106da1-2-768x682.jpg 768w, https:\/\/agora.xtec.cat\/escolaelcorb\/wp-content\/uploads\/usu852\/2026\/03\/cfa285ea-4fba-4d97-8aec-a6543cb106da1-2-1536x1364.jpg 1536w, https:\/\/agora.xtec.cat\/escolaelcorb\/wp-content\/uploads\/usu852\/2026\/03\/cfa285ea-4fba-4d97-8aec-a6543cb106da1-2-2048x1819.jpg 2048w\" sizes=\"auto, (max-width: 2560px) 100vw, 2560px\" \/><\/figure><\/div><div class=\"wp-block-getwid-images-slider__item getwid-reset-height-tablet getwid-reset-height-mobile\" style=\"height:500px\"><figure><img loading=\"lazy\" decoding=\"async\" width=\"1600\" height=\"1200\" src=\"https:\/\/agora.xtec.cat\/escolaelcorb\/wp-content\/uploads\/usu852\/2026\/03\/WhatsApp-Image-2026-03-06-at-08.50.41-2.jpeg\" data-id=\"6433\" data-link=\"https:\/\/agora.xtec.cat\/escolaelcorb\/psicomotricitat-el-valor-del-moviment\/attachment\/whatsapp-image-2026-03-06-at-08-50-41-3\/\" data-original-link=\"https:\/\/agora.xtec.cat\/escolaelcorb\/wp-content\/uploads\/usu852\/2026\/03\/WhatsApp-Image-2026-03-06-at-08.50.41-2.jpeg\" class=\"wp-block-getwid-images-slider__image wp-image-6433\" srcset=\"https:\/\/agora.xtec.cat\/escolaelcorb\/wp-content\/uploads\/usu852\/2026\/03\/WhatsApp-Image-2026-03-06-at-08.50.41-2.jpeg 1600w, https:\/\/agora.xtec.cat\/escolaelcorb\/wp-content\/uploads\/usu852\/2026\/03\/WhatsApp-Image-2026-03-06-at-08.50.41-2-300x225.jpeg 300w, https:\/\/agora.xtec.cat\/escolaelcorb\/wp-content\/uploads\/usu852\/2026\/03\/WhatsApp-Image-2026-03-06-at-08.50.41-2-1024x768.jpeg 1024w, https:\/\/agora.xtec.cat\/escolaelcorb\/wp-content\/uploads\/usu852\/2026\/03\/WhatsApp-Image-2026-03-06-at-08.50.41-2-768x576.jpeg 768w, https:\/\/agora.xtec.cat\/escolaelcorb\/wp-content\/uploads\/usu852\/2026\/03\/WhatsApp-Image-2026-03-06-at-08.50.41-2-1536x1152.jpeg 1536w\" sizes=\"auto, (max-width: 1600px) 100vw, 1600px\" \/><\/figure><\/div><div class=\"wp-block-getwid-images-slider__item getwid-reset-height-tablet getwid-reset-height-mobile\" style=\"height:500px\"><figure><img loading=\"lazy\" decoding=\"async\" width=\"1288\" height=\"966\" src=\"https:\/\/agora.xtec.cat\/escolaelcorb\/wp-content\/uploads\/usu852\/2026\/03\/WhatsApp-Image-2026-03-06-at-08.42.49-2.jpeg\" data-id=\"6434\" data-link=\"https:\/\/agora.xtec.cat\/escolaelcorb\/psicomotricitat-el-valor-del-moviment\/attachment\/whatsapp-image-2026-03-06-at-08-42-49-3\/\" data-original-link=\"https:\/\/agora.xtec.cat\/escolaelcorb\/wp-content\/uploads\/usu852\/2026\/03\/WhatsApp-Image-2026-03-06-at-08.42.49-2.jpeg\" class=\"wp-block-getwid-images-slider__image wp-image-6434\" srcset=\"https:\/\/agora.xtec.cat\/escolaelcorb\/wp-content\/uploads\/usu852\/2026\/03\/WhatsApp-Image-2026-03-06-at-08.42.49-2.jpeg 1288w, https:\/\/agora.xtec.cat\/escolaelcorb\/wp-content\/uploads\/usu852\/2026\/03\/WhatsApp-Image-2026-03-06-at-08.42.49-2-300x225.jpeg 300w, https:\/\/agora.xtec.cat\/escolaelcorb\/wp-content\/uploads\/usu852\/2026\/03\/WhatsApp-Image-2026-03-06-at-08.42.49-2-1024x768.jpeg 1024w, https:\/\/agora.xtec.cat\/escolaelcorb\/wp-content\/uploads\/usu852\/2026\/03\/WhatsApp-Image-2026-03-06-at-08.42.49-2-768x576.jpeg 768w\" sizes=\"auto, (max-width: 1288px) 100vw, 1288px\" \/><\/figure><\/div><div class=\"wp-block-getwid-images-slider__item getwid-reset-height-tablet getwid-reset-height-mobile\" style=\"height:500px\"><figure><img loading=\"lazy\" decoding=\"async\" width=\"1600\" height=\"1200\" src=\"https:\/\/agora.xtec.cat\/escolaelcorb\/wp-content\/uploads\/usu852\/2026\/03\/WhatsApp-Image-2026-03-06-at-08.44.43-2.jpeg\" data-id=\"6435\" data-link=\"https:\/\/agora.xtec.cat\/escolaelcorb\/psicomotricitat-el-valor-del-moviment\/attachment\/whatsapp-image-2026-03-06-at-08-44-43-3\/\" data-original-link=\"https:\/\/agora.xtec.cat\/escolaelcorb\/wp-content\/uploads\/usu852\/2026\/03\/WhatsApp-Image-2026-03-06-at-08.44.43-2.jpeg\" class=\"wp-block-getwid-images-slider__image wp-image-6435\" srcset=\"https:\/\/agora.xtec.cat\/escolaelcorb\/wp-content\/uploads\/usu852\/2026\/03\/WhatsApp-Image-2026-03-06-at-08.44.43-2.jpeg 1600w, https:\/\/agora.xtec.cat\/escolaelcorb\/wp-content\/uploads\/usu852\/2026\/03\/WhatsApp-Image-2026-03-06-at-08.44.43-2-300x225.jpeg 300w, https:\/\/agora.xtec.cat\/escolaelcorb\/wp-content\/uploads\/usu852\/2026\/03\/WhatsApp-Image-2026-03-06-at-08.44.43-2-1024x768.jpeg 1024w, https:\/\/agora.xtec.cat\/escolaelcorb\/wp-content\/uploads\/usu852\/2026\/03\/WhatsApp-Image-2026-03-06-at-08.44.43-2-768x576.jpeg 768w, https:\/\/agora.xtec.cat\/escolaelcorb\/wp-content\/uploads\/usu852\/2026\/03\/WhatsApp-Image-2026-03-06-at-08.44.43-2-1536x1152.jpeg 1536w\" sizes=\"auto, (max-width: 1600px) 100vw, 1600px\" \/><\/figure><\/div><div class=\"wp-block-getwid-images-slider__item getwid-reset-height-tablet getwid-reset-height-mobile\" style=\"height:500px\"><figure><img loading=\"lazy\" decoding=\"async\" width=\"1600\" height=\"1200\" src=\"https:\/\/agora.xtec.cat\/escolaelcorb\/wp-content\/uploads\/usu852\/2026\/03\/WhatsApp-Image-2026-03-06-at-08.51.56-2.jpeg\" data-id=\"6438\" data-link=\"https:\/\/agora.xtec.cat\/escolaelcorb\/psicomotricitat-el-valor-del-moviment\/attachment\/whatsapp-image-2026-03-06-at-08-51-56-3\/\" data-original-link=\"https:\/\/agora.xtec.cat\/escolaelcorb\/wp-content\/uploads\/usu852\/2026\/03\/WhatsApp-Image-2026-03-06-at-08.51.56-2.jpeg\" class=\"wp-block-getwid-images-slider__image wp-image-6438\" srcset=\"https:\/\/agora.xtec.cat\/escolaelcorb\/wp-content\/uploads\/usu852\/2026\/03\/WhatsApp-Image-2026-03-06-at-08.51.56-2.jpeg 1600w, https:\/\/agora.xtec.cat\/escolaelcorb\/wp-content\/uploads\/usu852\/2026\/03\/WhatsApp-Image-2026-03-06-at-08.51.56-2-300x225.jpeg 300w, https:\/\/agora.xtec.cat\/escolaelcorb\/wp-content\/uploads\/usu852\/2026\/03\/WhatsApp-Image-2026-03-06-at-08.51.56-2-1024x768.jpeg 1024w, https:\/\/agora.xtec.cat\/escolaelcorb\/wp-content\/uploads\/usu852\/2026\/03\/WhatsApp-Image-2026-03-06-at-08.51.56-2-768x576.jpeg 768w, https:\/\/agora.xtec.cat\/escolaelcorb\/wp-content\/uploads\/usu852\/2026\/03\/WhatsApp-Image-2026-03-06-at-08.51.56-2-1536x1152.jpeg 1536w\" sizes=\"auto, (max-width: 1600px) 100vw, 1600px\" \/><\/figure><\/div><div class=\"wp-block-getwid-images-slider__item getwid-reset-height-tablet getwid-reset-height-mobile\" style=\"height:500px\"><figure><img loading=\"lazy\" decoding=\"async\" width=\"2560\" height=\"2254\" src=\"https:\/\/agora.xtec.cat\/escolaelcorb\/wp-content\/uploads\/usu852\/2026\/03\/90f23c54-065f-4e0f-be7b-a5b183eda3be1-2-1-2-scaled.jpg\" data-id=\"6439\" data-link=\"https:\/\/agora.xtec.cat\/escolaelcorb\/psicomotricitat-el-valor-del-moviment\/attachment\/90f23c54-065f-4e0f-be7b-a5b183eda3be1-2-1-3\/\" data-original-link=\"https:\/\/agora.xtec.cat\/escolaelcorb\/wp-content\/uploads\/usu852\/2026\/03\/90f23c54-065f-4e0f-be7b-a5b183eda3be1-2-1-2-scaled.jpg\" class=\"wp-block-getwid-images-slider__image wp-image-6439\" srcset=\"https:\/\/agora.xtec.cat\/escolaelcorb\/wp-content\/uploads\/usu852\/2026\/03\/90f23c54-065f-4e0f-be7b-a5b183eda3be1-2-1-2-scaled.jpg 2560w, https:\/\/agora.xtec.cat\/escolaelcorb\/wp-content\/uploads\/usu852\/2026\/03\/90f23c54-065f-4e0f-be7b-a5b183eda3be1-2-1-2-300x264.jpg 300w, https:\/\/agora.xtec.cat\/escolaelcorb\/wp-content\/uploads\/usu852\/2026\/03\/90f23c54-065f-4e0f-be7b-a5b183eda3be1-2-1-2-1024x902.jpg 1024w, https:\/\/agora.xtec.cat\/escolaelcorb\/wp-content\/uploads\/usu852\/2026\/03\/90f23c54-065f-4e0f-be7b-a5b183eda3be1-2-1-2-768x676.jpg 768w, https:\/\/agora.xtec.cat\/escolaelcorb\/wp-content\/uploads\/usu852\/2026\/03\/90f23c54-065f-4e0f-be7b-a5b183eda3be1-2-1-2-1536x1353.jpg 1536w, https:\/\/agora.xtec.cat\/escolaelcorb\/wp-content\/uploads\/usu852\/2026\/03\/90f23c54-065f-4e0f-be7b-a5b183eda3be1-2-1-2-2048x1803.jpg 2048w\" sizes=\"auto, (max-width: 2560px) 100vw, 2560px\" \/><\/figure><\/div><\/div><\/div>\n","protected":false},"excerpt":{"rendered":"<p>La Psicomotricitat a Infantil: cr\u00e9ixer a trav\u00e9s del cos. A l&#8217;etapa d&#8217;Infantil, el moviment \u00e9s la base de tot aprenentatge. Un espai vital on el cos i el joc esdevenen el motor per cr\u00e9ixer amb seguretat i autonomia. Dues sessions setmanals. El moviment constant \u00e9s clau per al desenvolupament motor. Grups desdoblats. Sessions en petit [&hellip;]<\/p>\n","protected":false},"author":20,"featured_media":0,"parent":0,"menu_order":0,"comment_status":"closed","ping_status":"close","template":"","meta":{"site-sidebar-layout":"no-sidebar","site-content-layout":"","ast-site-content-layout":"default","site-content-style":"default","site-sidebar-style":"default","ast-global-header-display":"","ast-banner-title-visibility":"","ast-main-header-display":"","ast-hfb-above-header-display":"","ast-hfb-below-header-display":"","ast-hfb-mobile-header-display":"","site-post-title":"","ast-breadcrumbs-content":"","ast-featured-img":"","footer-sml-layout":"","theme-transparent-header-meta":"","adv-header-id-meta":"","stick-header-meta":"","header-above-stick-meta":"","header-main-stick-meta":"","header-below-stick-meta":"","astra-migrate-meta-layouts":"set","ast-page-background-enabled":"default","ast-page-background-meta":{"desktop":{"background-color":"var(--ast-global-color-4)","background-image":"","background-repeat":"repeat","background-position":"center center","background-size":"auto","background-attachment":"scroll","background-type":"","background-media":"","overlay-type":"","overlay-color":"","overlay-opacity":"","overlay-gradient":""},"tablet":{"background-color":"","background-image":"","background-repeat":"repeat","background-position":"center center","background-size":"auto","background-attachment":"scroll","background-type":"","background-media":"","overlay-type":"","overlay-color":"","overlay-opacity":"","overlay-gradient":""},"mobile":{"background-color":"","background-image":"","background-repeat":"repeat","background-position":"center center","background-size":"auto","background-attachment":"scroll","background-type":"","background-media":"","overlay-type":"","overlay-color":"","overlay-opacity":"","overlay-gradient":""}},"ast-content-background-meta":{"desktop":{"background-color":"var(--ast-global-color-5)","background-image":"","background-repeat":"repeat","background-position":"center center","background-size":"auto","background-attachment":"scroll","background-type":"","background-media":"","overlay-type":"","overlay-color":"","overlay-opacity":"","overlay-gradient":""},"tablet":{"background-color":"var(--ast-global-color-5)","background-image":"","background-repeat":"repeat","background-position":"center center","background-size":"auto","background-attachment":"scroll","background-type":"","background-media":"","overlay-type":"","overlay-color":"","overlay-opacity":"","overlay-gradient":""},"mobile":{"background-color":"var(--ast-global-color-5)","background-image":"","background-repeat":"repeat","background-position":"center center","background-size":"auto","background-attachment":"scroll","background-type":"","background-media":"","overlay-type":"","overlay-color":"","overlay-opacity":"","overlay-gradient":""}},"footnotes":""},"class_list":["post-6372","page","type-page","status-publish","hentry"],"post_mailing_queue_ids":[],"_links":{"self":[{"href":"https:\/\/agora.xtec.cat\/escolaelcorb\/wp-json\/wp\/v2\/pages\/6372","targetHints":{"allow":["GET"]}}],"collection":[{"href":"https:\/\/agora.xtec.cat\/escolaelcorb\/wp-json\/wp\/v2\/pages"}],"about":[{"href":"https:\/\/agora.xtec.cat\/escolaelcorb\/wp-json\/wp\/v2\/types\/page"}],"author":[{"embeddable":true,"href":"https:\/\/agora.xtec.cat\/escolaelcorb\/wp-json\/wp\/v2\/users\/20"}],"replies":[{"embeddable":true,"href":"https:\/\/agora.xtec.cat\/escolaelcorb\/wp-json\/wp\/v2\/comments?post=6372"}],"version-history":[{"count":5,"href":"https:\/\/agora.xtec.cat\/escolaelcorb\/wp-json\/wp\/v2\/pages\/6372\/revisions"}],"predecessor-version":[{"id":6440,"href":"https:\/\/agora.xtec.cat\/escolaelcorb\/wp-json\/wp\/v2\/pages\/6372\/revisions\/6440"}],"wp:attachment":[{"href":"https:\/\/agora.xtec.cat\/escolaelcorb\/wp-json\/wp\/v2\/media?parent=6372"}],"curies":[{"name":"wp","href":"https:\/\/api.w.org\/{rel}","templated":true}]}}