{"id":358,"date":"2016-02-01T12:04:27","date_gmt":"2016-02-01T11:04:27","guid":{"rendered":"http:\/\/agora.xtec.cat\/escolaelcorb\/?page_id=358"},"modified":"2026-02-19T20:49:02","modified_gmt":"2026-02-19T19:49:02","slug":"padrins-de-lectura","status":"publish","type":"page","link":"https:\/\/agora.xtec.cat\/escolaelcorb\/projecte-educatiu\/padrins-de-lectura\/","title":{"rendered":"Padrins de lectura"},"content":{"rendered":"\n<h3 class=\"wp-block-heading\"><strong>Padrins de Lectura: Creixem llegint plegats<\/strong> \ud83d\udcda<\/h3>\n\n\n\n<p>El projecte de <strong>Padrins de Lectura<\/strong> \u00e9s una de les activitats m\u00e9s enriquidores del nostre centre, on la lectura esdev\u00e9 el fil conductor d\u2019una relaci\u00f3 d\u2019aprenentatge i afecte entre alumnes de diferents edats.<\/p>\n\n\n\n<h4 class=\"wp-block-heading\"><strong>En qu\u00e8 consisteix?<\/strong><\/h4>\n\n\n\n<p>Es tracta d&#8217;una activitat cooperativa que es realitza entre els alumnes d\u2019<strong>I5 (els fillols)<\/strong> i els alumnes de <strong>5\u00e8 de prim\u00e0ria (els padrins)<\/strong>. Cada infant d&#8217;I5 t\u00e9 assignat un o dos padrins de 5\u00e8 que l&#8217;acompanyen personalment en el seu proc\u00e9s de descoberta de la lectura.<\/p>\n\n\n\n<h4 class=\"wp-block-heading\"><strong>Objectius del projecte<\/strong><\/h4>\n\n\n\n<ul class=\"wp-block-list\">\n<li><strong>Foment lector:<\/strong> Estimular el gust per la lectura a trav\u00e9s d&#8217;un context l\u00fadic i compartit.<\/li>\n\n\n\n<li><strong>Acompanyament personalitzat:<\/strong> Els fillols reben una atenci\u00f3 individualitzada que els dona seguretat i motivaci\u00f3 mentre aprenen a llegir.<\/li>\n\n\n\n<li><strong>Responsabilitat i valors:<\/strong> Els alumnes de 5\u00e8 assumeixen el comprom\u00eds de cuidar i guiar els m\u00e9s petits, treballant l&#8217;empatia, la paci\u00e8ncia i el sentit de la responsabilitat.<\/li>\n\n\n\n<li><strong>Vincle emocional:<\/strong> Es crea un lligam molt fort entre les dues etapes (Infantil i Prim\u00e0ria), millorant la conviv\u00e8ncia a tota l&#8217;escola.<\/li>\n<\/ul>\n\n\n\n<h4 class=\"wp-block-heading\"><strong>Com ho fem?<\/strong><\/h4>\n\n\n\n<p>Peri\u00f2dicament, padrins i fillols es troben per compartir una estona de lectura. El padr\u00ed tria contes adequats, els llegeix al seu fillol, l&#8217;escolta i l&#8217;ajuda a desxifrar les primeres paraules, compartint preguntes i reflexions sobre les hist\u00f2ries.<\/p>\n\n\n\n<div class=\"wp-block-getwid-images-slider has-arrows-inside has-dots-inside has-images-center has-fitted-images\"><div class=\"wp-block-getwid-images-slider__wrapper\" data-effect=\"slide\" data-slides-show=\"1\" data-slides-show-laptop=\"1\" data-slides-show-tablet=\"1\" data-slides-show-mobile=\"1\" data-slides-scroll=\"1\" data-autoplay=\"false\" data-pause-hover=\"false\" data-autoplay-speed=\"6000\" data-infinite=\"true\" data-animation-speed=\"800\" data-center-mode=\"false\" data-variable-width=\"false\" data-arrows=\"inside\" data-dots=\"inside\" data-spacing=\"none\"><div class=\"wp-block-getwid-images-slider__item\"><figure><img loading=\"lazy\" decoding=\"async\" width=\"300\" height=\"292\" src=\"https:\/\/agora.xtec.cat\/escolaelcorb\/wp-content\/uploads\/usu852\/2026\/01\/WhatsApp-Image-2025-11-11-at-13.50.50-3-300x292.jpeg\" alt=\"\" data-id=\"6112\" data-link=\"https:\/\/agora.xtec.cat\/escolaelcorb\/whatsapp-image-2025-11-11-at-13-50-50-3-2\/\" data-original-link=\"https:\/\/agora.xtec.cat\/escolaelcorb\/wp-content\/uploads\/usu852\/2026\/01\/WhatsApp-Image-2025-11-11-at-13.50.50-3.jpeg\" class=\"wp-block-getwid-images-slider__image wp-image-6112\" srcset=\"https:\/\/agora.xtec.cat\/escolaelcorb\/wp-content\/uploads\/usu852\/2026\/01\/WhatsApp-Image-2025-11-11-at-13.50.50-3-300x292.jpeg 300w, https:\/\/agora.xtec.cat\/escolaelcorb\/wp-content\/uploads\/usu852\/2026\/01\/WhatsApp-Image-2025-11-11-at-13.50.50-3-1024x995.jpeg 1024w, https:\/\/agora.xtec.cat\/escolaelcorb\/wp-content\/uploads\/usu852\/2026\/01\/WhatsApp-Image-2025-11-11-at-13.50.50-3-768x746.jpeg 768w, https:\/\/agora.xtec.cat\/escolaelcorb\/wp-content\/uploads\/usu852\/2026\/01\/WhatsApp-Image-2025-11-11-at-13.50.50-3-1536x1493.jpeg 1536w, https:\/\/agora.xtec.cat\/escolaelcorb\/wp-content\/uploads\/usu852\/2026\/01\/WhatsApp-Image-2025-11-11-at-13.50.50-3.jpeg 1600w\" sizes=\"auto, (max-width: 300px) 100vw, 300px\" \/><\/figure><\/div><\/div><\/div>\n","protected":false},"excerpt":{"rendered":"<p>Padrins de Lectura: Creixem llegint plegats \ud83d\udcda El projecte de Padrins de Lectura \u00e9s una de les activitats m\u00e9s enriquidores del nostre centre, on la lectura esdev\u00e9 el fil conductor d\u2019una relaci\u00f3 d\u2019aprenentatge i afecte entre alumnes de diferents edats. En qu\u00e8 consisteix? Es tracta d&#8217;una activitat cooperativa que es realitza entre els alumnes d\u2019I5 [&hellip;]<\/p>\n","protected":false},"author":1,"featured_media":0,"parent":64,"menu_order":6,"comment_status":"closed","ping_status":"closed","template":"","meta":{"site-sidebar-layout":"default","site-content-layout":"","ast-site-content-layout":"default","site-content-style":"default","site-sidebar-style":"default","ast-global-header-display":"","ast-banner-title-visibility":"","ast-main-header-display":"","ast-hfb-above-header-display":"","ast-hfb-below-header-display":"","ast-hfb-mobile-header-display":"","site-post-title":"","ast-breadcrumbs-content":"","ast-featured-img":"","footer-sml-layout":"","theme-transparent-header-meta":"","adv-header-id-meta":"","stick-header-meta":"","header-above-stick-meta":"","header-main-stick-meta":"","header-below-stick-meta":"","astra-migrate-meta-layouts":"set","ast-page-background-enabled":"default","ast-page-background-meta":{"desktop":{"background-color":"var(--ast-global-color-4)","background-image":"","background-repeat":"repeat","background-position":"center center","background-size":"auto","background-attachment":"scroll","background-type":"","background-media":"","overlay-type":"","overlay-color":"","overlay-opacity":"","overlay-gradient":""},"tablet":{"background-color":"","background-image":"","background-repeat":"repeat","background-position":"center center","background-size":"auto","background-attachment":"scroll","background-type":"","background-media":"","overlay-type":"","overlay-color":"","overlay-opacity":"","overlay-gradient":""},"mobile":{"background-color":"","background-image":"","background-repeat":"repeat","background-position":"center center","background-size":"auto","background-attachment":"scroll","background-type":"","background-media":"","overlay-type":"","overlay-color":"","overlay-opacity":"","overlay-gradient":""}},"ast-content-background-meta":{"desktop":{"background-color":"var(--ast-global-color-5)","background-image":"","background-repeat":"repeat","background-position":"center center","background-size":"auto","background-attachment":"scroll","background-type":"","background-media":"","overlay-type":"","overlay-color":"","overlay-opacity":"","overlay-gradient":""},"tablet":{"background-color":"var(--ast-global-color-5)","background-image":"","background-repeat":"repeat","background-position":"center center","background-size":"auto","background-attachment":"scroll","background-type":"","background-media":"","overlay-type":"","overlay-color":"","overlay-opacity":"","overlay-gradient":""},"mobile":{"background-color":"var(--ast-global-color-5)","background-image":"","background-repeat":"repeat","background-position":"center center","background-size":"auto","background-attachment":"scroll","background-type":"","background-media":"","overlay-type":"","overlay-color":"","overlay-opacity":"","overlay-gradient":""}},"footnotes":""},"class_list":["post-358","page","type-page","status-publish","hentry"],"post_mailing_queue_ids":[],"_links":{"self":[{"href":"https:\/\/agora.xtec.cat\/escolaelcorb\/wp-json\/wp\/v2\/pages\/358","targetHints":{"allow":["GET"]}}],"collection":[{"href":"https:\/\/agora.xtec.cat\/escolaelcorb\/wp-json\/wp\/v2\/pages"}],"about":[{"href":"https:\/\/agora.xtec.cat\/escolaelcorb\/wp-json\/wp\/v2\/types\/page"}],"author":[{"embeddable":true,"href":"https:\/\/agora.xtec.cat\/escolaelcorb\/wp-json\/wp\/v2\/users\/1"}],"replies":[{"embeddable":true,"href":"https:\/\/agora.xtec.cat\/escolaelcorb\/wp-json\/wp\/v2\/comments?post=358"}],"version-history":[{"count":4,"href":"https:\/\/agora.xtec.cat\/escolaelcorb\/wp-json\/wp\/v2\/pages\/358\/revisions"}],"predecessor-version":[{"id":6292,"href":"https:\/\/agora.xtec.cat\/escolaelcorb\/wp-json\/wp\/v2\/pages\/358\/revisions\/6292"}],"up":[{"embeddable":true,"href":"https:\/\/agora.xtec.cat\/escolaelcorb\/wp-json\/wp\/v2\/pages\/64"}],"wp:attachment":[{"href":"https:\/\/agora.xtec.cat\/escolaelcorb\/wp-json\/wp\/v2\/media?parent=358"}],"curies":[{"name":"wp","href":"https:\/\/api.w.org\/{rel}","templated":true}]}}